{"id":10068,"date":"2020-03-18T18:59:15","date_gmt":"2020-03-18T22:59:15","guid":{"rendered":"https:\/\/nouveau.maisonmallet.com\/?post_type=event&#038;p=10068"},"modified":"2020-03-21T19:17:42","modified_gmt":"2020-03-21T23:17:42","slug":"jerome-brenda","status":"publish","type":"event","link":"https:\/\/nouveau.maisonmallet.com\/back05_01\/?event=jerome-brenda","title":{"rendered":"JEROME, Brenda"},"content":{"rendered":"<p>1980 &#8211; 2020<\/p>\n<p>JEROME, Brenda<\/p>\n<p>&nbsp;<\/p>\n<p>\u00c0 Mani-Utenam, le 18 mars 2020, est d\u00e9c\u00e9d\u00e9e l\u2019\u00e2ge de 39 ans, madame Brenda Jerome fille de feu Serge Jerome et de madame Danielle Ambroise Michel domicili\u00e9e \u00e0 Mani-Utenam.<\/p>\n<p>La famille re\u00e7oit parents et amis le dimanche 22 mars 2020 \u00e0 compter de 16 h au 119, rue de l\u2019\u00c9glise \u00e0 Mani-Utenam.<\/p>\n<p>Elle laisse dans le deuil outre sa m\u00e8re madame Danielle Ambroise Michel (feu Serge J\u00e9rome), ses enfants : Matt-Gavin, Liam-Philippe, Sheldon, Shelly-Anne et Omer ainsi que ses fr\u00e8res, ses s\u0153urs, ses beaux-fr\u00e8res, ses belles-s\u0153urs, ses neveux, ses ni\u00e8ces, ses oncles, ses tantes, ses cousins, ses cousines, et de nombreux ami(e)s.<\/p>\n<p>La famille a confi\u00e9 la direction des fun\u00e9railles aux services professionnels de la Maison Mallet &amp; fils du 585, boul. Laure \u00e0 Sept-\u00celes, maintenant reconnue Distinction et membre de la Corporation des Thanatologues du Qu\u00e9bec.<\/p>\n<p>Vous pouvez consulter cet avis de d\u00e9c\u00e8s, sur le <a href=\"https:\/\/nouveau.maisonmallet.com\/back05_01\">www.maisonmallet.com<\/a><\/p>\n<p>Ceux et celles qui le d\u00e9sirent, peuvent y envoyer des messages de sympathie.<\/p>\n<p>&nbsp;<\/p>\n<hr \/>\n<p>Envoyer vos condol\u00e9ances<\/p>\n<p>[contact-form to=\u00a0\u00bbitshirnish@hotmail.com\u00a0\u00bb subject=\u00a0\u00bbCondol\u00e9ances Brenda Jerome\u00a0\u00bb][contact-field label=\u00a0\u00bbVotre nom\u00a0\u00bb type=\u00a0\u00bbname\u00a0\u00bb required=\u00a0\u00bb1&Prime;][contact-field label=\u00a0\u00bbVotre courriel\u00a0\u00bb type=\u00a0\u00bbemail\u00a0\u00bb required=\u00a0\u00bb1&Prime;][contact-field label=\u00a0\u00bbCondol\u00e9ances\u00a0\u00bb type=\u00a0\u00bbtextarea\u00a0\u00bb][\/contact-form]<\/p>\n","protected":false},"featured_media":10086,"template":"","event_cat":[6],"class_list":["post-10068","event","type-event","status-publish","has-post-thumbnail","hentry","event_cat-maison-mallet-et-fils-inc"],"_links":{"self":[{"href":"https:\/\/nouveau.maisonmallet.com\/back05_01\/index.php?rest_route=\/wp\/v2\/event\/10068","targetHints":{"allow":["GET"]}}],"collection":[{"href":"https:\/\/nouveau.maisonmallet.com\/back05_01\/index.php?rest_route=\/wp\/v2\/event"}],"about":[{"href":"https:\/\/nouveau.maisonmallet.com\/back05_01\/index.php?rest_route=\/wp\/v2\/types\/event"}],"wp:featuredmedia":[{"embeddable":true,"href":"https:\/\/nouveau.maisonmallet.com\/back05_01\/index.php?rest_route=\/wp\/v2\/media\/10086"}],"wp:attachment":[{"href":"https:\/\/nouveau.maisonmallet.com\/back05_01\/index.php?rest_route=%2Fwp%2Fv2%2Fmedia&parent=10068"}],"wp:term":[{"taxonomy":"event_cat","embeddable":true,"href":"https:\/\/nouveau.maisonmallet.com\/back05_01\/index.php?rest_route=%2Fwp%2Fv2%2Fevent_cat&post=10068"}],"curies":[{"name":"wp","href":"https:\/\/api.w.org\/{rel}","templated":true}]}}

<p>1980 &#8211; 2020</p>
<p>JEROME, Brenda</p>
<p>&nbsp;</p>
<p>À Mani-Utenam, le 18 mars 2020, est décédée l’âge de 39 ans, madame Brenda Jerome fille de feu Serge Jerome et de madame Danielle Ambroise Michel domiciliée à Mani-Utenam.</p>
<p>La famille reçoit parents et amis le dimanche 22 mars 2020 à compter de 16 h au 119, rue de l’Église à Mani-Utenam.</p>
<p>Elle laisse dans le deuil outre sa mère madame Danielle Ambroise Michel (feu Serge Jérome), ses enfants : Matt-Gavin, Liam-Philippe, Sheldon, Shelly-Anne et Omer ainsi que ses frères, ses sœurs, ses beaux-frères, ses belles-sœurs, ses neveux, ses nièces, ses oncles, ses tantes, ses cousins, ses cousines, et de nombreux ami(e)s.</p>
<p>La famille a confié la direction des funérailles aux services professionnels de la Maison Mallet &amp; fils du 585, boul. Laure à Sept-Îles, maintenant reconnue Distinction et membre de la Corporation des Thanatologues du Québec.</p>
<p>Vous pouvez consulter cet avis de décès, sur le <a href="https://nouveau.maisonmallet.com/back05_01">www.maisonmallet.com</a></p>
<p>Ceux et celles qui le désirent, peuvent y envoyer des messages de sympathie.</p>
<p>&nbsp;</p>
<hr />
<p>Envoyer vos condoléances</p>
<p>[contact-form to= »itshirnish@hotmail.com » subject= »Condoléances Brenda Jerome »][contact-field label= »Votre nom » type= »name » required= »1&Prime;][contact-field label= »Votre courriel » type= »email » required= »1&Prime;][contact-field label= »Condoléances » type= »textarea »][/contact-form]</p>
