{"id":10085,"date":"2020-03-21T11:40:44","date_gmt":"2020-03-21T15:40:44","guid":{"rendered":"https:\/\/nouveau.maisonmallet.com\/?post_type=event&#038;p=10085"},"modified":"2020-03-26T09:19:54","modified_gmt":"2020-03-26T13:19:54","slug":"deroy-rita-denis","status":"publish","type":"event","link":"https:\/\/nouveau.maisonmallet.com\/back05_01\/?event=deroy-rita-denis","title":{"rendered":"DEROY, Rita (Denis)"},"content":{"rendered":"<p>1932 &#8211; 2020<\/p>\n<p>DEROY, Rita (Denis)<\/p>\n<p>&nbsp;<\/p>\n<p>\u00c0 L&rsquo;\u00c9lyme des Sables de Sept-\u00celes, le 21 mars 2020, est d\u00e9c\u00e9d\u00e9e \u00e0 l&rsquo;\u00e2ge de 87 ans, Mme Rita Deroy, \u00e9pouse de feu Raymond Denis. Elle demeurait \u00e0 Sept-\u00celes, autrefois \u00e0 Sainte-F\u00e9licit\u00e9.<\/p>\n<p>Elle \u00e9tait la fille de feu Albert Deroy et de feu Jos\u00e9phine Labrie.<\/p>\n<p>Mme Deroy laisse dans le deuil,<\/p>\n<p>ses enfants : Claire (Jean-Paul), R\u00e9al (Madeleine), Diane, R\u00e9jean (Lili), Yvon (Odette),\u00a0 \u00a0 \u00a0 \u00a0 \u00a0 \u00a0 \u00a0 \u00a0 \u00a0 \u00a0Ghislain (Patricia), L\u00e9opold (Nancy), Alain (Marcelle) ;<\/p>\n<p>ses 21 petits-enfants,<\/p>\n<p>ses 25 arri\u00e8re-petits-enfants,<\/p>\n<p>ses fr\u00e8res : Lucien (Ir\u00e8ne), Laurent (Annie),<\/p>\n<p>ainsi que de nombreux parents et amis(es).<\/p>\n<p>L&rsquo;ont pr\u00e9c\u00e9d\u00e9e sa fille Gilberte (Ernie) et son fils Laurent.<\/p>\n<p>La famille recevra les condol\u00e9ances \u00e0 la<\/p>\n<p>Maison comm\u00e9morative familiale<\/p>\n<p>R O U L E A U<\/p>\n<p>315, boulevard Dion<\/p>\n<p>Matane\u00a0 G4W 4N2<\/p>\n<p>En raison des circonstances, les rituels fun\u00e9raires se tiendront \u00e0 une date ult\u00e9rieure.<\/p>\n<p>La c\u00e9l\u00e9bration comm\u00e9morative aura lieu en l&rsquo;\u00e9glise de Ste-F\u00e9licit\u00e9, suivie de l&rsquo;inhumation au Cimeti\u00e8re de Ste-F\u00e9licit\u00e9.<\/p>\n<p>Ceux et celles qui le d\u00e9sirent peuvent envoyer des marques de sympathie ou faire un don \u00e0 L&rsquo;\u00c9lyme des Sables de Sept-\u00celes <a href=\"http:\/\/www.elymedessables.com\/dons\">http:\/\/www.elymedessables.com\/dons<\/a><\/p>\n<p>&nbsp;<\/p>\n<hr \/>\n<p>Envoyer vos condol\u00e9ances<\/p>\n<p>[contact-form to=\u00a0\u00bblilirejean@outlook.com\u00a0\u00bb subject=\u00a0\u00bbCondol\u00e9ances Rita Deroy\u00a0\u00bb][contact-field label=\u00a0\u00bbVotre nom\u00a0\u00bb type=\u00a0\u00bbname\u00a0\u00bb required=\u00a0\u00bb1&Prime;][contact-field label=\u00a0\u00bbVotre courriel\u00a0\u00bb type=\u00a0\u00bbemail\u00a0\u00bb required=\u00a0\u00bb1&Prime;][contact-field label=\u00a0\u00bbCondol\u00e9ances\u00a0\u00bb type=\u00a0\u00bbtextarea\u00a0\u00bb][\/contact-form]<\/p>\n","protected":false},"featured_media":10110,"template":"","event_cat":[6],"class_list":["post-10085","event","type-event","status-publish","has-post-thumbnail","hentry","event_cat-maison-mallet-et-fils-inc"],"_links":{"self":[{"href":"https:\/\/nouveau.maisonmallet.com\/back05_01\/index.php?rest_route=\/wp\/v2\/event\/10085","targetHints":{"allow":["GET"]}}],"collection":[{"href":"https:\/\/nouveau.maisonmallet.com\/back05_01\/index.php?rest_route=\/wp\/v2\/event"}],"about":[{"href":"https:\/\/nouveau.maisonmallet.com\/back05_01\/index.php?rest_route=\/wp\/v2\/types\/event"}],"wp:featuredmedia":[{"embeddable":true,"href":"https:\/\/nouveau.maisonmallet.com\/back05_01\/index.php?rest_route=\/wp\/v2\/media\/10110"}],"wp:attachment":[{"href":"https:\/\/nouveau.maisonmallet.com\/back05_01\/index.php?rest_route=%2Fwp%2Fv2%2Fmedia&parent=10085"}],"wp:term":[{"taxonomy":"event_cat","embeddable":true,"href":"https:\/\/nouveau.maisonmallet.com\/back05_01\/index.php?rest_route=%2Fwp%2Fv2%2Fevent_cat&post=10085"}],"curies":[{"name":"wp","href":"https:\/\/api.w.org\/{rel}","templated":true}]}}

<p>1932 &#8211; 2020</p>
<p>DEROY, Rita (Denis)</p>
<p>&nbsp;</p>
<p>À L&rsquo;Élyme des Sables de Sept-Îles, le 21 mars 2020, est décédée à l&rsquo;âge de 87 ans, Mme Rita Deroy, épouse de feu Raymond Denis. Elle demeurait à Sept-Îles, autrefois à Sainte-Félicité.</p>
<p>Elle était la fille de feu Albert Deroy et de feu Joséphine Labrie.</p>
<p>Mme Deroy laisse dans le deuil,</p>
<p>ses enfants : Claire (Jean-Paul), Réal (Madeleine), Diane, Réjean (Lili), Yvon (Odette),                   Ghislain (Patricia), Léopold (Nancy), Alain (Marcelle) ;</p>
<p>ses 21 petits-enfants,</p>
<p>ses 25 arrière-petits-enfants,</p>
<p>ses frères : Lucien (Irène), Laurent (Annie),</p>
<p>ainsi que de nombreux parents et amis(es).</p>
<p>L&rsquo;ont précédée sa fille Gilberte (Ernie) et son fils Laurent.</p>
<p>La famille recevra les condoléances à la</p>
<p>Maison commémorative familiale</p>
<p>R O U L E A U</p>
<p>315, boulevard Dion</p>
<p>Matane  G4W 4N2</p>
<p>En raison des circonstances, les rituels funéraires se tiendront à une date ultérieure.</p>
<p>La célébration commémorative aura lieu en l&rsquo;église de Ste-Félicité, suivie de l&rsquo;inhumation au Cimetière de Ste-Félicité.</p>
<p>Ceux et celles qui le désirent peuvent envoyer des marques de sympathie ou faire un don à L&rsquo;Élyme des Sables de Sept-Îles <a href="http://www.elymedessables.com/dons">http://www.elymedessables.com/dons</a></p>
<p>&nbsp;</p>
<hr />
<p>Envoyer vos condoléances</p>
<p>[contact-form to= »lilirejean@outlook.com » subject= »Condoléances Rita Deroy »][contact-field label= »Votre nom » type= »name » required= »1&Prime;][contact-field label= »Votre courriel » type= »email » required= »1&Prime;][contact-field label= »Condoléances » type= »textarea »][/contact-form]</p>
