{"id":10097,"date":"2020-03-19T19:41:36","date_gmt":"2020-03-19T23:41:36","guid":{"rendered":"https:\/\/nouveau.maisonmallet.com\/?post_type=event&#038;p=10097"},"modified":"2020-04-22T18:04:44","modified_gmt":"2020-04-22T22:04:44","slug":"mallet-remy","status":"publish","type":"event","link":"https:\/\/nouveau.maisonmallet.com\/back05_01\/?event=mallet-remy","title":{"rendered":"MALLET, R\u00e9my"},"content":{"rendered":"<p>1998 \u2013 2020<\/p>\n<p>Mallet, R\u00e9my<\/p>\n<p>&nbsp;<\/p>\n<p>\u00c0 Sept-\u00celes, le 19 mars 2020, est d\u00e9c\u00e9d\u00e9 \u00e0 l\u2019\u00e2ge de 22 ans, R\u00e9my Mallet conjoint de Anne-Sophie Sonier originaire de Sept-\u00eeles et domicili\u00e9 \u00e0 Fermont.<\/p>\n<p><strong><u>\u00c9tant donn\u00e9e la situation de crise entourant le COVID-19 et par souci de se conformer aux recommandations gouvernementales en mati\u00e8re de rassemblements int\u00e9rieurs et des mesures d\u2019hygi\u00e8ne strictes pour les visiteurs, les rituels fun\u00e9raires de R\u00e9my auront lieu dans la plus stricte intimit\u00e9 et sur invitation seulement.<\/u><\/strong><\/p>\n<p><strong><u>La famille tient \u00e0 vous informer qu&rsquo;une seconde c\u00e9r\u00e9monie aura lieu en l&rsquo;honneur de R\u00e9my \u00e0 une date ult\u00e9rieure. Tous pourront \u00e0 ce moment venir se recueillir avec la famille pour lui rendre un dernier hommage.<\/u><\/strong><\/p>\n<p>Il laisse dans le deuil outre sa conjointe Anne-Sophie Sonier, son p\u00e8re monsieur Roger Jr. (Peanut) Mallet, sa m\u00e8re madame Genevi\u00e8ve Bonenfant, sa s\u0153ur Julie Mallet, ses grands-parents\u00a0: monsieur Roger Mallet et madame Claudia Power, monsieur Bernard Bonenfant et madame Francine Nolet, sa belle-famille Sonier et Levesque, ainsi que ses oncles, ses tantes, ses cousins, ses cousines, et de nombreux ami(e)s.<\/p>\n<p>Vos marques de sympathie peuvent se traduire par un don \u00e0 l\u2019\u00c9lyme des sables <a href=\"http:\/\/www.elymedessables.com\/\">www.elymedessables.com<\/a><\/p>\n<p>La famille tient \u00e0 vous remercier pour votre soutien et votre compr\u00e9hension dans le contexte actuel.<\/p>\n<p>La famille a confi\u00e9 la direction des fun\u00e9railles aux services professionnels de la Maison Mallet &amp; fils du 585 boul. Laure \u00e0 Sept-\u00celes, maintenant reconnue Distinction et membre de la Corporation des thanatologues du Qu\u00e9bec.<\/p>\n<p>Vous pouvez consulter cet avis de d\u00e9c\u00e8s sur le <a href=\"https:\/\/nouveau.maisonmallet.com\/back05_01\/\">www.maisonmallet.com<\/a><\/p>\n<p>Ceux et celles qui le d\u00e9sirent, peuvent y envoyer des messages de sympathie.<\/p>\n<p>&nbsp;<\/p>\n<hr \/>\n<p>Envoyer vos condol\u00e9ances<\/p>\n<p>[contact-form to=\u00a0\u00bbggen1977@hotmail.com\u00a0\u00bb subject=\u00a0\u00bbCondol\u00e9ances R\u00e9my Mallet\u00a0\u00bb][contact-field label=\u00a0\u00bbVotre nom\u00a0\u00bb type=\u00a0\u00bbname\u00a0\u00bb required=\u00a0\u00bb1&Prime;][contact-field label=\u00a0\u00bbVotre courriel\u00a0\u00bb type=\u00a0\u00bbemail\u00a0\u00bb required=\u00a0\u00bb1&Prime;][contact-field label=\u00a0\u00bbCondol\u00e9ances\u00a0\u00bb type=\u00a0\u00bbtextarea\u00a0\u00bb][\/contact-form]<\/p>\n","protected":false},"featured_media":10128,"template":"","event_cat":[6],"class_list":["post-10097","event","type-event","status-publish","has-post-thumbnail","hentry","event_cat-maison-mallet-et-fils-inc"],"_links":{"self":[{"href":"https:\/\/nouveau.maisonmallet.com\/back05_01\/index.php?rest_route=\/wp\/v2\/event\/10097","targetHints":{"allow":["GET"]}}],"collection":[{"href":"https:\/\/nouveau.maisonmallet.com\/back05_01\/index.php?rest_route=\/wp\/v2\/event"}],"about":[{"href":"https:\/\/nouveau.maisonmallet.com\/back05_01\/index.php?rest_route=\/wp\/v2\/types\/event"}],"wp:featuredmedia":[{"embeddable":true,"href":"https:\/\/nouveau.maisonmallet.com\/back05_01\/index.php?rest_route=\/wp\/v2\/media\/10128"}],"wp:attachment":[{"href":"https:\/\/nouveau.maisonmallet.com\/back05_01\/index.php?rest_route=%2Fwp%2Fv2%2Fmedia&parent=10097"}],"wp:term":[{"taxonomy":"event_cat","embeddable":true,"href":"https:\/\/nouveau.maisonmallet.com\/back05_01\/index.php?rest_route=%2Fwp%2Fv2%2Fevent_cat&post=10097"}],"curies":[{"name":"wp","href":"https:\/\/api.w.org\/{rel}","templated":true}]}}

MALLET, Rémy

<p>1998 – 2020</p>
<p>Mallet, Rémy</p>
<p>&nbsp;</p>
<p>À Sept-Îles, le 19 mars 2020, est décédé à l’âge de 22 ans, Rémy Mallet conjoint de Anne-Sophie Sonier originaire de Sept-îles et domicilié à Fermont.</p>
<p><strong><u>Étant donnée la situation de crise entourant le COVID-19 et par souci de se conformer aux recommandations gouvernementales en matière de rassemblements intérieurs et des mesures d’hygiène strictes pour les visiteurs, les rituels funéraires de Rémy auront lieu dans la plus stricte intimité et sur invitation seulement.</u></strong></p>
<p><strong><u>La famille tient à vous informer qu&rsquo;une seconde cérémonie aura lieu en l&rsquo;honneur de Rémy à une date ultérieure. Tous pourront à ce moment venir se recueillir avec la famille pour lui rendre un dernier hommage.</u></strong></p>
<p>Il laisse dans le deuil outre sa conjointe Anne-Sophie Sonier, son père monsieur Roger Jr. (Peanut) Mallet, sa mère madame Geneviève Bonenfant, sa sœur Julie Mallet, ses grands-parents : monsieur Roger Mallet et madame Claudia Power, monsieur Bernard Bonenfant et madame Francine Nolet, sa belle-famille Sonier et Levesque, ainsi que ses oncles, ses tantes, ses cousins, ses cousines, et de nombreux ami(e)s.</p>
<p>Vos marques de sympathie peuvent se traduire par un don à l’Élyme des sables <a href="http://www.elymedessables.com/">www.elymedessables.com</a></p>
<p>La famille tient à vous remercier pour votre soutien et votre compréhension dans le contexte actuel.</p>
<p>La famille a confié la direction des funérailles aux services professionnels de la Maison Mallet &amp; fils du 585 boul. Laure à Sept-Îles, maintenant reconnue Distinction et membre de la Corporation des thanatologues du Québec.</p>
<p>Vous pouvez consulter cet avis de décès sur le <a href="https://nouveau.maisonmallet.com/back05_01/">www.maisonmallet.com</a></p>
<p>Ceux et celles qui le désirent, peuvent y envoyer des messages de sympathie.</p>
<p>&nbsp;</p>
<hr />
<p>Envoyer vos condoléances</p>
<p>[contact-form to= »ggen1977@hotmail.com » subject= »Condoléances Rémy Mallet »][contact-field label= »Votre nom » type= »name » required= »1&Prime;][contact-field label= »Votre courriel » type= »email » required= »1&Prime;][contact-field label= »Condoléances » type= »textarea »][/contact-form]</p>
