{"id":10127,"date":"2020-09-02T10:37:05","date_gmt":"2020-09-02T14:37:05","guid":{"rendered":"https:\/\/nouveau.maisonmallet.com\/?post_type=event&#038;p=10127"},"modified":"2020-09-03T19:42:51","modified_gmt":"2020-09-03T23:42:51","slug":"roy-marie-line-bouffard","status":"publish","type":"event","link":"https:\/\/nouveau.maisonmallet.com\/back05_01\/?event=roy-marie-line-bouffard","title":{"rendered":"ROY, Marie-Line (Bouffard)"},"content":{"rendered":"<p>1959 \u2013 2020<\/p>\n<p>ROY, Marie-Line (Bouffard)<\/p>\n<p>&nbsp;<\/p>\n<p>\u00c0 Sept-\u00celes, le 24 mars 2020, est d\u00e9c\u00e9d\u00e9e \u00e0 l\u2019\u00e2ge de 60 ans, madame Marie-Line Roy \u00e9pouse de monsieur Michel Bouffard et domicili\u00e9e \u00e0 Sept-\u00celes.<\/p>\n<p>La c\u00e9r\u00e9monie de madame Marie-Line Roy Bouffard aura lieu le samedi 5 septembre 2020 \u00e0 15 h 45 \u00e0 la chapelle du Complexe Thanatologique Mallet &amp; fils du 585, Boul. Laure \u00e0 Sept-\u00celes et de l\u00e0 au cimeti\u00e8re Catholique de Sept-\u00celes.<\/p>\n<p>La famille re\u00e7oit parents et amis le samedi, 5 septembre 2020, jour de la c\u00e9r\u00e9monie de 13 h \u00e0 16 h au Complexe Thanatologique Mallet &amp; fils, situ\u00e9 au 585, boul. Laure \u00e0 Sept-\u00celes.<\/p>\n<p><strong><u>D\u00fb aux circonstances reli\u00e9es \u00e0 la pand\u00e9mie, vous pouvez venir pr\u00e9senter vos condol\u00e9ances en respectant la distanciation sociale et le port du masque sera obligatoire.<\/u><\/strong><\/p>\n<p>Selon ses volont\u00e9s, elle a \u00e9t\u00e9 confi\u00e9e au cr\u00e9matorium de la Maison Mallet &amp; fils pour cr\u00e9mation.<\/p>\n<p>Elle laisse dans le deuil outre son \u00e9poux monsieur Michel Bouffard, son fils Steve, ses fr\u00e8res\u00a0: Normand et Pierre-Andr\u00e9, son beau-fr\u00e8re Benoit (Susan Wall) ainsi que ses neveux, ses ni\u00e8ces, ses oncles, ses tantes, ses cousins, ses cousines ainsi que et de nombreux ami(e)s.<\/p>\n<p>Vos marques de sympathie peuvent se traduire par un don \u00e0 l\u2019Association Pulmonaire Qu\u00e9bec <a href=\"http:\/\/www.pq.poumon.ca\">www.pq.poumon.ca<\/a><\/p>\n<p>La famille a confi\u00e9 les arrangements aux services professionnels de la Maison Mallet &amp; fils du 585 Boul. Laure \u00e0 Sept-\u00celes, maintenant reconnue Distinction et membre de la Corporation des Thanatologues du Qu\u00e9bec.<\/p>\n<p>Vous pouvez consulter cet avis de d\u00e9c\u00e8s sur le\u00a0: <a href=\"https:\/\/nouveau.maisonmallet.com\/back05_01\">www.maisonmallet.com<\/a><\/p>\n<p>Ceux et celles qui le d\u00e9sirent, peuvent y envoyer des messages de sympathie.<\/p>\n<hr \/>\n<p>Envoyer vos condol\u00e9ances<\/p>\n<p>[contact-form to=\u00a0\u00bbsusan.wall@cgocable.ca\u00a0\u00bb subject=\u00a0\u00bbCondol\u00e9ances Marie-Line Roy\u00a0\u00bb][contact-field label=\u00a0\u00bbVotre nom\u00a0\u00bb type=\u00a0\u00bbname\u00a0\u00bb required=\u00a0\u00bb1&Prime;][contact-field label=\u00a0\u00bbVotre courriel\u00a0\u00bb type=\u00a0\u00bbemail\u00a0\u00bb required=\u00a0\u00bb1&Prime;][contact-field label=\u00a0\u00bbCondol\u00e9ances\u00a0\u00bb type=\u00a0\u00bbtextarea\u00a0\u00bb][\/contact-form]<\/p>\n","protected":false},"featured_media":10234,"template":"","event_cat":[6],"class_list":["post-10127","event","type-event","status-publish","has-post-thumbnail","hentry","event_cat-maison-mallet-et-fils-inc"],"_links":{"self":[{"href":"https:\/\/nouveau.maisonmallet.com\/back05_01\/index.php?rest_route=\/wp\/v2\/event\/10127","targetHints":{"allow":["GET"]}}],"collection":[{"href":"https:\/\/nouveau.maisonmallet.com\/back05_01\/index.php?rest_route=\/wp\/v2\/event"}],"about":[{"href":"https:\/\/nouveau.maisonmallet.com\/back05_01\/index.php?rest_route=\/wp\/v2\/types\/event"}],"wp:featuredmedia":[{"embeddable":true,"href":"https:\/\/nouveau.maisonmallet.com\/back05_01\/index.php?rest_route=\/wp\/v2\/media\/10234"}],"wp:attachment":[{"href":"https:\/\/nouveau.maisonmallet.com\/back05_01\/index.php?rest_route=%2Fwp%2Fv2%2Fmedia&parent=10127"}],"wp:term":[{"taxonomy":"event_cat","embeddable":true,"href":"https:\/\/nouveau.maisonmallet.com\/back05_01\/index.php?rest_route=%2Fwp%2Fv2%2Fevent_cat&post=10127"}],"curies":[{"name":"wp","href":"https:\/\/api.w.org\/{rel}","templated":true}]}}

<p>1959 – 2020</p>
<p>ROY, Marie-Line (Bouffard)</p>
<p>&nbsp;</p>
<p>À Sept-Îles, le 24 mars 2020, est décédée à l’âge de 60 ans, madame Marie-Line Roy épouse de monsieur Michel Bouffard et domiciliée à Sept-Îles.</p>
<p>La cérémonie de madame Marie-Line Roy Bouffard aura lieu le samedi 5 septembre 2020 à 15 h 45 à la chapelle du Complexe Thanatologique Mallet &amp; fils du 585, Boul. Laure à Sept-Îles et de là au cimetière Catholique de Sept-Îles.</p>
<p>La famille reçoit parents et amis le samedi, 5 septembre 2020, jour de la cérémonie de 13 h à 16 h au Complexe Thanatologique Mallet &amp; fils, situé au 585, boul. Laure à Sept-Îles.</p>
<p><strong><u>Dû aux circonstances reliées à la pandémie, vous pouvez venir présenter vos condoléances en respectant la distanciation sociale et le port du masque sera obligatoire.</u></strong></p>
<p>Selon ses volontés, elle a été confiée au crématorium de la Maison Mallet &amp; fils pour crémation.</p>
<p>Elle laisse dans le deuil outre son époux monsieur Michel Bouffard, son fils Steve, ses frères : Normand et Pierre-André, son beau-frère Benoit (Susan Wall) ainsi que ses neveux, ses nièces, ses oncles, ses tantes, ses cousins, ses cousines ainsi que et de nombreux ami(e)s.</p>
<p>Vos marques de sympathie peuvent se traduire par un don à l’Association Pulmonaire Québec <a href="http://www.pq.poumon.ca">www.pq.poumon.ca</a></p>
<p>La famille a confié les arrangements aux services professionnels de la Maison Mallet &amp; fils du 585 Boul. Laure à Sept-Îles, maintenant reconnue Distinction et membre de la Corporation des Thanatologues du Québec.</p>
<p>Vous pouvez consulter cet avis de décès sur le : <a href="https://nouveau.maisonmallet.com/back05_01">www.maisonmallet.com</a></p>
<p>Ceux et celles qui le désirent, peuvent y envoyer des messages de sympathie.</p>
<hr />
<p>Envoyer vos condoléances</p>
<p>[contact-form to= »susan.wall@cgocable.ca » subject= »Condoléances Marie-Line Roy »][contact-field label= »Votre nom » type= »name » required= »1&Prime;][contact-field label= »Votre courriel » type= »email » required= »1&Prime;][contact-field label= »Condoléances » type= »textarea »][/contact-form]</p>
