{"id":10263,"date":"2020-03-30T22:10:20","date_gmt":"2020-03-31T02:10:20","guid":{"rendered":"https:\/\/nouveau.maisonmallet.com\/?post_type=event&#038;p=10263"},"modified":"2020-04-12T12:19:52","modified_gmt":"2020-04-12T16:19:52","slug":"paradis-jacques","status":"publish","type":"event","link":"https:\/\/nouveau.maisonmallet.com\/back05_01\/?event=paradis-jacques","title":{"rendered":"PARADIS, Jacques"},"content":{"rendered":"<p>1956 \u2013 2020<\/p>\n<p>PARADIS, Jacques<\/p>\n<p>&nbsp;<\/p>\n<p>\u00c0 Sept-\u00celes (r\u00e9sidence Gustave Gauvreau), le 30 mars 2020, est d\u00e9c\u00e9d\u00e9 \u00e0 l\u2019\u00e2ge de 63 ans monsieur Jacques Paradis fils de feu Jean-Yves Paradis et de feue Yvette Guimond domicili\u00e9 \u00e0 Sept-\u00celes.<\/p>\n<p>Selon ses volont\u00e9s, il a \u00e9t\u00e9 confi\u00e9 au cr\u00e9matorium de la maison Mallet &amp; fils pour cr\u00e9mation.<\/p>\n<p>Il laisse dans le deuil ses fr\u00e8res : Jean-Pierre (Denise Leblanc), Gilbert (Denise Lavoie) et Ren\u00e9 (Aline Mourant), sa s\u0153ur Anne ainsi que ses neveux, ses ni\u00e8ces, ses cousins, ses cousines et ses ami(e)s.<\/p>\n<p>Il \u00e9tait le fr\u00e8re de feue Micheline (Ghislain Lebel).<\/p>\n<p>Vos marques de sympathie peuvent se traduire par un don \u00e0 La fondation r\u00e9gionale h\u00f4pital Sept-\u00celes <a href=\"http:\/\/www.fondationsept-iles.qc.ca\">www.fondationsept-iles.qc.ca<\/a><\/p>\n<p>La famille a confi\u00e9 les arrangements aux services professionnels de la maison Mallet et fils du 585, boul. Laure \u00e0 Sept-\u00celes, maintenant reconnue Distinction et membre de la Corporation des Thanatologues du Qu\u00e9bec.<\/p>\n<p>Vous pouvez consulter cet avis de d\u00e9c\u00e8s sur le\u00a0<a href=\"https:\/\/nouveau.maisonmallet.com\/back05_01\">www.maisonmallet.com<\/a><\/p>\n<p>Ceux et celles qui le d\u00e9sirent peuvent envoyer des messages de sympathie \u00e0 la famille.<\/p>\n<p>&nbsp;<\/p>\n<hr \/>\n<p>Envoyer vos condol\u00e9ances<\/p>\n<p>[contact-form to=\u00a0\u00bbrenaline@gmail.com\u00a0\u00bb subject=\u00a0\u00bbCondol\u00e9ances Jacques Paradis\u00a0\u00bb][contact-field label=\u00a0\u00bbVotre nom\u00a0\u00bb type=\u00a0\u00bbname\u00a0\u00bb required=\u00a0\u00bb1&Prime;][contact-field label=\u00a0\u00bbVotre courriel\u00a0\u00bb type=\u00a0\u00bbemail\u00a0\u00bb required=\u00a0\u00bb1&Prime;][contact-field label=\u00a0\u00bbCondol\u00e9ances\u00a0\u00bb type=\u00a0\u00bbtextarea\u00a0\u00bb][\/contact-form]<\/p>\n","protected":false},"featured_media":10435,"template":"","event_cat":[6],"class_list":["post-10263","event","type-event","status-publish","has-post-thumbnail","hentry","event_cat-maison-mallet-et-fils-inc"],"_links":{"self":[{"href":"https:\/\/nouveau.maisonmallet.com\/back05_01\/index.php?rest_route=\/wp\/v2\/event\/10263","targetHints":{"allow":["GET"]}}],"collection":[{"href":"https:\/\/nouveau.maisonmallet.com\/back05_01\/index.php?rest_route=\/wp\/v2\/event"}],"about":[{"href":"https:\/\/nouveau.maisonmallet.com\/back05_01\/index.php?rest_route=\/wp\/v2\/types\/event"}],"wp:featuredmedia":[{"embeddable":true,"href":"https:\/\/nouveau.maisonmallet.com\/back05_01\/index.php?rest_route=\/wp\/v2\/media\/10435"}],"wp:attachment":[{"href":"https:\/\/nouveau.maisonmallet.com\/back05_01\/index.php?rest_route=%2Fwp%2Fv2%2Fmedia&parent=10263"}],"wp:term":[{"taxonomy":"event_cat","embeddable":true,"href":"https:\/\/nouveau.maisonmallet.com\/back05_01\/index.php?rest_route=%2Fwp%2Fv2%2Fevent_cat&post=10263"}],"curies":[{"name":"wp","href":"https:\/\/api.w.org\/{rel}","templated":true}]}}

<p>1956 – 2020</p>
<p>PARADIS, Jacques</p>
<p>&nbsp;</p>
<p>À Sept-Îles (résidence Gustave Gauvreau), le 30 mars 2020, est décédé à l’âge de 63 ans monsieur Jacques Paradis fils de feu Jean-Yves Paradis et de feue Yvette Guimond domicilié à Sept-Îles.</p>
<p>Selon ses volontés, il a été confié au crématorium de la maison Mallet &amp; fils pour crémation.</p>
<p>Il laisse dans le deuil ses frères : Jean-Pierre (Denise Leblanc), Gilbert (Denise Lavoie) et René (Aline Mourant), sa sœur Anne ainsi que ses neveux, ses nièces, ses cousins, ses cousines et ses ami(e)s.</p>
<p>Il était le frère de feue Micheline (Ghislain Lebel).</p>
<p>Vos marques de sympathie peuvent se traduire par un don à La fondation régionale hôpital Sept-Îles <a href="http://www.fondationsept-iles.qc.ca">www.fondationsept-iles.qc.ca</a></p>
<p>La famille a confié les arrangements aux services professionnels de la maison Mallet et fils du 585, boul. Laure à Sept-Îles, maintenant reconnue Distinction et membre de la Corporation des Thanatologues du Québec.</p>
<p>Vous pouvez consulter cet avis de décès sur le <a href="https://nouveau.maisonmallet.com/back05_01">www.maisonmallet.com</a></p>
<p>Ceux et celles qui le désirent peuvent envoyer des messages de sympathie à la famille.</p>
<p>&nbsp;</p>
<hr />
<p>Envoyer vos condoléances</p>
<p>[contact-form to= »renaline@gmail.com » subject= »Condoléances Jacques Paradis »][contact-field label= »Votre nom » type= »name » required= »1&Prime;][contact-field label= »Votre courriel » type= »email » required= »1&Prime;][contact-field label= »Condoléances » type= »textarea »][/contact-form]</p>
