{"id":10495,"date":"2020-08-05T15:49:42","date_gmt":"2020-08-05T19:49:42","guid":{"rendered":"https:\/\/nouveau.maisonmallet.com\/?post_type=event&#038;p=10495"},"modified":"2020-08-05T16:24:38","modified_gmt":"2020-08-05T20:24:38","slug":"joncas-claude","status":"publish","type":"event","link":"https:\/\/nouveau.maisonmallet.com\/back05_01\/?event=joncas-claude","title":{"rendered":"JONCAS, Claude"},"content":{"rendered":"<p>1924 \u2013 2020<\/p>\n<p>JONCAS, Claude<\/p>\n<p>&nbsp;<\/p>\n<p>\u00c0 Sept-\u00celes, le 15 avril 2020, est d\u00e9c\u00e9d\u00e9 \u00e0 l\u2019\u00e2ge de 96 ans, monsieur Claude Joncas fils de feu Xavier Joncas et de feue V\u00e9ronique Legresley domicili\u00e9 \u00e0 Port-Cartier.<\/p>\n<p>Les fun\u00e9railles de monsieur Claude Joncas auront lieu le vendredi 7 ao\u00fbt 2020 \u00e0 14 h en l\u2019\u00e9glise Sacr\u00e9-C\u0153ur situ\u00e9e au 38, rue Parent \u00e0 Port-Cartier.<\/p>\n<p>Selon ses volont\u00e9s, il a \u00e9t\u00e9 confi\u00e9 au cr\u00e9matorium de la Maison Mallet &amp; fils pour cr\u00e9mation.<\/p>\n<p>La famille re\u00e7oit parents et amis le vendredi 7 ao\u00fbt 2020 jour des fun\u00e9railles \u00e0 compter de 12 h 30 au Complexe Thanatologique Mallet &amp; fils du 57, route 138 \u00e0 Port-Cartier.<\/p>\n<p><strong>D\u00fb aux circonstances reli\u00e9es \u00e0 la pand\u00e9mie, vous pouvez venir pr\u00e9senter vos condol\u00e9ances en respectant la distanciation sociale.<\/strong><\/p>\n<p>Dans les deux situations,\u00a0les consignes de distanciation physique et le port du masque\u00a0seront\u00a0aussi obligatoires d\u00fb aux nouvelles indications du minist\u00e8re de la sant\u00e9 publique.<\/p>\n<p>Il laisse dans le deuil ses enfants\u00a0: Jacquot et Monique, ses petits-enfants\u00a0: Donald (Nada Mass\u00e9), Isabelle et Genevi\u00e8ve (Jonathan Comptois), ses arri\u00e8re-petits-enfants ainsi que ses s\u0153urs\u00a0: Marie-Ange et Marie-Paule, ses neveux, ses ni\u00e8ces, ses cousins, ses cousines et de nombreux ami(e)s.<\/p>\n<p>Il \u00e9tait le p\u00e8re de feu G\u00e9rald Joncas et de feu Jules Joncas.<\/p>\n<p>Vos marques de sympathie peuvent se traduire par un don \u00e0 l\u2019Association de votre choix.<\/p>\n<p>La famille a confi\u00e9 les arrangements aux services professionnels de la Maison Mallet &amp; fils du 585 Boul. Laure \u00e0 Sept-\u00celes, maintenant reconnue Distinction et membre de la Corporation des Thanatologues du Qu\u00e9bec.<\/p>\n<p>Vous pouvez consulter cet avis de d\u00e9c\u00e8s sur le\u00a0: <a href=\"https:\/\/nouveau.maisonmallet.com\/back05_01\">www.maisonmallet.com<\/a><\/p>\n<p>Ceux et celles qui le d\u00e9sirent, peuvent y envoyer des messages de sympathie.<\/p>\n<p>&nbsp;<\/p>\n<p>&nbsp;<\/p>\n<hr \/>\n<p>Envoyer vos condol\u00e9ances<\/p>\n<p>[contact-form to=\u00a0\u00bbjoncasm@hotmail.com\u00a0\u00bb subject=\u00a0\u00bbCondol\u00e9ances Claude Joncas\u00a0\u00bb][contact-field label=\u00a0\u00bbVotre nom\u00a0\u00bb type=\u00a0\u00bbname\u00a0\u00bb required=\u00a0\u00bb1&Prime;][contact-field label=\u00a0\u00bbVotre courriel\u00a0\u00bb type=\u00a0\u00bbemail\u00a0\u00bb required=\u00a0\u00bb1&Prime;][contact-field label=\u00a0\u00bbCondol\u00e9ances\u00a0\u00bb type=\u00a0\u00bbtextarea\u00a0\u00bb][\/contact-form]<\/p>\n","protected":false},"featured_media":10505,"template":"","event_cat":[6],"class_list":["post-10495","event","type-event","status-publish","has-post-thumbnail","hentry","event_cat-maison-mallet-et-fils-inc"],"_links":{"self":[{"href":"https:\/\/nouveau.maisonmallet.com\/back05_01\/index.php?rest_route=\/wp\/v2\/event\/10495","targetHints":{"allow":["GET"]}}],"collection":[{"href":"https:\/\/nouveau.maisonmallet.com\/back05_01\/index.php?rest_route=\/wp\/v2\/event"}],"about":[{"href":"https:\/\/nouveau.maisonmallet.com\/back05_01\/index.php?rest_route=\/wp\/v2\/types\/event"}],"wp:featuredmedia":[{"embeddable":true,"href":"https:\/\/nouveau.maisonmallet.com\/back05_01\/index.php?rest_route=\/wp\/v2\/media\/10505"}],"wp:attachment":[{"href":"https:\/\/nouveau.maisonmallet.com\/back05_01\/index.php?rest_route=%2Fwp%2Fv2%2Fmedia&parent=10495"}],"wp:term":[{"taxonomy":"event_cat","embeddable":true,"href":"https:\/\/nouveau.maisonmallet.com\/back05_01\/index.php?rest_route=%2Fwp%2Fv2%2Fevent_cat&post=10495"}],"curies":[{"name":"wp","href":"https:\/\/api.w.org\/{rel}","templated":true}]}}

<p>1924 – 2020</p>
<p>JONCAS, Claude</p>
<p>&nbsp;</p>
<p>À Sept-Îles, le 15 avril 2020, est décédé à l’âge de 96 ans, monsieur Claude Joncas fils de feu Xavier Joncas et de feue Véronique Legresley domicilié à Port-Cartier.</p>
<p>Les funérailles de monsieur Claude Joncas auront lieu le vendredi 7 août 2020 à 14 h en l’église Sacré-Cœur située au 38, rue Parent à Port-Cartier.</p>
<p>Selon ses volontés, il a été confié au crématorium de la Maison Mallet &amp; fils pour crémation.</p>
<p>La famille reçoit parents et amis le vendredi 7 août 2020 jour des funérailles à compter de 12 h 30 au Complexe Thanatologique Mallet &amp; fils du 57, route 138 à Port-Cartier.</p>
<p><strong>Dû aux circonstances reliées à la pandémie, vous pouvez venir présenter vos condoléances en respectant la distanciation sociale.</strong></p>
<p>Dans les deux situations, les consignes de distanciation physique et le port du masque seront aussi obligatoires dû aux nouvelles indications du ministère de la santé publique.</p>
<p>Il laisse dans le deuil ses enfants : Jacquot et Monique, ses petits-enfants : Donald (Nada Massé), Isabelle et Geneviève (Jonathan Comptois), ses arrière-petits-enfants ainsi que ses sœurs : Marie-Ange et Marie-Paule, ses neveux, ses nièces, ses cousins, ses cousines et de nombreux ami(e)s.</p>
<p>Il était le père de feu Gérald Joncas et de feu Jules Joncas.</p>
<p>Vos marques de sympathie peuvent se traduire par un don à l’Association de votre choix.</p>
<p>La famille a confié les arrangements aux services professionnels de la Maison Mallet &amp; fils du 585 Boul. Laure à Sept-Îles, maintenant reconnue Distinction et membre de la Corporation des Thanatologues du Québec.</p>
<p>Vous pouvez consulter cet avis de décès sur le : <a href="https://nouveau.maisonmallet.com/back05_01">www.maisonmallet.com</a></p>
<p>Ceux et celles qui le désirent, peuvent y envoyer des messages de sympathie.</p>
<p>&nbsp;</p>
<p>&nbsp;</p>
<hr />
<p>Envoyer vos condoléances</p>
<p>[contact-form to= »joncasm@hotmail.com » subject= »Condoléances Claude Joncas »][contact-field label= »Votre nom » type= »name » required= »1&Prime;][contact-field label= »Votre courriel » type= »email » required= »1&Prime;][contact-field label= »Condoléances » type= »textarea »][/contact-form]</p>
