{"id":10628,"date":"2020-04-24T13:41:17","date_gmt":"2020-04-24T17:41:17","guid":{"rendered":"https:\/\/nouveau.maisonmallet.com\/?post_type=event&#038;p=10628"},"modified":"2020-05-01T14:32:07","modified_gmt":"2020-05-01T18:32:07","slug":"courtois-marie-jeanne-wapistan","status":"publish","type":"event","link":"https:\/\/nouveau.maisonmallet.com\/back05_01\/?event=courtois-marie-jeanne-wapistan","title":{"rendered":"COURTOIS, Marie-Jeanne (Wapistan)"},"content":{"rendered":"<p>1952-2020<\/p>\n<p>\u00c0 Nutashkuan, le 24 avril 2020, est d\u00e9c\u00e9d\u00e9e \u00e0 l\u2019\u00e2ge de 67 ans et 7 mois, madame Marie-Jeanne Courtois \u00e9pouse de monsieur Normand Wapistan et domicili\u00e9e \u00e0 Nutashkuan.<\/p>\n<p><strong><u>\u00c9tant donn\u00e9e la situation de crise entourant la COVID-19 et par souci de se conformer aux recommandations gouvernementales en mati\u00e8re de rassemblements int\u00e9rieurs et des mesures d\u2019hygi\u00e8ne strictes pour les visiteurs, les rituels fun\u00e9raires de madame Marie-Jeanne Courtois auront lieu dans la plus stricte intimit\u00e9 et sur invitation seulement.<\/u><\/strong><\/p>\n<p>Elle laisse dans le deuil ses filles\u00a0: Karine, Pricille, Marina et Marie-Lyne,\u00a0 ses fils\u00a0: Rock (Guylaine Malec), Alain (Sandra Wapistan), Uld\u00e9ric (Ma\u00eft\u00e9 Ishpatao), Jean-Louis, Jean-Luc et Peter,\u00a0 ses dix-huit petits-enfants, ses cinq arri\u00e8re-petits-enfants, ses fr\u00e8res, ses s\u0153urs, ses beaux-fr\u00e8res, ses belles-s\u0153urs ses neveux, ses ni\u00e8ces et de nombreux ami(e)s.<\/p>\n<p>Elle \u00e9tait la m\u00e8re de feu Ren\u00e9.<\/p>\n<p>La famille a confi\u00e9 la direction des fun\u00e9railles aux services professionnels de la Maison L.J.G. Mallet du 1429, rue du Canot \u00e0 Havre-Saint-Pierre, maintenant reconnue Distinction et membre de la Corporation des thanatologues du Qu\u00e9bec.<\/p>\n<p>Vous pouvez consulter cet avis de d\u00e9c\u00e8s sur le <u>www.maisonmallet.com<\/u><\/p>\n<p>Ceux et celles qui le d\u00e9sirent, peuvent y envoyer des messages de sympathie.<\/p>\n<p>&nbsp;<\/p>\n<p>&nbsp;<\/p>\n<hr \/>\n<p>Envoyer vos condol\u00e9ances<\/p>\n<p>[contact-form to=\u00a0\u00bbwapistn34@gmail.com\u00a0\u00bb subject=\u00a0\u00bbCondol\u00e9ances Marie-Jeanne Courtois\u00a0\u00bb][contact-field label=\u00a0\u00bbVotre nom\u00a0\u00bb type=\u00a0\u00bbname\u00a0\u00bb required=\u00a0\u00bb1&Prime;][contact-field label=\u00a0\u00bbVotre courriel\u00a0\u00bb type=\u00a0\u00bbemail\u00a0\u00bb required=\u00a0\u00bb1&Prime;][contact-field label=\u00a0\u00bbCondol\u00e9ances\u00a0\u00bb type=\u00a0\u00bbtextarea\u00a0\u00bb][\/contact-form]<\/p>\n","protected":false},"featured_media":10673,"template":"","event_cat":[7],"class_list":["post-10628","event","type-event","status-publish","has-post-thumbnail","hentry","event_cat-maison-l-j-g-mallet-inc"],"_links":{"self":[{"href":"https:\/\/nouveau.maisonmallet.com\/back05_01\/index.php?rest_route=\/wp\/v2\/event\/10628","targetHints":{"allow":["GET"]}}],"collection":[{"href":"https:\/\/nouveau.maisonmallet.com\/back05_01\/index.php?rest_route=\/wp\/v2\/event"}],"about":[{"href":"https:\/\/nouveau.maisonmallet.com\/back05_01\/index.php?rest_route=\/wp\/v2\/types\/event"}],"wp:featuredmedia":[{"embeddable":true,"href":"https:\/\/nouveau.maisonmallet.com\/back05_01\/index.php?rest_route=\/wp\/v2\/media\/10673"}],"wp:attachment":[{"href":"https:\/\/nouveau.maisonmallet.com\/back05_01\/index.php?rest_route=%2Fwp%2Fv2%2Fmedia&parent=10628"}],"wp:term":[{"taxonomy":"event_cat","embeddable":true,"href":"https:\/\/nouveau.maisonmallet.com\/back05_01\/index.php?rest_route=%2Fwp%2Fv2%2Fevent_cat&post=10628"}],"curies":[{"name":"wp","href":"https:\/\/api.w.org\/{rel}","templated":true}]}}

<p>1952-2020</p>
<p>À Nutashkuan, le 24 avril 2020, est décédée à l’âge de 67 ans et 7 mois, madame Marie-Jeanne Courtois épouse de monsieur Normand Wapistan et domiciliée à Nutashkuan.</p>
<p><strong><u>Étant donnée la situation de crise entourant la COVID-19 et par souci de se conformer aux recommandations gouvernementales en matière de rassemblements intérieurs et des mesures d’hygiène strictes pour les visiteurs, les rituels funéraires de madame Marie-Jeanne Courtois auront lieu dans la plus stricte intimité et sur invitation seulement.</u></strong></p>
<p>Elle laisse dans le deuil ses filles : Karine, Pricille, Marina et Marie-Lyne,  ses fils : Rock (Guylaine Malec), Alain (Sandra Wapistan), Uldéric (Maïté Ishpatao), Jean-Louis, Jean-Luc et Peter,  ses dix-huit petits-enfants, ses cinq arrière-petits-enfants, ses frères, ses sœurs, ses beaux-frères, ses belles-sœurs ses neveux, ses nièces et de nombreux ami(e)s.</p>
<p>Elle était la mère de feu René.</p>
<p>La famille a confié la direction des funérailles aux services professionnels de la Maison L.J.G. Mallet du 1429, rue du Canot à Havre-Saint-Pierre, maintenant reconnue Distinction et membre de la Corporation des thanatologues du Québec.</p>
<p>Vous pouvez consulter cet avis de décès sur le <u>www.maisonmallet.com</u></p>
<p>Ceux et celles qui le désirent, peuvent y envoyer des messages de sympathie.</p>
<p>&nbsp;</p>
<p>&nbsp;</p>
<hr />
<p>Envoyer vos condoléances</p>
<p>[contact-form to= »wapistn34@gmail.com » subject= »Condoléances Marie-Jeanne Courtois »][contact-field label= »Votre nom » type= »name » required= »1&Prime;][contact-field label= »Votre courriel » type= »email » required= »1&Prime;][contact-field label= »Condoléances » type= »textarea »][/contact-form]</p>
