{"id":10672,"date":"2020-08-20T16:00:34","date_gmt":"2020-08-20T20:00:34","guid":{"rendered":"https:\/\/nouveau.maisonmallet.com\/?post_type=event&#038;p=10672"},"modified":"2020-08-21T08:47:25","modified_gmt":"2020-08-21T12:47:25","slug":"moisan-denis","status":"publish","type":"event","link":"https:\/\/nouveau.maisonmallet.com\/back05_01\/?event=moisan-denis","title":{"rendered":"MOISAN, Denis"},"content":{"rendered":"<p>1961 \u2013 2020<\/p>\n<p>MOISAN, Denis<\/p>\n<p>&nbsp;<\/p>\n<p>\u00c0 Sept-\u00celes, le 23 avril 2020, est d\u00e9c\u00e9d\u00e9 \u00e0 l\u2019\u00e2ge de 58 ans, monsieur Denis Moisan \u00e9poux de madame Jos\u00e9e Carbonneau et domicili\u00e9 \u00e0 Sept-\u00celes.<\/p>\n<p>Selon ses volont\u00e9s, il a \u00e9t\u00e9 confi\u00e9 au cr\u00e9matorium de la Maison Mallet &amp; fils pour cr\u00e9mation.<\/p>\n<p>La famille re\u00e7oit parents et amis le samedi 22 ao\u00fbt 2020 de 13h \u00e0 16 h et de 19 h \u00e0 22 h au Complexe Thanatologique Mallet &amp; fils du 585, \u00a0Boul. Laure \u00e0 Sept-\u00celes.<\/p>\n<p><strong><u>\u00a0<\/u><\/strong><strong><u>D\u00fb aux circonstances reli\u00e9es \u00e0 la pand\u00e9mie, vous pouvez venir pr\u00e9senter vos condol\u00e9ances en respectant la distanciation sociale et le port du masque sera obligatoire.<\/u><\/strong><\/p>\n<p>Il laisse dans le deuil outre son \u00e9pouse madame Jos\u00e9e Carbonneau Moisan, son fr\u00e8re Michel (Suzie Lizotte), ses s\u0153urs : France (G\u00e9rald Vall\u00e9e) et Marlaine, sa belle-m\u00e8re Dorothy (Jocelyn), son beau-fr\u00e8re Daniel, ses neveux et ni\u00e8ces : St\u00e9phanie (Jean-Fran\u00e7ois), David (Joanie), M\u00e9lanie (Anthony), S\u00e9bastien (Cindy), Cindy (Steve) et Vicky (Dominic), ses cousins, ses cousines, ainsi que de nombreux ami(e)s.<\/p>\n<p>Remerciements en ces temps difficiles au personnel de l\u2019h\u00f4pital de Sept-\u00celes, tout particuli\u00e8rement au Dr. Loranger et le personnel du 2<sup>\u00e8me<\/sup> \u00e9tage.<\/p>\n<p>Vos marques de sympathie peuvent se traduire par un don \u00e0 La fondation r\u00e9gionale h\u00f4pital Sept-\u00celes <a href=\"http:\/\/www.fondationsept-iles.qc.ca\">www.fondationsept-iles.qc.ca<\/a><\/p>\n<p>La famille a confi\u00e9 les arrangements aux services professionnels de la Maison Mallet &amp; fils du 585 Boul. Laure \u00e0 Sept-\u00celes, maintenant reconnue Distinction et membre de la Corporation des Thanatologues du Qu\u00e9bec.<\/p>\n<p>Vous pouvez consulter cet avis de d\u00e9c\u00e8s sur le\u00a0: <a href=\"https:\/\/nouveau.maisonmallet.com\/back05_01\">www.maisonmallet.com<\/a><\/p>\n<p>Ceux et celles qui le d\u00e9sirent, peuvent y envoyer des messages de sympathie.<\/p>\n<p>&nbsp;<\/p>\n<p>&nbsp;<\/p>\n<hr \/>\n<p>Envoyer vos condol\u00e9ances<\/p>\n<p>[contact-form to=\u00a0\u00bbcarbonneaujosee281@gmail.com\u00a0\u00bb subject=\u00a0\u00bbCondol\u00e9ances Denis Moisan\u00a0\u00bb][contact-field label=\u00a0\u00bbVotre nom\u00a0\u00bb type=\u00a0\u00bbname\u00a0\u00bb required=\u00a0\u00bb1&Prime;][contact-field label=\u00a0\u00bbVotre courriel\u00a0\u00bb type=\u00a0\u00bbemail\u00a0\u00bb required=\u00a0\u00bb1&Prime;][contact-field label=\u00a0\u00bbCondol\u00e9ances\u00a0\u00bb type=\u00a0\u00bbtextarea\u00a0\u00bb][\/contact-form]<\/p>\n","protected":false},"featured_media":10696,"template":"","event_cat":[6],"class_list":["post-10672","event","type-event","status-publish","has-post-thumbnail","hentry","event_cat-maison-mallet-et-fils-inc"],"_links":{"self":[{"href":"https:\/\/nouveau.maisonmallet.com\/back05_01\/index.php?rest_route=\/wp\/v2\/event\/10672","targetHints":{"allow":["GET"]}}],"collection":[{"href":"https:\/\/nouveau.maisonmallet.com\/back05_01\/index.php?rest_route=\/wp\/v2\/event"}],"about":[{"href":"https:\/\/nouveau.maisonmallet.com\/back05_01\/index.php?rest_route=\/wp\/v2\/types\/event"}],"wp:featuredmedia":[{"embeddable":true,"href":"https:\/\/nouveau.maisonmallet.com\/back05_01\/index.php?rest_route=\/wp\/v2\/media\/10696"}],"wp:attachment":[{"href":"https:\/\/nouveau.maisonmallet.com\/back05_01\/index.php?rest_route=%2Fwp%2Fv2%2Fmedia&parent=10672"}],"wp:term":[{"taxonomy":"event_cat","embeddable":true,"href":"https:\/\/nouveau.maisonmallet.com\/back05_01\/index.php?rest_route=%2Fwp%2Fv2%2Fevent_cat&post=10672"}],"curies":[{"name":"wp","href":"https:\/\/api.w.org\/{rel}","templated":true}]}}

<p>1961 – 2020</p>
<p>MOISAN, Denis</p>
<p>&nbsp;</p>
<p>À Sept-Îles, le 23 avril 2020, est décédé à l’âge de 58 ans, monsieur Denis Moisan époux de madame Josée Carbonneau et domicilié à Sept-Îles.</p>
<p>Selon ses volontés, il a été confié au crématorium de la Maison Mallet &amp; fils pour crémation.</p>
<p>La famille reçoit parents et amis le samedi 22 août 2020 de 13h à 16 h et de 19 h à 22 h au Complexe Thanatologique Mallet &amp; fils du 585,  Boul. Laure à Sept-Îles.</p>
<p><strong><u> </u></strong><strong><u>Dû aux circonstances reliées à la pandémie, vous pouvez venir présenter vos condoléances en respectant la distanciation sociale et le port du masque sera obligatoire.</u></strong></p>
<p>Il laisse dans le deuil outre son épouse madame Josée Carbonneau Moisan, son frère Michel (Suzie Lizotte), ses sœurs : France (Gérald Vallée) et Marlaine, sa belle-mère Dorothy (Jocelyn), son beau-frère Daniel, ses neveux et nièces : Stéphanie (Jean-François), David (Joanie), Mélanie (Anthony), Sébastien (Cindy), Cindy (Steve) et Vicky (Dominic), ses cousins, ses cousines, ainsi que de nombreux ami(e)s.</p>
<p>Remerciements en ces temps difficiles au personnel de l’hôpital de Sept-Îles, tout particulièrement au Dr. Loranger et le personnel du 2<sup>ème</sup> étage.</p>
<p>Vos marques de sympathie peuvent se traduire par un don à La fondation régionale hôpital Sept-Îles <a href="http://www.fondationsept-iles.qc.ca">www.fondationsept-iles.qc.ca</a></p>
<p>La famille a confié les arrangements aux services professionnels de la Maison Mallet &amp; fils du 585 Boul. Laure à Sept-Îles, maintenant reconnue Distinction et membre de la Corporation des Thanatologues du Québec.</p>
<p>Vous pouvez consulter cet avis de décès sur le : <a href="https://nouveau.maisonmallet.com/back05_01">www.maisonmallet.com</a></p>
<p>Ceux et celles qui le désirent, peuvent y envoyer des messages de sympathie.</p>
<p>&nbsp;</p>
<p>&nbsp;</p>
<hr />
<p>Envoyer vos condoléances</p>
<p>[contact-form to= »carbonneaujosee281@gmail.com » subject= »Condoléances Denis Moisan »][contact-field label= »Votre nom » type= »name » required= »1&Prime;][contact-field label= »Votre courriel » type= »email » required= »1&Prime;][contact-field label= »Condoléances » type= »textarea »][/contact-form]</p>
