{"id":10733,"date":"2020-04-29T10:06:51","date_gmt":"2020-04-29T14:06:51","guid":{"rendered":"https:\/\/nouveau.maisonmallet.com\/?post_type=event&#038;p=10733"},"modified":"2020-05-01T10:12:25","modified_gmt":"2020-05-01T14:12:25","slug":"boudreau-gracia-blais","status":"publish","type":"event","link":"https:\/\/nouveau.maisonmallet.com\/back05_01\/?event=boudreau-gracia-blais","title":{"rendered":"BOUDREAU, Gracia (Blais)"},"content":{"rendered":"<p>1931-2020<\/p>\n<p>\u00c0 Havre-Saint-Pierre, le 29 avril 2020, est d\u00e9c\u00e9d\u00e9e \u00e0 l\u2019\u00e2ge de 88 ans et 4 mois, madame Gracia Boudreau Blais \u00e9pouse de monsieur Alphonse Blais domicili\u00e9e \u00e0 Havre-Saint-Pierre.<\/p>\n<p>Les fun\u00e9railles de madame Gracia Boudreau Blais auront lieu \u00e0 une date ult\u00e9rieure en l\u2019\u00c9glise Saint-Pierre de Havre-Saint-Pierre.<\/p>\n<p>Selon ses volont\u00e9s, elle a \u00e9t\u00e9 confi\u00e9e au cr\u00e9matorium de la Maison L.J.G. Mallet pour cr\u00e9mation.<\/p>\n<p>Elle laisse dans le deuil outre son \u00e9poux monsieur Alphonse Blais, ses filles : Lise (Jean Vigneault), H\u00e9l\u00e8ne (Paul Mansbridge), Pauline (Michel B\u00e9land) et Sylvie (Richard James), ses fils : Yves (Marie-Christine Carbonneau), Jean (Nadine Chass\u00e9) et Gilles (Guylaine Leclerc), ses seize petits-enfants, ses dix-sept arri\u00e8re-petits-enfants, son fr\u00e8re L\u00e9opold, son beau-fr\u00e8re, sa belle-s\u0153ur, ses neveux, ses ni\u00e8ces et de nombreux ami(e)s.<\/p>\n<p>Elle \u00e9tait la m\u00e8re de feue Francine (Richard Leclerc).<\/p>\n<p>Vos marques de sympathie peuvent se traduire par un don \u00e0 la Fondation du Centre de Sant\u00e9 de la Minganie.<\/p>\n<p>La famille a confi\u00e9 la direction des fun\u00e9railles aux services professionnels de la Maison L.J.G. Mallet du 1429, rue du Canot \u00e0 Havre-Saint-Pierre, maintenant reconnue Distinction et membre de la Corporation des Thanatologues du Qu\u00e9bec.<\/p>\n<p>Vous pouvez consulter cet avis de d\u00e9c\u00e8s sur le\u00a0: <a href=\"https:\/\/nouveau.maisonmallet.com\/back05_01\">www.maisonmallet.com<\/a><\/p>\n<p>Ceux et celles qui le d\u00e9sirent, peuvent y envoyer des messages de sympathie.<\/p>\n<p>&nbsp;<\/p>\n<p>&nbsp;<\/p>\n<hr \/>\n<p>Envoyer vos condol\u00e9ances<\/p>\n<p>[contact-form to=\u00a0\u00bbgiblais@hotmail.com\u00a0\u00bb subject=\u00a0\u00bbCondol\u00e9ances Gracia Boudreau\u00a0\u00bb][contact-field label=\u00a0\u00bbVotre nom\u00a0\u00bb type=\u00a0\u00bbname\u00a0\u00bb required=\u00a0\u00bb1&Prime;][contact-field label=\u00a0\u00bbVotre courriel\u00a0\u00bb type=\u00a0\u00bbemail\u00a0\u00bb required=\u00a0\u00bb1&Prime;][contact-field label=\u00a0\u00bbCondol\u00e9ances\u00a0\u00bb type=\u00a0\u00bbtextarea\u00a0\u00bb][\/contact-form]<\/p>\n","protected":false},"featured_media":10736,"template":"","event_cat":[7],"class_list":["post-10733","event","type-event","status-publish","has-post-thumbnail","hentry","event_cat-maison-l-j-g-mallet-inc"],"_links":{"self":[{"href":"https:\/\/nouveau.maisonmallet.com\/back05_01\/index.php?rest_route=\/wp\/v2\/event\/10733","targetHints":{"allow":["GET"]}}],"collection":[{"href":"https:\/\/nouveau.maisonmallet.com\/back05_01\/index.php?rest_route=\/wp\/v2\/event"}],"about":[{"href":"https:\/\/nouveau.maisonmallet.com\/back05_01\/index.php?rest_route=\/wp\/v2\/types\/event"}],"wp:featuredmedia":[{"embeddable":true,"href":"https:\/\/nouveau.maisonmallet.com\/back05_01\/index.php?rest_route=\/wp\/v2\/media\/10736"}],"wp:attachment":[{"href":"https:\/\/nouveau.maisonmallet.com\/back05_01\/index.php?rest_route=%2Fwp%2Fv2%2Fmedia&parent=10733"}],"wp:term":[{"taxonomy":"event_cat","embeddable":true,"href":"https:\/\/nouveau.maisonmallet.com\/back05_01\/index.php?rest_route=%2Fwp%2Fv2%2Fevent_cat&post=10733"}],"curies":[{"name":"wp","href":"https:\/\/api.w.org\/{rel}","templated":true}]}}

<p>1931-2020</p>
<p>À Havre-Saint-Pierre, le 29 avril 2020, est décédée à l’âge de 88 ans et 4 mois, madame Gracia Boudreau Blais épouse de monsieur Alphonse Blais domiciliée à Havre-Saint-Pierre.</p>
<p>Les funérailles de madame Gracia Boudreau Blais auront lieu à une date ultérieure en l’Église Saint-Pierre de Havre-Saint-Pierre.</p>
<p>Selon ses volontés, elle a été confiée au crématorium de la Maison L.J.G. Mallet pour crémation.</p>
<p>Elle laisse dans le deuil outre son époux monsieur Alphonse Blais, ses filles : Lise (Jean Vigneault), Hélène (Paul Mansbridge), Pauline (Michel Béland) et Sylvie (Richard James), ses fils : Yves (Marie-Christine Carbonneau), Jean (Nadine Chassé) et Gilles (Guylaine Leclerc), ses seize petits-enfants, ses dix-sept arrière-petits-enfants, son frère Léopold, son beau-frère, sa belle-sœur, ses neveux, ses nièces et de nombreux ami(e)s.</p>
<p>Elle était la mère de feue Francine (Richard Leclerc).</p>
<p>Vos marques de sympathie peuvent se traduire par un don à la Fondation du Centre de Santé de la Minganie.</p>
<p>La famille a confié la direction des funérailles aux services professionnels de la Maison L.J.G. Mallet du 1429, rue du Canot à Havre-Saint-Pierre, maintenant reconnue Distinction et membre de la Corporation des Thanatologues du Québec.</p>
<p>Vous pouvez consulter cet avis de décès sur le : <a href="https://nouveau.maisonmallet.com/back05_01">www.maisonmallet.com</a></p>
<p>Ceux et celles qui le désirent, peuvent y envoyer des messages de sympathie.</p>
<p>&nbsp;</p>
<p>&nbsp;</p>
<hr />
<p>Envoyer vos condoléances</p>
<p>[contact-form to= »giblais@hotmail.com » subject= »Condoléances Gracia Boudreau »][contact-field label= »Votre nom » type= »name » required= »1&Prime;][contact-field label= »Votre courriel » type= »email » required= »1&Prime;][contact-field label= »Condoléances » type= »textarea »][/contact-form]</p>
