{"id":10854,"date":"2020-08-02T14:20:44","date_gmt":"2020-08-02T18:20:44","guid":{"rendered":"https:\/\/nouveau.maisonmallet.com\/?post_type=event&#038;p=10854"},"modified":"2020-08-03T16:52:23","modified_gmt":"2020-08-03T20:52:23","slug":"clements-maryse","status":"publish","type":"event","link":"https:\/\/nouveau.maisonmallet.com\/back05_01\/?event=clements-maryse","title":{"rendered":"CLEMENTS, Maryse"},"content":{"rendered":"<p>1965 \u2013 2020<\/p>\n<p>CLEMENTS, Maryse<\/p>\n<p>&nbsp;<\/p>\n<p>\u00c0 Qu\u00e9bec, le 6 mars 2020, est d\u00e9c\u00e9d\u00e9e \u00e0 l\u2019\u00e2ge de 54 ans, madame Maryse Clements, \u00e9pouse de monsieur Jean-Ren\u00e9 Tremblay et domicili\u00e9e \u00e0 Sept-\u00celes.<\/p>\n<p>Les fun\u00e9railles de madame Maryse Clements auront lieu le vendredi 21 ao\u00fbt 2020 \u00e0 14 h en l\u2019\u00e9glise Marie-Immacul\u00e9e situ\u00e9e au 180, rue Papineau \u00e0 Sept-\u00celes et de l\u00e0 au cimeti\u00e8re Catholique de Sept-\u00celes.<\/p>\n<p>Selon ses volont\u00e9s, elle a \u00e9t\u00e9 confi\u00e9e au cr\u00e9matorium de la Maison Mallet &amp; fils pour cr\u00e9mation.<\/p>\n<p>La famille re\u00e7oit parents et amis le jeudi 20 ao\u00fbt 2020 de 13 h \u00e0 16 et de 19 h \u00e0 22 h. Le vendredi 21 ao\u00fbt 2020 jour des fun\u00e9railles \u00e0 compter de 12 h 30 au Complexe Thanatologique Mallet &amp; fils du 585, boul. Laure \u00e0 Sept-\u00celes.<\/p>\n<p><strong>D\u00fb aux circonstances reli\u00e9es \u00e0 la pand\u00e9mie, vous pouvez venir pr\u00e9senter vos condol\u00e9ances en respectant la distanciation sociale et le port du masque sera obligatoire.<\/strong><\/p>\n<p>Elle laisse dans le deuil outre son \u00e9poux monsieur Jean-Ren\u00e9 Tremblay, son fils F\u00e9lix, sa fille Maude, ses fr\u00e8res\u00a0: Denis (Nicole Bourgeois) et Dave (Myl\u00e8ne Barbeau), ses ni\u00e8ces\u00a0: V\u00e9ronique (Arthur Jeanneau) et Janie (F\u00e9lix Larouche), ses neveux\u00a0: Maxime, Fr\u00e9d\u00e9ric et Joey, son beau-p\u00e8re monsieur Gilles Tremblay (Linda Perron) ainsi que ses oncles, ses tantes, ses cousins, ses cousines et ses ami(e)s.<\/p>\n<p>Vos marques de sympathie peuvent se traduire par un don \u00e0 Greffe-toi \u00e0 nous par E-Mail\u00a0: <a href=\"mailto:greffetoianous@gmail.com\">greffetoianous@gmail.com<\/a> ou par t\u00e9l\u00e9phone\u00a0: 418-961-2267.<\/p>\n<p>La famille a confi\u00e9 les arrangements aux services professionnels de la Maison Mallet &amp; fils du 585 Boul. Laure \u00e0 Sept-\u00celes, maintenant reconnue Distinction et membre de la Corporation des Thanatologues du Qu\u00e9bec.<\/p>\n<p>Vous pouvez consulter cet avis de d\u00e9c\u00e8s sur le\u00a0: <a href=\"https:\/\/nouveau.maisonmallet.com\/back05_01\">www.maisonmallet.com<\/a><\/p>\n<p>Ceux et celles qui le d\u00e9sirent, peuvent y envoyer des messages de sympathie.<\/p>\n<p>&nbsp;<\/p>\n<hr \/>\n<p>Envoyer vos condol\u00e9ances<\/p>\n<p>[contact-form to=\u00a0\u00bbjrtremblay64@hotmail.com\u00a0\u00bb subject=\u00a0\u00bbCondol\u00e9ances Maryse Clements\u00a0\u00bb][contact-field label=\u00a0\u00bbVotre nom\u00a0\u00bb type=\u00a0\u00bbname\u00a0\u00bb required=\u00a0\u00bb1&Prime;][contact-field label=\u00a0\u00bbVotre courriel\u00a0\u00bb type=\u00a0\u00bbemail\u00a0\u00bb required=\u00a0\u00bb1&Prime;][contact-field label=\u00a0\u00bbCondol\u00e9ances\u00a0\u00bb type=\u00a0\u00bbtextarea\u00a0\u00bb][\/contact-form]<\/p>\n","protected":false},"featured_media":11212,"template":"","event_cat":[6],"class_list":["post-10854","event","type-event","status-publish","has-post-thumbnail","hentry","event_cat-maison-mallet-et-fils-inc"],"_links":{"self":[{"href":"https:\/\/nouveau.maisonmallet.com\/back05_01\/index.php?rest_route=\/wp\/v2\/event\/10854","targetHints":{"allow":["GET"]}}],"collection":[{"href":"https:\/\/nouveau.maisonmallet.com\/back05_01\/index.php?rest_route=\/wp\/v2\/event"}],"about":[{"href":"https:\/\/nouveau.maisonmallet.com\/back05_01\/index.php?rest_route=\/wp\/v2\/types\/event"}],"wp:featuredmedia":[{"embeddable":true,"href":"https:\/\/nouveau.maisonmallet.com\/back05_01\/index.php?rest_route=\/wp\/v2\/media\/11212"}],"wp:attachment":[{"href":"https:\/\/nouveau.maisonmallet.com\/back05_01\/index.php?rest_route=%2Fwp%2Fv2%2Fmedia&parent=10854"}],"wp:term":[{"taxonomy":"event_cat","embeddable":true,"href":"https:\/\/nouveau.maisonmallet.com\/back05_01\/index.php?rest_route=%2Fwp%2Fv2%2Fevent_cat&post=10854"}],"curies":[{"name":"wp","href":"https:\/\/api.w.org\/{rel}","templated":true}]}}

<p>1965 – 2020</p>
<p>CLEMENTS, Maryse</p>
<p>&nbsp;</p>
<p>À Québec, le 6 mars 2020, est décédée à l’âge de 54 ans, madame Maryse Clements, épouse de monsieur Jean-René Tremblay et domiciliée à Sept-Îles.</p>
<p>Les funérailles de madame Maryse Clements auront lieu le vendredi 21 août 2020 à 14 h en l’église Marie-Immaculée située au 180, rue Papineau à Sept-Îles et de là au cimetière Catholique de Sept-Îles.</p>
<p>Selon ses volontés, elle a été confiée au crématorium de la Maison Mallet &amp; fils pour crémation.</p>
<p>La famille reçoit parents et amis le jeudi 20 août 2020 de 13 h à 16 et de 19 h à 22 h. Le vendredi 21 août 2020 jour des funérailles à compter de 12 h 30 au Complexe Thanatologique Mallet &amp; fils du 585, boul. Laure à Sept-Îles.</p>
<p><strong>Dû aux circonstances reliées à la pandémie, vous pouvez venir présenter vos condoléances en respectant la distanciation sociale et le port du masque sera obligatoire.</strong></p>
<p>Elle laisse dans le deuil outre son époux monsieur Jean-René Tremblay, son fils Félix, sa fille Maude, ses frères : Denis (Nicole Bourgeois) et Dave (Mylène Barbeau), ses nièces : Véronique (Arthur Jeanneau) et Janie (Félix Larouche), ses neveux : Maxime, Frédéric et Joey, son beau-père monsieur Gilles Tremblay (Linda Perron) ainsi que ses oncles, ses tantes, ses cousins, ses cousines et ses ami(e)s.</p>
<p>Vos marques de sympathie peuvent se traduire par un don à Greffe-toi à nous par E-Mail : <a href="mailto:greffetoianous@gmail.com">greffetoianous@gmail.com</a> ou par téléphone : 418-961-2267.</p>
<p>La famille a confié les arrangements aux services professionnels de la Maison Mallet &amp; fils du 585 Boul. Laure à Sept-Îles, maintenant reconnue Distinction et membre de la Corporation des Thanatologues du Québec.</p>
<p>Vous pouvez consulter cet avis de décès sur le : <a href="https://nouveau.maisonmallet.com/back05_01">www.maisonmallet.com</a></p>
<p>Ceux et celles qui le désirent, peuvent y envoyer des messages de sympathie.</p>
<p>&nbsp;</p>
<hr />
<p>Envoyer vos condoléances</p>
<p>[contact-form to= »jrtremblay64@hotmail.com » subject= »Condoléances Maryse Clements »][contact-field label= »Votre nom » type= »name » required= »1&Prime;][contact-field label= »Votre courriel » type= »email » required= »1&Prime;][contact-field label= »Condoléances » type= »textarea »][/contact-form]</p>
