{"id":10941,"date":"2020-05-09T08:52:26","date_gmt":"2020-05-09T12:52:26","guid":{"rendered":"https:\/\/nouveau.maisonmallet.com\/?post_type=event&#038;p=10941"},"modified":"2020-05-11T08:56:28","modified_gmt":"2020-05-11T12:56:28","slug":"doyle-marie-reine","status":"publish","type":"event","link":"https:\/\/nouveau.maisonmallet.com\/back05_01\/?event=doyle-marie-reine","title":{"rendered":"DOYLE, Marie-Reine"},"content":{"rendered":"<p>1943-2020<\/p>\n<p>\u00c0 Havre-Saint-Pierre, le 9 mai 2020, est d\u00e9c\u00e9d\u00e9e \u00e0 l\u2019\u00e2ge de 76 ans et 8 mois, madame Marie-Reine Doyle fille de feu Thomas Doyle et de feue Bernadette Cummings domicili\u00e9e \u00e0 Havre-Saint-Pierre.<\/p>\n<p>Selon ses volont\u00e9s, elle a \u00e9t\u00e9 confi\u00e9e au cr\u00e9matorium de la Maison L.J.G. Mallet pour cr\u00e9mation.<\/p>\n<p>Afin de respecter les derni\u00e8res volont\u00e9s de Mme Marie-Reine Doyle, il n\u2019y aura aucune c\u00e9l\u00e9bration.<\/p>\n<p>Elle laisse dans le deuil son fr\u00e8re Yvon (Suzanne Th\u00e9riault), ses cousins, ses cousines et ainsi que ses ami(e)s.<\/p>\n<p>Vos marques de sympathie peuvent se traduire par un don \u00e0 la Fondation du Centre de Sant\u00e9 de la Minganie.<\/p>\n<p>La famille a confi\u00e9 les arrangements aux services professionnels de la Maison L.J.G. Mallet du 1429, rue du Canot \u00e0 Havre-Saint-Pierre, maintenant reconnue Distinction et membre de la Corporation des Thanatologues du Qu\u00e9bec.<\/p>\n<p>Vous pouvez consulter cet avis de d\u00e9c\u00e8s sur le\u00a0: <a href=\"https:\/\/nouveau.maisonmallet.com\/back05_01\">www.maisonmallet.com<\/a><\/p>\n<p>Ceux et celles qui le d\u00e9sirent, peuvent y envoyer des messages de sympathie.<\/p>\n<p>&nbsp;<\/p>\n<p>&nbsp;<\/p>\n<hr \/>\n<p>Envoyer vos condol\u00e9ances<\/p>\n<p>[contact-form to=\u00a0\u00bbsuzanne_theriault@globetrotter.net\u00a0\u00bb subject=\u00a0\u00bbCondol\u00e9ances Marie-Reine Doyle\u00a0\u00bb][contact-field label=\u00a0\u00bbVotre nom\u00a0\u00bb type=\u00a0\u00bbname\u00a0\u00bb required=\u00a0\u00bb1&Prime;][contact-field label=\u00a0\u00bbVotre courriel\u00a0\u00bb type=\u00a0\u00bbemail\u00a0\u00bb required=\u00a0\u00bb1&Prime;][contact-field label=\u00a0\u00bbCondol\u00e9ances\u00a0\u00bb type=\u00a0\u00bbtextarea\u00a0\u00bb][\/contact-form]<\/p>\n","protected":false},"featured_media":0,"template":"","event_cat":[7],"class_list":["post-10941","event","type-event","status-publish","hentry","event_cat-maison-l-j-g-mallet-inc"],"_links":{"self":[{"href":"https:\/\/nouveau.maisonmallet.com\/back05_01\/index.php?rest_route=\/wp\/v2\/event\/10941","targetHints":{"allow":["GET"]}}],"collection":[{"href":"https:\/\/nouveau.maisonmallet.com\/back05_01\/index.php?rest_route=\/wp\/v2\/event"}],"about":[{"href":"https:\/\/nouveau.maisonmallet.com\/back05_01\/index.php?rest_route=\/wp\/v2\/types\/event"}],"wp:attachment":[{"href":"https:\/\/nouveau.maisonmallet.com\/back05_01\/index.php?rest_route=%2Fwp%2Fv2%2Fmedia&parent=10941"}],"wp:term":[{"taxonomy":"event_cat","embeddable":true,"href":"https:\/\/nouveau.maisonmallet.com\/back05_01\/index.php?rest_route=%2Fwp%2Fv2%2Fevent_cat&post=10941"}],"curies":[{"name":"wp","href":"https:\/\/api.w.org\/{rel}","templated":true}]}}

<p>1943-2020</p>
<p>À Havre-Saint-Pierre, le 9 mai 2020, est décédée à l’âge de 76 ans et 8 mois, madame Marie-Reine Doyle fille de feu Thomas Doyle et de feue Bernadette Cummings domiciliée à Havre-Saint-Pierre.</p>
<p>Selon ses volontés, elle a été confiée au crématorium de la Maison L.J.G. Mallet pour crémation.</p>
<p>Afin de respecter les dernières volontés de Mme Marie-Reine Doyle, il n’y aura aucune célébration.</p>
<p>Elle laisse dans le deuil son frère Yvon (Suzanne Thériault), ses cousins, ses cousines et ainsi que ses ami(e)s.</p>
<p>Vos marques de sympathie peuvent se traduire par un don à la Fondation du Centre de Santé de la Minganie.</p>
<p>La famille a confié les arrangements aux services professionnels de la Maison L.J.G. Mallet du 1429, rue du Canot à Havre-Saint-Pierre, maintenant reconnue Distinction et membre de la Corporation des Thanatologues du Québec.</p>
<p>Vous pouvez consulter cet avis de décès sur le : <a href="https://nouveau.maisonmallet.com/back05_01">www.maisonmallet.com</a></p>
<p>Ceux et celles qui le désirent, peuvent y envoyer des messages de sympathie.</p>
<p>&nbsp;</p>
<p>&nbsp;</p>
<hr />
<p>Envoyer vos condoléances</p>
<p>[contact-form to= »suzanne_theriault@globetrotter.net » subject= »Condoléances Marie-Reine Doyle »][contact-field label= »Votre nom » type= »name » required= »1&Prime;][contact-field label= »Votre courriel » type= »email » required= »1&Prime;][contact-field label= »Condoléances » type= »textarea »][/contact-form]</p>
