{"id":11011,"date":"2021-07-20T09:16:23","date_gmt":"2021-07-20T13:16:23","guid":{"rendered":"https:\/\/nouveau.maisonmallet.com\/?post_type=event&#038;p=11011"},"modified":"2021-07-22T14:20:47","modified_gmt":"2021-07-22T18:20:47","slug":"touzel-micheline-burgess","status":"publish","type":"event","link":"https:\/\/nouveau.maisonmallet.com\/back05_01\/?event=touzel-micheline-burgess","title":{"rendered":"TOUZEL, Micheline (Burgess)"},"content":{"rendered":"<p>1945-2020<\/p>\n<p>TOUZEL, Micheline (Burgess)<\/p>\n<p>&nbsp;<\/p>\n<p>\u00c0 Havre-Saint-Pierre, le 14 mai 2020, est d\u00e9c\u00e9d\u00e9e \u00e0 l\u2019\u00e2ge de 74 ans, madame Micheline Touzel Burgess \u00e9pouse de monsieur Jean-Luc Burgess et domicili\u00e9e \u00e0 Longue-Pointe-de-Mingan.<\/p>\n<p>Les fun\u00e9railles de madame Micheline Touzel Burgess auront lieu le samedi 24 juillet 2021 \u00e0 10 h 30 en l\u2019\u00e9glise St-Joseph situ\u00e9e au 535, ave. Brochu \u00e0 Sept-\u00celes et de l\u00e0 au cimeti\u00e8re de Longue-Pointe-de-Mingan.<\/p>\n<p>Selon ses volont\u00e9s, elle a \u00e9t\u00e9 confi\u00e9e au cr\u00e9matorium de la Maison L.J.G. Mallet pour cr\u00e9mation.<\/p>\n<p>La famille re\u00e7oit parents et amis le samedi 24 juillet 2021 de 9 h \u00e0 10 h au Complexe Thanatologique Mallet &amp; fils du 585, boul. Laure \u00e0 Sept-\u00celes.<\/p>\n<p><strong><u>D\u00fb aux circonstances reli\u00e9es \u00e0 la pand\u00e9mie, vous pouvez venir pr\u00e9senter vos condol\u00e9ances en respectant la distanciation physique et le port du masque sera obligatoire.<\/u><\/strong><\/p>\n<p>Elle laisse dans le deuil outre son \u00e9poux monsieur Jean-Luc Burgess, sa fille Sonia, ses fils Fran\u00e7ois et Alain (Julie Loiselle), sa m\u00e8re Elmyre Bond, ses petits-enfants : Jessy Vaillancourt-Burgess, \u00c9va et Nishka Louis-Burgess, Malory et Jake Burgess, son fr\u00e8re, ses s\u0153urs, ses beaux-fr\u00e8res, ses belles-s\u0153urs, ses neveux, ses ni\u00e8ces, son oncle, ses tantes, ses cousins, ses cousines et ses cher(e)s ami(e)s.<\/p>\n<p>Vos marques de sympathie peuvent se traduire par un don \u00e0 l\u2019association du cancer de l\u2019est du Qu\u00e9bec par courriel\u00a0: <a href=\"http:\/\/aceq.org\">http:\/\/aceq.org<\/a>.<\/p>\n<p>La famille remercie sinc\u00e8rement le personnel du CISSS de la C\u00f4te-Nord-Minganie. Votre accompagnement et vos t\u00e9moignages d\u2019estime ont \u00e9t\u00e9 d\u2019un grand r\u00e9confort.<\/p>\n<p>La famille a confi\u00e9 la direction des fun\u00e9railles aux services professionnels de la Maison L.J.G. Mallet du 1429, rue du Canot \u00e0 Havre-Saint-Pierre, maintenant reconnue Distinction et membre de la Corporation des Thanatologues du Qu\u00e9bec.<\/p>\n<p>Vous pouvez consulter cet avis de d\u00e9c\u00e8s sur le\u00a0: <a href=\"https:\/\/nouveau.maisonmallet.com\/back05_01\">www.maisonmallet.com<\/a><\/p>\n<p>Ceux et celles qui le d\u00e9sirent, peuvent y envoyer des messages de sympathie.<\/p>\n<p>&nbsp;<\/p>\n<p>&nbsp;<\/p>\n<hr \/>\n<p>Envoyer vos condol\u00e9ances<\/p>\n<p>[contact-form to=\u00a0\u00bbsonia_burgess@hotmail.com\u00a0\u00bb subject=\u00a0\u00bbCondol\u00e9ances Micheline Touzel\u00a0\u00bb][contact-field label=\u00a0\u00bbVotre nom\u00a0\u00bb type=\u00a0\u00bbname\u00a0\u00bb required=\u00a0\u00bb1&Prime;][contact-field label=\u00a0\u00bbVotre courriel\u00a0\u00bb type=\u00a0\u00bbemail\u00a0\u00bb required=\u00a0\u00bb1&Prime;][contact-field label=\u00a0\u00bbCondol\u00e9ances\u00a0\u00bb type=\u00a0\u00bbtextarea\u00a0\u00bb][\/contact-form]<\/p>\n","protected":false},"featured_media":11030,"template":"","event_cat":[7],"class_list":["post-11011","event","type-event","status-publish","has-post-thumbnail","hentry","event_cat-maison-l-j-g-mallet-inc"],"_links":{"self":[{"href":"https:\/\/nouveau.maisonmallet.com\/back05_01\/index.php?rest_route=\/wp\/v2\/event\/11011","targetHints":{"allow":["GET"]}}],"collection":[{"href":"https:\/\/nouveau.maisonmallet.com\/back05_01\/index.php?rest_route=\/wp\/v2\/event"}],"about":[{"href":"https:\/\/nouveau.maisonmallet.com\/back05_01\/index.php?rest_route=\/wp\/v2\/types\/event"}],"wp:featuredmedia":[{"embeddable":true,"href":"https:\/\/nouveau.maisonmallet.com\/back05_01\/index.php?rest_route=\/wp\/v2\/media\/11030"}],"wp:attachment":[{"href":"https:\/\/nouveau.maisonmallet.com\/back05_01\/index.php?rest_route=%2Fwp%2Fv2%2Fmedia&parent=11011"}],"wp:term":[{"taxonomy":"event_cat","embeddable":true,"href":"https:\/\/nouveau.maisonmallet.com\/back05_01\/index.php?rest_route=%2Fwp%2Fv2%2Fevent_cat&post=11011"}],"curies":[{"name":"wp","href":"https:\/\/api.w.org\/{rel}","templated":true}]}}

<p>1945-2020</p>
<p>TOUZEL, Micheline (Burgess)</p>
<p>&nbsp;</p>
<p>À Havre-Saint-Pierre, le 14 mai 2020, est décédée à l’âge de 74 ans, madame Micheline Touzel Burgess épouse de monsieur Jean-Luc Burgess et domiciliée à Longue-Pointe-de-Mingan.</p>
<p>Les funérailles de madame Micheline Touzel Burgess auront lieu le samedi 24 juillet 2021 à 10 h 30 en l’église St-Joseph située au 535, ave. Brochu à Sept-Îles et de là au cimetière de Longue-Pointe-de-Mingan.</p>
<p>Selon ses volontés, elle a été confiée au crématorium de la Maison L.J.G. Mallet pour crémation.</p>
<p>La famille reçoit parents et amis le samedi 24 juillet 2021 de 9 h à 10 h au Complexe Thanatologique Mallet &amp; fils du 585, boul. Laure à Sept-Îles.</p>
<p><strong><u>Dû aux circonstances reliées à la pandémie, vous pouvez venir présenter vos condoléances en respectant la distanciation physique et le port du masque sera obligatoire.</u></strong></p>
<p>Elle laisse dans le deuil outre son époux monsieur Jean-Luc Burgess, sa fille Sonia, ses fils François et Alain (Julie Loiselle), sa mère Elmyre Bond, ses petits-enfants : Jessy Vaillancourt-Burgess, Éva et Nishka Louis-Burgess, Malory et Jake Burgess, son frère, ses sœurs, ses beaux-frères, ses belles-sœurs, ses neveux, ses nièces, son oncle, ses tantes, ses cousins, ses cousines et ses cher(e)s ami(e)s.</p>
<p>Vos marques de sympathie peuvent se traduire par un don à l’association du cancer de l’est du Québec par courriel : <a href="http://aceq.org">http://aceq.org</a>.</p>
<p>La famille remercie sincèrement le personnel du CISSS de la Côte-Nord-Minganie. Votre accompagnement et vos témoignages d’estime ont été d’un grand réconfort.</p>
<p>La famille a confié la direction des funérailles aux services professionnels de la Maison L.J.G. Mallet du 1429, rue du Canot à Havre-Saint-Pierre, maintenant reconnue Distinction et membre de la Corporation des Thanatologues du Québec.</p>
<p>Vous pouvez consulter cet avis de décès sur le : <a href="https://nouveau.maisonmallet.com/back05_01">www.maisonmallet.com</a></p>
<p>Ceux et celles qui le désirent, peuvent y envoyer des messages de sympathie.</p>
<p>&nbsp;</p>
<p>&nbsp;</p>
<hr />
<p>Envoyer vos condoléances</p>
<p>[contact-form to= »sonia_burgess@hotmail.com » subject= »Condoléances Micheline Touzel »][contact-field label= »Votre nom » type= »name » required= »1&Prime;][contact-field label= »Votre courriel » type= »email » required= »1&Prime;][contact-field label= »Condoléances » type= »textarea »][/contact-form]</p>
