{"id":11129,"date":"2020-05-20T17:17:48","date_gmt":"2020-05-20T21:17:48","guid":{"rendered":"https:\/\/nouveau.maisonmallet.com\/?post_type=event&#038;p=11129"},"modified":"2020-05-20T17:17:48","modified_gmt":"2020-05-20T21:17:48","slug":"boudreau-marie-cecile-bourque","status":"publish","type":"event","link":"https:\/\/nouveau.maisonmallet.com\/back05_01\/?event=boudreau-marie-cecile-bourque","title":{"rendered":"BOUDREAU, Marie-C\u00e9cile (Bourque)"},"content":{"rendered":"<p>1942 \u2013 2020<\/p>\n<p>BOUDREAU, Marie-C\u00e9cile (Bourque)<\/p>\n<p>&nbsp;<\/p>\n<p>\u00c0 Sept-\u00celes (maison \u00c9lyme des sables), le 15 mai 2020, est d\u00e9c\u00e9d\u00e9e \u00e0 l\u2019\u00e2ge de 78 ans, madame Marie-C\u00e9cile Boudreau \u00e9pouse de monsieur Armand Bourque et domicili\u00e9e \u00e0 Sept-\u00celes.<\/p>\n<p><strong><u>\u00c9tant donn\u00e9e la situation de crise entourant le COVID-19 et par souci de se conformer aux recommandations gouvernementales en mati\u00e8re de rassemblements int\u00e9rieurs et des mesures d\u2019hygi\u00e8ne strictes pour les visiteurs, les rituels fun\u00e9raires de madame Marie-C\u00e9cile Boudreau Bourque auront lieu dans la plus stricte intimit\u00e9 et sur invitation seulement.<\/u><\/strong><\/p>\n<p>Elle laisse dans le deuil outre son \u00e9poux monsieur Armand Bourque, ses fils\u00a0: Mario (St\u00e9phanie), Alain, Michel (Manon) et Ren\u00e9, ses filles\u00a0: Line et Nathalie (Marc), ses petites-filles\u00a0: M\u00e9lanie (Jean-S\u00e9bastien), Jessica (Patrick), Katheleen ( ) et M\u00e9liane, ses petits-fils\u00a0: Steeve, S\u00e9bastien, Christian et Danick, son arri\u00e8re-petit-fils Marc-Juniur, ses arri\u00e8re-petites-filles\u00a0: Bianca , Mia, Joanie, Sophia et Karell-Ann ainsi que ses fr\u00e8res, ses s\u0153urs, ses beaux-fr\u00e8res, ses belles-s\u0153urs, ses neveux, ses ni\u00e8ces, ses cousins, ses cousines et de nombreux ami(e)s.<\/p>\n<p>La famille tient \u00e0 vous remercier pour votre soutien et votre compr\u00e9hension dans le contexte actuel et a confi\u00e9 les arrangements fun\u00e9raires aux services professionnels de la Maison Mallet &amp; fils du 585 boul. Laure \u00e0 Sept-\u00celes, maintenant reconnue Distinction et membre de la Corporation des Thanatologues du Qu\u00e9bec.<\/p>\n<p>Vous pouvez consulter cet avis de d\u00e9c\u00e8s sur le <a href=\"https:\/\/nouveau.maisonmallet.com\/back05_01\/\">www.maisonmallet.com<\/a><\/p>\n<p>Ceux et celles qui le d\u00e9sirent, peuvent y envoyer des messages de sympathie.<\/p>\n<p>&nbsp;<\/p>\n<hr \/>\n<p>Envoyer vos condol\u00e9ances<\/p>\n<p>[contact-form to=\u00a0\u00bbline.vigneault@icloud.com\u00a0\u00bb subject=\u00a0\u00bbCondol\u00e9ances Marie-C\u00e9cile Boudreau\u00a0\u00bb][contact-field label=\u00a0\u00bbVotre nom\u00a0\u00bb type=\u00a0\u00bbname\u00a0\u00bb required=\u00a0\u00bb1&Prime;][contact-field label=\u00a0\u00bbVotre courriel\u00a0\u00bb type=\u00a0\u00bbemail\u00a0\u00bb required=\u00a0\u00bb1&Prime;][contact-field label=\u00a0\u00bbCondol\u00e9ances\u00a0\u00bb type=\u00a0\u00bbtextarea\u00a0\u00bb][\/contact-form]<\/p>\n","protected":false},"featured_media":11130,"template":"","event_cat":[6],"class_list":["post-11129","event","type-event","status-publish","has-post-thumbnail","hentry","event_cat-maison-mallet-et-fils-inc"],"_links":{"self":[{"href":"https:\/\/nouveau.maisonmallet.com\/back05_01\/index.php?rest_route=\/wp\/v2\/event\/11129","targetHints":{"allow":["GET"]}}],"collection":[{"href":"https:\/\/nouveau.maisonmallet.com\/back05_01\/index.php?rest_route=\/wp\/v2\/event"}],"about":[{"href":"https:\/\/nouveau.maisonmallet.com\/back05_01\/index.php?rest_route=\/wp\/v2\/types\/event"}],"wp:featuredmedia":[{"embeddable":true,"href":"https:\/\/nouveau.maisonmallet.com\/back05_01\/index.php?rest_route=\/wp\/v2\/media\/11130"}],"wp:attachment":[{"href":"https:\/\/nouveau.maisonmallet.com\/back05_01\/index.php?rest_route=%2Fwp%2Fv2%2Fmedia&parent=11129"}],"wp:term":[{"taxonomy":"event_cat","embeddable":true,"href":"https:\/\/nouveau.maisonmallet.com\/back05_01\/index.php?rest_route=%2Fwp%2Fv2%2Fevent_cat&post=11129"}],"curies":[{"name":"wp","href":"https:\/\/api.w.org\/{rel}","templated":true}]}}

BOUDREAU, Marie-Cécile (Bourque)

<p>1942 – 2020</p>
<p>BOUDREAU, Marie-Cécile (Bourque)</p>
<p>&nbsp;</p>
<p>À Sept-Îles (maison Élyme des sables), le 15 mai 2020, est décédée à l’âge de 78 ans, madame Marie-Cécile Boudreau épouse de monsieur Armand Bourque et domiciliée à Sept-Îles.</p>
<p><strong><u>Étant donnée la situation de crise entourant le COVID-19 et par souci de se conformer aux recommandations gouvernementales en matière de rassemblements intérieurs et des mesures d’hygiène strictes pour les visiteurs, les rituels funéraires de madame Marie-Cécile Boudreau Bourque auront lieu dans la plus stricte intimité et sur invitation seulement.</u></strong></p>
<p>Elle laisse dans le deuil outre son époux monsieur Armand Bourque, ses fils : Mario (Stéphanie), Alain, Michel (Manon) et René, ses filles : Line et Nathalie (Marc), ses petites-filles : Mélanie (Jean-Sébastien), Jessica (Patrick), Katheleen ( ) et Méliane, ses petits-fils : Steeve, Sébastien, Christian et Danick, son arrière-petit-fils Marc-Juniur, ses arrière-petites-filles : Bianca , Mia, Joanie, Sophia et Karell-Ann ainsi que ses frères, ses sœurs, ses beaux-frères, ses belles-sœurs, ses neveux, ses nièces, ses cousins, ses cousines et de nombreux ami(e)s.</p>
<p>La famille tient à vous remercier pour votre soutien et votre compréhension dans le contexte actuel et a confié les arrangements funéraires aux services professionnels de la Maison Mallet &amp; fils du 585 boul. Laure à Sept-Îles, maintenant reconnue Distinction et membre de la Corporation des Thanatologues du Québec.</p>
<p>Vous pouvez consulter cet avis de décès sur le <a href="https://nouveau.maisonmallet.com/back05_01/">www.maisonmallet.com</a></p>
<p>Ceux et celles qui le désirent, peuvent y envoyer des messages de sympathie.</p>
<p>&nbsp;</p>
<hr />
<p>Envoyer vos condoléances</p>
<p>[contact-form to= »line.vigneault@icloud.com » subject= »Condoléances Marie-Cécile Boudreau »][contact-field label= »Votre nom » type= »name » required= »1&Prime;][contact-field label= »Votre courriel » type= »email » required= »1&Prime;][contact-field label= »Condoléances » type= »textarea »][/contact-form]</p>
