{"id":11152,"date":"2020-05-23T09:00:30","date_gmt":"2020-05-23T13:00:30","guid":{"rendered":"https:\/\/nouveau.maisonmallet.com\/?post_type=event&#038;p=11152"},"modified":"2020-05-26T21:45:13","modified_gmt":"2020-05-27T01:45:13","slug":"fontaine-jean-yves","status":"publish","type":"event","link":"https:\/\/nouveau.maisonmallet.com\/back05_01\/?event=fontaine-jean-yves","title":{"rendered":"FONTAINE, Jean-Yves"},"content":{"rendered":"<p>1957 \u2013 2020<\/p>\n<p>FONTAINE, Jean-Yves<\/p>\n<p>&nbsp;<\/p>\n<p>\u00c0 Trois-Rivi\u00e8res, le 19 mai 2020, est d\u00e9c\u00e9d\u00e9 \u00e0 l\u2019\u00e2ge de 62 ans, monsieur Jean-Yves Fontaine \u00e9poux de feue Nicole Smith Lessard et domicili\u00e9 \u00e0 Trois-Rivi\u00e8res.<\/p>\n<p><strong><u>\u00c9tant donn\u00e9e la situation de crise entourant le COVID-19 et par souci de se conformer aux recommandations gouvernementales en mati\u00e8re de rassemblements int\u00e9rieurs et des mesures d\u2019hygi\u00e8ne strictes pour les visiteurs, les rituels fun\u00e9raires de monsieur Jean-Yves Fontaine auront lieu dans la plus stricte intimit\u00e9 et sur invitation seulement.<\/u><\/strong><\/p>\n<p>Il laisse dans le deuil sa fille Marie-Christine (Robert), ses fils\u00a0: Pierre-Luc, Kevin (Jade) et Jimmy (Sarah), sa m\u00e8re madame Elizabeth Andr\u00e9 (feu Adhemar Fontaine), ses belles-filles\u00a0: Fran\u00e7oise et Marie-Pier (Olivier), son beau-fils Michel, ses dix-sept petit-enfants ainsi que ses fr\u00e8res\u00a0: Bertrand (Marie-Luce), Francise (Marie), Lucien (Isabelle) et Mathieu, sa s\u0153ur Gaetanne, ses beaux-fr\u00e8res, ses belles-s\u0153urs, ses neveux, ses ni\u00e8ces, ses cousins, ses cousines et de nombreux ami(e)s.<\/p>\n<p>La famille a confi\u00e9 les arrangements fun\u00e9raires aux services professionnels de la Maison Mallet &amp; fils du 585, boul. Laure \u00e0 Sept-\u00celes, maintenant reconnue Distinction et membre de la Corporation des Thanatologues du Qu\u00e9bec.<\/p>\n<p>Vous pouvez consulter cet avis de d\u00e9c\u00e8s, sur le <a href=\"https:\/\/nouveau.maisonmallet.com\/back05_01\">www.maisonmallet.com<\/a><\/p>\n<p>Ceux et celles qui le d\u00e9sirent, peuvent y envoyer des messages de sympathie.<\/p>\n<p>&nbsp;<\/p>\n<hr \/>\n<p>Envoyer vos condol\u00e9ances<\/p>\n<p>[contact-form to=\u00a0\u00bbregis.mariechristine79@gmail.com\u00a0\u00bb subject=\u00a0\u00bbCondol\u00e9ances Jean-Yves Fontaine\u00a0\u00bb][contact-field label=\u00a0\u00bbVotre nom\u00a0\u00bb type=\u00a0\u00bbname\u00a0\u00bb required=\u00a0\u00bb1&Prime;][contact-field label=\u00a0\u00bbVotre courriel\u00a0\u00bb type=\u00a0\u00bbemail\u00a0\u00bb required=\u00a0\u00bb1&Prime;][contact-field label=\u00a0\u00bbCondol\u00e9ances\u00a0\u00bb type=\u00a0\u00bbtextarea\u00a0\u00bb][\/contact-form]<\/p>\n","protected":false},"featured_media":11154,"template":"","event_cat":[6],"class_list":["post-11152","event","type-event","status-publish","has-post-thumbnail","hentry","event_cat-maison-mallet-et-fils-inc"],"_links":{"self":[{"href":"https:\/\/nouveau.maisonmallet.com\/back05_01\/index.php?rest_route=\/wp\/v2\/event\/11152","targetHints":{"allow":["GET"]}}],"collection":[{"href":"https:\/\/nouveau.maisonmallet.com\/back05_01\/index.php?rest_route=\/wp\/v2\/event"}],"about":[{"href":"https:\/\/nouveau.maisonmallet.com\/back05_01\/index.php?rest_route=\/wp\/v2\/types\/event"}],"wp:featuredmedia":[{"embeddable":true,"href":"https:\/\/nouveau.maisonmallet.com\/back05_01\/index.php?rest_route=\/wp\/v2\/media\/11154"}],"wp:attachment":[{"href":"https:\/\/nouveau.maisonmallet.com\/back05_01\/index.php?rest_route=%2Fwp%2Fv2%2Fmedia&parent=11152"}],"wp:term":[{"taxonomy":"event_cat","embeddable":true,"href":"https:\/\/nouveau.maisonmallet.com\/back05_01\/index.php?rest_route=%2Fwp%2Fv2%2Fevent_cat&post=11152"}],"curies":[{"name":"wp","href":"https:\/\/api.w.org\/{rel}","templated":true}]}}

<p>1957 – 2020</p>
<p>FONTAINE, Jean-Yves</p>
<p>&nbsp;</p>
<p>À Trois-Rivières, le 19 mai 2020, est décédé à l’âge de 62 ans, monsieur Jean-Yves Fontaine époux de feue Nicole Smith Lessard et domicilié à Trois-Rivières.</p>
<p><strong><u>Étant donnée la situation de crise entourant le COVID-19 et par souci de se conformer aux recommandations gouvernementales en matière de rassemblements intérieurs et des mesures d’hygiène strictes pour les visiteurs, les rituels funéraires de monsieur Jean-Yves Fontaine auront lieu dans la plus stricte intimité et sur invitation seulement.</u></strong></p>
<p>Il laisse dans le deuil sa fille Marie-Christine (Robert), ses fils : Pierre-Luc, Kevin (Jade) et Jimmy (Sarah), sa mère madame Elizabeth André (feu Adhemar Fontaine), ses belles-filles : Françoise et Marie-Pier (Olivier), son beau-fils Michel, ses dix-sept petit-enfants ainsi que ses frères : Bertrand (Marie-Luce), Francise (Marie), Lucien (Isabelle) et Mathieu, sa sœur Gaetanne, ses beaux-frères, ses belles-sœurs, ses neveux, ses nièces, ses cousins, ses cousines et de nombreux ami(e)s.</p>
<p>La famille a confié les arrangements funéraires aux services professionnels de la Maison Mallet &amp; fils du 585, boul. Laure à Sept-Îles, maintenant reconnue Distinction et membre de la Corporation des Thanatologues du Québec.</p>
<p>Vous pouvez consulter cet avis de décès, sur le <a href="https://nouveau.maisonmallet.com/back05_01">www.maisonmallet.com</a></p>
<p>Ceux et celles qui le désirent, peuvent y envoyer des messages de sympathie.</p>
<p>&nbsp;</p>
<hr />
<p>Envoyer vos condoléances</p>
<p>[contact-form to= »regis.mariechristine79@gmail.com » subject= »Condoléances Jean-Yves Fontaine »][contact-field label= »Votre nom » type= »name » required= »1&Prime;][contact-field label= »Votre courriel » type= »email » required= »1&Prime;][contact-field label= »Condoléances » type= »textarea »][/contact-form]</p>
