{"id":11188,"date":"2020-05-26T22:04:22","date_gmt":"2020-05-27T02:04:22","guid":{"rendered":"https:\/\/nouveau.maisonmallet.com\/?post_type=event&#038;p=11188"},"modified":"2020-05-26T22:12:26","modified_gmt":"2020-05-27T02:12:26","slug":"normandeau-marcel","status":"publish","type":"event","link":"https:\/\/nouveau.maisonmallet.com\/back05_01\/?event=normandeau-marcel","title":{"rendered":"NORMANDEAU, Marcel"},"content":{"rendered":"<p>1940 \u2013 2020<\/p>\n<p>NORMANDEAU, MARCEL<\/p>\n<p>&nbsp;<\/p>\n<p>\u00c0 Port-Cartier, le 11 mai 2020, est d\u00e9c\u00e9d\u00e9 \u00e0 l\u2019\u00e2ge de 80 ans, monsieur Marcel Normandeau fils de feu Ernest Normandeau et de feue \u00c9merancienne Barriault domicili\u00e9 \u00e0 Port-Cartier.<\/p>\n<p>Selon ses volont\u00e9s, il a \u00e9t\u00e9 confi\u00e9 au cr\u00e9matorium de la Maison Mallet &amp; fils pour cr\u00e9mation.<\/p>\n<p><strong><u>En raison des circonstances, les rituels fun\u00e9raires de monsieur Marcel Normandeau se tiendront \u00e0 une date ult\u00e9rieure.<\/u><\/strong><\/p>\n<p>Il laisse dans le deuil son fils Michel, sa fille Denise, ses petit-fils : Keven (Jo\u00eblle Beaurivage), Jean-Samuel (Elsa P\u00e9pin) et Louis-S\u00e9bastien (Josiane Bouchard), son arri\u00e8re-petit-fils Thomas, arri\u00e8re-petite-fille \u00c9l\u00e9onore ainsi que sa s\u0153ur Lorraine, ses fr\u00e8res : \u00a0Herv\u00e9 (Nicole Paillette), Jean-Paul et Serge, ses neveux, ses ni\u00e8ces et de nombreux ami(e)s.<\/p>\n<p>Il \u00e9tait le p\u00e8re de feue Mireille Normandeau.<\/p>\n<p>La famille a confi\u00e9 les arrangements aux services professionnels de la Maison Mallet &amp; fils du 57, route 138 \u00e0 Port-Cartier, maintenant reconnue Distinction et membre de la Corporation des Thanatologues du Qu\u00e9bec.<\/p>\n<p>Vous pouvez consulter cet avis de d\u00e9c\u00e8s sur le\u00a0 <a href=\"https:\/\/nouveau.maisonmallet.com\/back05_01\">www.maisonmallet.com<\/a><\/p>\n<p>Ceux et celles qui le d\u00e9sirent, peuvent y envoyer des messages de sympathie.<\/p>\n<p>&nbsp;<\/p>\n<hr \/>\n<p>Envoyer vos condol\u00e9ances<\/p>\n<p>[contact-form to=\u00a0\u00bbdenisenormandeau@hotmail.ca\u00a0\u00bb subject=\u00a0\u00bbCondol\u00e9ances Marcel Normandeau\u00a0\u00bb][contact-field label=\u00a0\u00bbVotre nom\u00a0\u00bb type=\u00a0\u00bbname\u00a0\u00bb required=\u00a0\u00bb1&Prime;][contact-field label=\u00a0\u00bbVotre courriel\u00a0\u00bb type=\u00a0\u00bbemail\u00a0\u00bb required=\u00a0\u00bb1&Prime;][contact-field label=\u00a0\u00bbCondol\u00e9ances\u00a0\u00bb type=\u00a0\u00bbtextarea\u00a0\u00bb][\/contact-form]<\/p>\n","protected":false},"featured_media":11191,"template":"","event_cat":[6],"class_list":["post-11188","event","type-event","status-publish","has-post-thumbnail","hentry","event_cat-maison-mallet-et-fils-inc"],"_links":{"self":[{"href":"https:\/\/nouveau.maisonmallet.com\/back05_01\/index.php?rest_route=\/wp\/v2\/event\/11188","targetHints":{"allow":["GET"]}}],"collection":[{"href":"https:\/\/nouveau.maisonmallet.com\/back05_01\/index.php?rest_route=\/wp\/v2\/event"}],"about":[{"href":"https:\/\/nouveau.maisonmallet.com\/back05_01\/index.php?rest_route=\/wp\/v2\/types\/event"}],"wp:featuredmedia":[{"embeddable":true,"href":"https:\/\/nouveau.maisonmallet.com\/back05_01\/index.php?rest_route=\/wp\/v2\/media\/11191"}],"wp:attachment":[{"href":"https:\/\/nouveau.maisonmallet.com\/back05_01\/index.php?rest_route=%2Fwp%2Fv2%2Fmedia&parent=11188"}],"wp:term":[{"taxonomy":"event_cat","embeddable":true,"href":"https:\/\/nouveau.maisonmallet.com\/back05_01\/index.php?rest_route=%2Fwp%2Fv2%2Fevent_cat&post=11188"}],"curies":[{"name":"wp","href":"https:\/\/api.w.org\/{rel}","templated":true}]}}

<p>1940 – 2020</p>
<p>NORMANDEAU, MARCEL</p>
<p>&nbsp;</p>
<p>À Port-Cartier, le 11 mai 2020, est décédé à l’âge de 80 ans, monsieur Marcel Normandeau fils de feu Ernest Normandeau et de feue Émerancienne Barriault domicilié à Port-Cartier.</p>
<p>Selon ses volontés, il a été confié au crématorium de la Maison Mallet &amp; fils pour crémation.</p>
<p><strong><u>En raison des circonstances, les rituels funéraires de monsieur Marcel Normandeau se tiendront à une date ultérieure.</u></strong></p>
<p>Il laisse dans le deuil son fils Michel, sa fille Denise, ses petit-fils : Keven (Joëlle Beaurivage), Jean-Samuel (Elsa Pépin) et Louis-Sébastien (Josiane Bouchard), son arrière-petit-fils Thomas, arrière-petite-fille Éléonore ainsi que sa sœur Lorraine, ses frères :  Hervé (Nicole Paillette), Jean-Paul et Serge, ses neveux, ses nièces et de nombreux ami(e)s.</p>
<p>Il était le père de feue Mireille Normandeau.</p>
<p>La famille a confié les arrangements aux services professionnels de la Maison Mallet &amp; fils du 57, route 138 à Port-Cartier, maintenant reconnue Distinction et membre de la Corporation des Thanatologues du Québec.</p>
<p>Vous pouvez consulter cet avis de décès sur le  <a href="https://nouveau.maisonmallet.com/back05_01">www.maisonmallet.com</a></p>
<p>Ceux et celles qui le désirent, peuvent y envoyer des messages de sympathie.</p>
<p>&nbsp;</p>
<hr />
<p>Envoyer vos condoléances</p>
<p>[contact-form to= »denisenormandeau@hotmail.ca » subject= »Condoléances Marcel Normandeau »][contact-field label= »Votre nom » type= »name » required= »1&Prime;][contact-field label= »Votre courriel » type= »email » required= »1&Prime;][contact-field label= »Condoléances » type= »textarea »][/contact-form]</p>
