{"id":11252,"date":"2020-06-06T12:35:04","date_gmt":"2020-06-06T16:35:04","guid":{"rendered":"https:\/\/nouveau.maisonmallet.com\/?post_type=event&#038;p=11252"},"modified":"2020-06-08T23:12:33","modified_gmt":"2020-06-09T03:12:33","slug":"roy-lorraine","status":"publish","type":"event","link":"https:\/\/nouveau.maisonmallet.com\/back05_01\/?event=roy-lorraine","title":{"rendered":"ROY, Lorraine"},"content":{"rendered":"<p>1944 \u2013 2020<\/p>\n<p>ROY, Lorraine<\/p>\n<p>&nbsp;<\/p>\n<p>\u00c0 Qu\u00e9bec, le 6 juin, est d\u00e9c\u00e9d\u00e9e \u00e0 l\u2019\u00e2ge de 75 ans, madame Lorraine Roy conjointe de monsieur Jean-Yves Jourdain domicili\u00e9e \u00e0 Qu\u00e9bec autrefois de Sept-\u00celes.<\/p>\n<p>Selon ses volont\u00e9s, elle a \u00e9t\u00e9 confi\u00e9e au cr\u00e9matorium de la Maison Mallet &amp; fils pour cr\u00e9mation.<\/p>\n<p>Elle laisse dans le deuil outre son conjoint monsieur Jean-Yves Jourdain, sa fille Chantal (Mich\u00e8le Dumoulin) ainsi que ses fr\u00e8res\u00a0: Jacques ( Laurette Gr\u00e9goire), Jean-Pierre (C\u00e9line Lefebvre), sa s\u0153ur Dominique (Serge B\u00e9rub\u00e9), ses neveux, ses ni\u00e8ces et ses ami(e)s.<\/p>\n<p>Les arrangements fun\u00e9raires aux services professionnels de la Maison Mallet &amp; fils du 585, boul Laure \u00e0 Sept-\u00celes, maintenant reconnue Distinction et membre de la Corporation des Thanatologues du Qu\u00e9bec.<\/p>\n<p>Vous pouvez consulter cet avis de d\u00e9c\u00e8s sur le <a href=\"https:\/\/nouveau.maisonmallet.com\/back05_01\/\">www.maisonmallet.com<\/a><\/p>\n<p>Ceux et celles qui le d\u00e9sirent, peuvent y envoyer des messages de sympathie.<\/p>\n<p>&nbsp;<\/p>\n<hr \/>\n<p>Envoyer vos condol\u00e9ances<\/p>\n<p>[contact-form to=\u00a0\u00bbchantal.roy@cgocable.ca\u00a0\u00bb subject=\u00a0\u00bbCondol\u00e9ances Lorraine Roy\u00a0\u00bb][contact-field label=\u00a0\u00bbVotre nom\u00a0\u00bb type=\u00a0\u00bbname\u00a0\u00bb required=\u00a0\u00bb1&Prime;][contact-field label=\u00a0\u00bbVotre courriel\u00a0\u00bb type=\u00a0\u00bbemail\u00a0\u00bb required=\u00a0\u00bb1&Prime;][contact-field label=\u00a0\u00bbCondol\u00e9ances\u00a0\u00bb type=\u00a0\u00bbtextarea\u00a0\u00bb][\/contact-form]<\/p>\n","protected":false},"featured_media":11306,"template":"","event_cat":[6],"class_list":["post-11252","event","type-event","status-publish","has-post-thumbnail","hentry","event_cat-maison-mallet-et-fils-inc"],"_links":{"self":[{"href":"https:\/\/nouveau.maisonmallet.com\/back05_01\/index.php?rest_route=\/wp\/v2\/event\/11252","targetHints":{"allow":["GET"]}}],"collection":[{"href":"https:\/\/nouveau.maisonmallet.com\/back05_01\/index.php?rest_route=\/wp\/v2\/event"}],"about":[{"href":"https:\/\/nouveau.maisonmallet.com\/back05_01\/index.php?rest_route=\/wp\/v2\/types\/event"}],"wp:featuredmedia":[{"embeddable":true,"href":"https:\/\/nouveau.maisonmallet.com\/back05_01\/index.php?rest_route=\/wp\/v2\/media\/11306"}],"wp:attachment":[{"href":"https:\/\/nouveau.maisonmallet.com\/back05_01\/index.php?rest_route=%2Fwp%2Fv2%2Fmedia&parent=11252"}],"wp:term":[{"taxonomy":"event_cat","embeddable":true,"href":"https:\/\/nouveau.maisonmallet.com\/back05_01\/index.php?rest_route=%2Fwp%2Fv2%2Fevent_cat&post=11252"}],"curies":[{"name":"wp","href":"https:\/\/api.w.org\/{rel}","templated":true}]}}

<p>1944 – 2020</p>
<p>ROY, Lorraine</p>
<p>&nbsp;</p>
<p>À Québec, le 6 juin, est décédée à l’âge de 75 ans, madame Lorraine Roy conjointe de monsieur Jean-Yves Jourdain domiciliée à Québec autrefois de Sept-Îles.</p>
<p>Selon ses volontés, elle a été confiée au crématorium de la Maison Mallet &amp; fils pour crémation.</p>
<p>Elle laisse dans le deuil outre son conjoint monsieur Jean-Yves Jourdain, sa fille Chantal (Michèle Dumoulin) ainsi que ses frères : Jacques ( Laurette Grégoire), Jean-Pierre (Céline Lefebvre), sa sœur Dominique (Serge Bérubé), ses neveux, ses nièces et ses ami(e)s.</p>
<p>Les arrangements funéraires aux services professionnels de la Maison Mallet &amp; fils du 585, boul Laure à Sept-Îles, maintenant reconnue Distinction et membre de la Corporation des Thanatologues du Québec.</p>
<p>Vous pouvez consulter cet avis de décès sur le <a href="https://nouveau.maisonmallet.com/back05_01/">www.maisonmallet.com</a></p>
<p>Ceux et celles qui le désirent, peuvent y envoyer des messages de sympathie.</p>
<p>&nbsp;</p>
<hr />
<p>Envoyer vos condoléances</p>
<p>[contact-form to= »chantal.roy@cgocable.ca » subject= »Condoléances Lorraine Roy »][contact-field label= »Votre nom » type= »name » required= »1&Prime;][contact-field label= »Votre courriel » type= »email » required= »1&Prime;][contact-field label= »Condoléances » type= »textarea »][/contact-form]</p>
