{"id":11345,"date":"2020-07-15T09:21:37","date_gmt":"2020-07-15T13:21:37","guid":{"rendered":"https:\/\/nouveau.maisonmallet.com\/?post_type=event&#038;p=11345"},"modified":"2020-07-15T14:58:50","modified_gmt":"2020-07-15T18:58:50","slug":"allard-jacqueline-noel","status":"publish","type":"event","link":"https:\/\/nouveau.maisonmallet.com\/back05_01\/?event=allard-jacqueline-noel","title":{"rendered":"ALLARD, Jacqueline (No\u00ebl)"},"content":{"rendered":"<p>1931 \u2013 2020<\/p>\n<p>ALLARD, Jacqueline (No\u00ebl)<\/p>\n<p>&nbsp;<\/p>\n<p>\u00c0 Sept-\u00celes, le 8 juin 2020, est d\u00e9c\u00e9d\u00e9e \u00e0 l\u2019\u00e2ge de 88 ans, madame Jacqueline Allard \u00e9pouse de monsieur Augustin No\u00ebl et domicili\u00e9e \u00e0 Sept-\u00celes.<\/p>\n<p>Les fun\u00e9railles de madame Jacqueline Allard No\u00ebl auront lieu le samedi 18 juillet 2020 \u00e0 14 h en l\u2019\u00e9glise St-Joseph situ\u00e9e au 535, ave. Brochu \u00e0 Sept-\u00celes et de l\u00e0 au cimeti\u00e8re de Clarke-City.<\/p>\n<p>Selon ses volont\u00e9s, elle a \u00e9t\u00e9 confi\u00e9e au cr\u00e9matorium de la Maison Mallet &amp; fils pour cr\u00e9mation.<\/p>\n<p>La famille re\u00e7oit parents et amis le vendredi 17 juillet 2020 de 19 h \u00e0 22 h. au Complexe Thanatologique Mallet &amp; fils du 585, boul. Laure \u00e0 Sept-\u00celes.<\/p>\n<p><strong>D\u00fb aux circonstances reli\u00e9es \u00e0 la pand\u00e9mie, vous pouvez venir pr\u00e9senter vos condol\u00e9ances en respectant la distanciation sociale.<\/strong><\/p>\n<p>Elle laisse dans le deuil outre son \u00e9poux monsieur Augustin No\u00ebl, ses enfants\u00a0: Marise (Daniel Gionet), Annie et Martin (Jos\u00e9e Boudoul, son fils Mathieu), ses petits-enfants\u00a0: Jean-Philippe, Alycia et Ga\u00eblle, son fr\u00e8re\u00a0Philippe (Julia Lejeune), ses s\u0153urs\u00a0: \u00c9dith et Colette (Claude Castonguay), ses beaux-fr\u00e8res\u00a0: Rom\u00e9o Leblanc et Armand No\u00ebl ainsi que ses belles-s\u0153urs\u00a0: Alvina No\u00ebl et Marie-Louise Boudreault, ses neveux, ses ni\u00e8ces, ses cousins, ses cousines, et de nombreux ami(e)s.<\/p>\n<p>Vos marques de sympathie peuvent se traduire par un don \u00e0 la Soci\u00e9t\u00e9 Canadienne du cancer <a href=\"http:\/\/www.cancer.ca\">www.cancer.ca<\/a><\/p>\n<p>La famille a confi\u00e9 la direction des fun\u00e9railles aux services professionnels de la Maison Mallet &amp; fils du 585 Boul. Laure \u00e0 Sept-\u00celes, maintenant reconnue Distinction et membre de la Corporation des Thanatologues du Qu\u00e9bec.<\/p>\n<p>Vous pouvez consulter cet avis de d\u00e9c\u00e8s sur le\u00a0: <a href=\"https:\/\/nouveau.maisonmallet.com\/back05_01\">www.maisonmallet.com<\/a><\/p>\n<p>Ceux et celles qui le d\u00e9sirent, peuvent y envoyer des messages de sympathie.<\/p>\n<p>&nbsp;<\/p>\n<hr \/>\n<p>Envoyer vos condol\u00e9ances<\/p>\n<p>[contact-form to=\u00a0\u00bbmartinnoel@cgocable.ca\u00a0\u00bb subject=\u00a0\u00bbCondol\u00e9ances Jacqueline Allard\u00a0\u00bb][contact-field label=\u00a0\u00bbVotre nom\u00a0\u00bb type=\u00a0\u00bbname\u00a0\u00bb required=\u00a0\u00bb1&Prime;][contact-field label=\u00a0\u00bbVotre courriel\u00a0\u00bb type=\u00a0\u00bbemail\u00a0\u00bb required=\u00a0\u00bb1&Prime;][contact-field label=\u00a0\u00bbCondol\u00e9ances\u00a0\u00bb type=\u00a0\u00bbtextarea\u00a0\u00bb][\/contact-form]<\/p>\n","protected":false},"featured_media":11428,"template":"","event_cat":[6],"class_list":["post-11345","event","type-event","status-publish","has-post-thumbnail","hentry","event_cat-maison-mallet-et-fils-inc"],"_links":{"self":[{"href":"https:\/\/nouveau.maisonmallet.com\/back05_01\/index.php?rest_route=\/wp\/v2\/event\/11345","targetHints":{"allow":["GET"]}}],"collection":[{"href":"https:\/\/nouveau.maisonmallet.com\/back05_01\/index.php?rest_route=\/wp\/v2\/event"}],"about":[{"href":"https:\/\/nouveau.maisonmallet.com\/back05_01\/index.php?rest_route=\/wp\/v2\/types\/event"}],"wp:featuredmedia":[{"embeddable":true,"href":"https:\/\/nouveau.maisonmallet.com\/back05_01\/index.php?rest_route=\/wp\/v2\/media\/11428"}],"wp:attachment":[{"href":"https:\/\/nouveau.maisonmallet.com\/back05_01\/index.php?rest_route=%2Fwp%2Fv2%2Fmedia&parent=11345"}],"wp:term":[{"taxonomy":"event_cat","embeddable":true,"href":"https:\/\/nouveau.maisonmallet.com\/back05_01\/index.php?rest_route=%2Fwp%2Fv2%2Fevent_cat&post=11345"}],"curies":[{"name":"wp","href":"https:\/\/api.w.org\/{rel}","templated":true}]}}

ALLARD, Jacqueline (Noël)

<p>1931 – 2020</p>
<p>ALLARD, Jacqueline (Noël)</p>
<p>&nbsp;</p>
<p>À Sept-Îles, le 8 juin 2020, est décédée à l’âge de 88 ans, madame Jacqueline Allard épouse de monsieur Augustin Noël et domiciliée à Sept-Îles.</p>
<p>Les funérailles de madame Jacqueline Allard Noël auront lieu le samedi 18 juillet 2020 à 14 h en l’église St-Joseph située au 535, ave. Brochu à Sept-Îles et de là au cimetière de Clarke-City.</p>
<p>Selon ses volontés, elle a été confiée au crématorium de la Maison Mallet &amp; fils pour crémation.</p>
<p>La famille reçoit parents et amis le vendredi 17 juillet 2020 de 19 h à 22 h. au Complexe Thanatologique Mallet &amp; fils du 585, boul. Laure à Sept-Îles.</p>
<p><strong>Dû aux circonstances reliées à la pandémie, vous pouvez venir présenter vos condoléances en respectant la distanciation sociale.</strong></p>
<p>Elle laisse dans le deuil outre son époux monsieur Augustin Noël, ses enfants : Marise (Daniel Gionet), Annie et Martin (Josée Boudoul, son fils Mathieu), ses petits-enfants : Jean-Philippe, Alycia et Gaëlle, son frère Philippe (Julia Lejeune), ses sœurs : Édith et Colette (Claude Castonguay), ses beaux-frères : Roméo Leblanc et Armand Noël ainsi que ses belles-sœurs : Alvina Noël et Marie-Louise Boudreault, ses neveux, ses nièces, ses cousins, ses cousines, et de nombreux ami(e)s.</p>
<p>Vos marques de sympathie peuvent se traduire par un don à la Société Canadienne du cancer <a href="http://www.cancer.ca">www.cancer.ca</a></p>
<p>La famille a confié la direction des funérailles aux services professionnels de la Maison Mallet &amp; fils du 585 Boul. Laure à Sept-Îles, maintenant reconnue Distinction et membre de la Corporation des Thanatologues du Québec.</p>
<p>Vous pouvez consulter cet avis de décès sur le : <a href="https://nouveau.maisonmallet.com/back05_01">www.maisonmallet.com</a></p>
<p>Ceux et celles qui le désirent, peuvent y envoyer des messages de sympathie.</p>
<p>&nbsp;</p>
<hr />
<p>Envoyer vos condoléances</p>
<p>[contact-form to= »martinnoel@cgocable.ca » subject= »Condoléances Jacqueline Allard »][contact-field label= »Votre nom » type= »name » required= »1&Prime;][contact-field label= »Votre courriel » type= »email » required= »1&Prime;][contact-field label= »Condoléances » type= »textarea »][/contact-form]</p>
