{"id":11427,"date":"2020-08-27T15:33:32","date_gmt":"2020-08-27T19:33:32","guid":{"rendered":"https:\/\/nouveau.maisonmallet.com\/?post_type=event&#038;p=11427"},"modified":"2020-08-28T11:36:44","modified_gmt":"2020-08-28T15:36:44","slug":"levesque-michel","status":"publish","type":"event","link":"https:\/\/nouveau.maisonmallet.com\/back05_01\/?event=levesque-michel","title":{"rendered":"LEVESQUE, Michel"},"content":{"rendered":"<p>1963 &#8211; 2020<\/p>\n<p>LEVESQUE, Michel<\/p>\n<p>&nbsp;<\/p>\n<p>\u00c0 Sept-\u00celes, le 8 juin 2020, est d\u00e9c\u00e9d\u00e9 \u00e0 l\u2019\u00e2ge de 57 ans, monsieur Michel Levesque fils de feu Nelson Levesque et de madame Monique Boucher domicili\u00e9 \u00e0 Sept-\u00celes.<\/p>\n<p>Les fun\u00e9railles de monsieur Michel L\u00e9vesque auront lieu le samedi 29 ao\u00fbt 2020 \u00e0 10 h 30 en l\u2019\u00e9glise St-Joseph, situ\u00e9e au 535, ave. Brochu \u00e0 Sept-\u00celes et de l\u00e0 au columbarium familiale L\u00e9vesque du cimeti\u00e8re Catholique de Sept-\u00celes.<\/p>\n<p>Selon ses volont\u00e9s, il a \u00e9t\u00e9 confi\u00e9 au cr\u00e9matorium de la Maison Mallet &amp; fils pour cr\u00e9mation.<\/p>\n<p>Il laisse dans le deuil ses fils C\u00e9dric, Mathieu et leur m\u00e8re madame Marie-Claude Tremblay. Sa fille Synthia (Daniel Poitras), ses petits-enfants\u00a0: Raphael, Audrey, \u00c9milie, Hugo et Alexandre, sa m\u00e8re madame Monique Boucher (feu Nelson Levesque) ainsi que son fr\u00e8re Martin (Isabelle Tremblay), sa s\u0153ur Linda (Fran\u00e7ois Tremblay, ses ni\u00e8ces\u00a0: No\u00e9mie et Ja\u00eblle ses oncles, ses tantes, ses cousins, ses cousines et de nombreux ami(e)s.<\/p>\n<p>La famille a confi\u00e9 la direction des fun\u00e9railles aux services professionnels de la maison Mallet &amp; fils du 585 boul. Laure \u00e0 Sept-\u00celes, maintenant reconnue Distinction et membre de la Corporation des Thanatologues du Qu\u00e9bec.<\/p>\n<p>Vous pouvez consulter cet avis de d\u00e9c\u00e8s sur le <a href=\"https:\/\/nouveau.maisonmallet.com\/back05_01\">www.maisonmallet.com<\/a><\/p>\n<p>Ceux et celles qui le d\u00e9sirent, peuvent y envoyer des messages de sympathie.<\/p>\n<p>&nbsp;<\/p>\n<hr \/>\n<p>Envoyer vos condol\u00e9ances<\/p>\n<p>[contact-form to=\u00a0\u00bbadminsmb@icloud.com\u00a0\u00bb subject=\u00a0\u00bbCondol\u00e9ances Michel Levesque\u00a0\u00bb][contact-field label=\u00a0\u00bbVotre nom\u00a0\u00bb type=\u00a0\u00bbname\u00a0\u00bb required=\u00a0\u00bb1&Prime;][contact-field label=\u00a0\u00bbVotre courriel\u00a0\u00bb type=\u00a0\u00bbemail\u00a0\u00bb required=\u00a0\u00bb1&Prime;][contact-field label=\u00a0\u00bbCondol\u00e9ances\u00a0\u00bb type=\u00a0\u00bbtextarea\u00a0\u00bb][\/contact-form]<\/p>\n","protected":false},"featured_media":11465,"template":"","event_cat":[6],"class_list":["post-11427","event","type-event","status-publish","has-post-thumbnail","hentry","event_cat-maison-mallet-et-fils-inc"],"_links":{"self":[{"href":"https:\/\/nouveau.maisonmallet.com\/back05_01\/index.php?rest_route=\/wp\/v2\/event\/11427","targetHints":{"allow":["GET"]}}],"collection":[{"href":"https:\/\/nouveau.maisonmallet.com\/back05_01\/index.php?rest_route=\/wp\/v2\/event"}],"about":[{"href":"https:\/\/nouveau.maisonmallet.com\/back05_01\/index.php?rest_route=\/wp\/v2\/types\/event"}],"wp:featuredmedia":[{"embeddable":true,"href":"https:\/\/nouveau.maisonmallet.com\/back05_01\/index.php?rest_route=\/wp\/v2\/media\/11465"}],"wp:attachment":[{"href":"https:\/\/nouveau.maisonmallet.com\/back05_01\/index.php?rest_route=%2Fwp%2Fv2%2Fmedia&parent=11427"}],"wp:term":[{"taxonomy":"event_cat","embeddable":true,"href":"https:\/\/nouveau.maisonmallet.com\/back05_01\/index.php?rest_route=%2Fwp%2Fv2%2Fevent_cat&post=11427"}],"curies":[{"name":"wp","href":"https:\/\/api.w.org\/{rel}","templated":true}]}}

<p>1963 &#8211; 2020</p>
<p>LEVESQUE, Michel</p>
<p>&nbsp;</p>
<p>À Sept-Îles, le 8 juin 2020, est décédé à l’âge de 57 ans, monsieur Michel Levesque fils de feu Nelson Levesque et de madame Monique Boucher domicilié à Sept-Îles.</p>
<p>Les funérailles de monsieur Michel Lévesque auront lieu le samedi 29 août 2020 à 10 h 30 en l’église St-Joseph, située au 535, ave. Brochu à Sept-Îles et de là au columbarium familiale Lévesque du cimetière Catholique de Sept-Îles.</p>
<p>Selon ses volontés, il a été confié au crématorium de la Maison Mallet &amp; fils pour crémation.</p>
<p>Il laisse dans le deuil ses fils Cédric, Mathieu et leur mère madame Marie-Claude Tremblay. Sa fille Synthia (Daniel Poitras), ses petits-enfants : Raphael, Audrey, Émilie, Hugo et Alexandre, sa mère madame Monique Boucher (feu Nelson Levesque) ainsi que son frère Martin (Isabelle Tremblay), sa sœur Linda (François Tremblay, ses nièces : Noémie et Jaëlle ses oncles, ses tantes, ses cousins, ses cousines et de nombreux ami(e)s.</p>
<p>La famille a confié la direction des funérailles aux services professionnels de la maison Mallet &amp; fils du 585 boul. Laure à Sept-Îles, maintenant reconnue Distinction et membre de la Corporation des Thanatologues du Québec.</p>
<p>Vous pouvez consulter cet avis de décès sur le <a href="https://nouveau.maisonmallet.com/back05_01">www.maisonmallet.com</a></p>
<p>Ceux et celles qui le désirent, peuvent y envoyer des messages de sympathie.</p>
<p>&nbsp;</p>
<hr />
<p>Envoyer vos condoléances</p>
<p>[contact-form to= »adminsmb@icloud.com » subject= »Condoléances Michel Levesque »][contact-field label= »Votre nom » type= »name » required= »1&Prime;][contact-field label= »Votre courriel » type= »email » required= »1&Prime;][contact-field label= »Condoléances » type= »textarea »][/contact-form]</p>
