{"id":11725,"date":"2020-06-23T09:24:16","date_gmt":"2020-06-23T13:24:16","guid":{"rendered":"https:\/\/nouveau.maisonmallet.com\/?post_type=event&#038;p=11725"},"modified":"2020-06-30T18:09:49","modified_gmt":"2020-06-30T22:09:49","slug":"deschenes-antonio","status":"publish","type":"event","link":"https:\/\/nouveau.maisonmallet.com\/back05_01\/?event=deschenes-antonio","title":{"rendered":"DESCH\u00caNES, Antonio"},"content":{"rendered":"<p>1931 \u2013 2020<\/p>\n<p>DESCH\u00caNES, Antonio<\/p>\n<p>&nbsp;<\/p>\n<p>\u00c0 Port-Cartier, le 23 juin 2020, est d\u00e9c\u00e9d\u00e9 \u00e0 l\u2019\u00e2ge de 88 ans, monsieur Antonio Desch\u00eanes \u00e9poux de madame Lucille Picard et domicili\u00e9 \u00e0 Rivi\u00e8re Pentec\u00f4te.<\/p>\n<p>Selon ses volont\u00e9s, il a \u00e9t\u00e9 confi\u00e9 au cr\u00e9matorium de la Maison Mallet &amp; fils pour cr\u00e9mation.<\/p>\n<p>Afin de respecter les derni\u00e8res volont\u00e9s de monsieur Antonio Desch\u00eanes, il n\u2019y aura aucune c\u00e9l\u00e9bration.<\/p>\n<p>Il laisse dans le deuil outre son \u00e9pouse madame Lucille Picard Desch\u00eanes, ses enfants : Line (John Beaupr\u00e9), Mario (Marie-Jeanne B\u00e9rub\u00e9), Gilles (Claudie Boivin), Alain (Marie Gauthier), Jean-Luc (Linda Langevin), Marie (Laurence B\u00e9rub\u00e9), \u00c9lene (Bruno Ross) et Edith (Thomas Godin), sa s\u0153ur Gertrude (feu Raymond Chapadeau) ainsi que ses dix-sept petits-enfants ses vingt-cinq arri\u00e8re-petits-enfants, ses beaux-fr\u00e8res, ses belles-s\u0153urs, ses neveux, ses ni\u00e8ces et de nombreux ami(e)s.<\/p>\n<p>La famille a confi\u00e9 les arrangements fun\u00e9raires services professionnels de la Maison Mallet &amp; fils du 585 Boul. Laure \u00e0 Sept-\u00celes, maintenant reconnue Distinction et membre de la Corporation des Thanatologues du Qu\u00e9bec.<\/p>\n<p>Vous pouvez consulter cet avis de d\u00e9c\u00e8s sur le\u00a0: <a href=\"https:\/\/nouveau.maisonmallet.com\/back05_01\">www.maisonmallet.com<\/a><\/p>\n<p>Ceux et celles qui le d\u00e9sirent, peuvent y envoyer des messages de sympathie.<\/p>\n<p>&nbsp;<\/p>\n<hr \/>\n<p>Envoyer vos condol\u00e9ances<\/p>\n<p>[contact-form to=\u00a0\u00bblindes@globetrotter.net\u00a0\u00bb subject=\u00a0\u00bbCondol\u00e9ances Antonio Desch\u00eanes\u00a0\u00bb][contact-field label=\u00a0\u00bbVotre nom\u00a0\u00bb type=\u00a0\u00bbname\u00a0\u00bb required=\u00a0\u00bb1&Prime;][contact-field label=\u00a0\u00bbVotre courriel\u00a0\u00bb type=\u00a0\u00bbemail\u00a0\u00bb required=\u00a0\u00bb1&Prime;][contact-field label=\u00a0\u00bbCondol\u00e9ances\u00a0\u00bb type=\u00a0\u00bbtextarea\u00a0\u00bb][\/contact-form]<\/p>\n","protected":false},"featured_media":11778,"template":"","event_cat":[6],"class_list":["post-11725","event","type-event","status-publish","has-post-thumbnail","hentry","event_cat-maison-mallet-et-fils-inc"],"_links":{"self":[{"href":"https:\/\/nouveau.maisonmallet.com\/back05_01\/index.php?rest_route=\/wp\/v2\/event\/11725","targetHints":{"allow":["GET"]}}],"collection":[{"href":"https:\/\/nouveau.maisonmallet.com\/back05_01\/index.php?rest_route=\/wp\/v2\/event"}],"about":[{"href":"https:\/\/nouveau.maisonmallet.com\/back05_01\/index.php?rest_route=\/wp\/v2\/types\/event"}],"wp:featuredmedia":[{"embeddable":true,"href":"https:\/\/nouveau.maisonmallet.com\/back05_01\/index.php?rest_route=\/wp\/v2\/media\/11778"}],"wp:attachment":[{"href":"https:\/\/nouveau.maisonmallet.com\/back05_01\/index.php?rest_route=%2Fwp%2Fv2%2Fmedia&parent=11725"}],"wp:term":[{"taxonomy":"event_cat","embeddable":true,"href":"https:\/\/nouveau.maisonmallet.com\/back05_01\/index.php?rest_route=%2Fwp%2Fv2%2Fevent_cat&post=11725"}],"curies":[{"name":"wp","href":"https:\/\/api.w.org\/{rel}","templated":true}]}}

DESCHÊNES, Antonio

<p>1931 – 2020</p>
<p>DESCHÊNES, Antonio</p>
<p>&nbsp;</p>
<p>À Port-Cartier, le 23 juin 2020, est décédé à l’âge de 88 ans, monsieur Antonio Deschênes époux de madame Lucille Picard et domicilié à Rivière Pentecôte.</p>
<p>Selon ses volontés, il a été confié au crématorium de la Maison Mallet &amp; fils pour crémation.</p>
<p>Afin de respecter les dernières volontés de monsieur Antonio Deschênes, il n’y aura aucune célébration.</p>
<p>Il laisse dans le deuil outre son épouse madame Lucille Picard Deschênes, ses enfants : Line (John Beaupré), Mario (Marie-Jeanne Bérubé), Gilles (Claudie Boivin), Alain (Marie Gauthier), Jean-Luc (Linda Langevin), Marie (Laurence Bérubé), Élene (Bruno Ross) et Edith (Thomas Godin), sa sœur Gertrude (feu Raymond Chapadeau) ainsi que ses dix-sept petits-enfants ses vingt-cinq arrière-petits-enfants, ses beaux-frères, ses belles-sœurs, ses neveux, ses nièces et de nombreux ami(e)s.</p>
<p>La famille a confié les arrangements funéraires services professionnels de la Maison Mallet &amp; fils du 585 Boul. Laure à Sept-Îles, maintenant reconnue Distinction et membre de la Corporation des Thanatologues du Québec.</p>
<p>Vous pouvez consulter cet avis de décès sur le : <a href="https://nouveau.maisonmallet.com/back05_01">www.maisonmallet.com</a></p>
<p>Ceux et celles qui le désirent, peuvent y envoyer des messages de sympathie.</p>
<p>&nbsp;</p>
<hr />
<p>Envoyer vos condoléances</p>
<p>[contact-form to= »lindes@globetrotter.net » subject= »Condoléances Antonio Deschênes »][contact-field label= »Votre nom » type= »name » required= »1&Prime;][contact-field label= »Votre courriel » type= »email » required= »1&Prime;][contact-field label= »Condoléances » type= »textarea »][/contact-form]</p>
