{"id":11843,"date":"2020-06-30T17:51:02","date_gmt":"2020-06-30T21:51:02","guid":{"rendered":"https:\/\/nouveau.maisonmallet.com\/?post_type=event&#038;p=11843"},"modified":"2020-06-30T17:51:02","modified_gmt":"2020-06-30T21:51:02","slug":"cormier-emile","status":"publish","type":"event","link":"https:\/\/nouveau.maisonmallet.com\/back05_01\/?event=cormier-emile","title":{"rendered":"CORMIER, \u00c9mile"},"content":{"rendered":"<p>2007 \u2013 2020<\/p>\n<p>CORMIER, \u00c9mile<\/p>\n<p>&nbsp;<\/p>\n<p>\u00c0 Sept-\u00celes, le 28 juin 2020, est d\u00e9c\u00e9d\u00e9 \u00e0 l\u2019\u00e2ge de 13 ans, \u00c9mile Cormier fils de monsieur St\u00e9phane Cormier et de madame Nathalie Coulombe domicili\u00e9 \u00e0 Sept-\u00celes.<\/p>\n<p>La c\u00e9r\u00e9monie de \u00c9mile Cormier aura lieu <strong>sur invitation<\/strong> le dimanche 5 juillet 2020 \u00e0 14 h au 68, rue Cummings \u00e0 Sept-\u00celes et de l\u00e0 au cr\u00e9matorium de la maison Mallet &amp; fils pour cr\u00e9mation.<\/p>\n<p>La famille re\u00e7oit parents et amis le samedi 4 juillet 2020 de 19 h \u00e0 22 h. Le dimanche 5 juillet 2020 jour de la c\u00e9r\u00e9monie de 10 h \u00e0 13 h au Complexe Thanatologique Mallet &amp; fils du 585, boul. Laure \u00e0 Sept-\u00celes.<\/p>\n<p><strong>D\u00fb aux circonstances reli\u00e9es \u00e0 la pand\u00e9mie, vous pouvez venir pr\u00e9senter vos condol\u00e9ances en respectant la distanciation sociale.<\/strong><\/p>\n<p>Il laisse dans le deuil sa m\u00e8re madame Nathalie Coulombe (David Saupique), son p\u00e8re monsieur St\u00e9phane Cormier (Jackie Paris\u00e9e), ses s\u0153urs\u00a0: Rose-Marie et L\u00e9anne, sa belle-s\u0153ur Rosalie, son beau-fr\u00e8re William, son oncle Philippe Coulombe, sa tante Isabelle Cormier (Steve Fortin) ainsi que ses grands-Parents, son grand-ami Miguel Pag\u00e9, ses cousins, ses cousines, et de nombreux ami(e)s.<\/p>\n<p>Vos marques de sympathie peuvent se traduire par un don \u00e0\u00a0:\u00a0 \u00c0 la Source Sept-\u00celes.<\/p>\n<p>La famille a confi\u00e9 les arrangements aux services professionnels de la Maison Mallet &amp; fils du 585 Boul. Laure \u00e0 Sept-\u00celes, maintenant reconnue Distinction et membre de la Corporation des Thanatologues du Qu\u00e9bec.<\/p>\n<p>Vous pouvez consulter cet avis de d\u00e9c\u00e8s sur le\u00a0: <a href=\"https:\/\/nouveau.maisonmallet.com\/back05_01\">www.maisonmallet.com<\/a><\/p>\n<p>Ceux et celles qui le d\u00e9sirent, peuvent y envoyer des messages de sympathie.<\/p>\n<p>&nbsp;<\/p>\n<hr \/>\n<p>Envoyer vos condol\u00e9ances<\/p>\n<p>[contact-form to=\u00a0\u00bbjackie.parisee@gmail.com\u00a0\u00bb subject=\u00a0\u00bbCondol\u00e9ances \u00c9mile Cormier\u00a0\u00bb][contact-field label=\u00a0\u00bbVotre nom\u00a0\u00bb type=\u00a0\u00bbname\u00a0\u00bb required=\u00a0\u00bb1&Prime;][contact-field label=\u00a0\u00bbVotre courriel\u00a0\u00bb type=\u00a0\u00bbemail\u00a0\u00bb required=\u00a0\u00bb1&Prime;][contact-field label=\u00a0\u00bbCondol\u00e9ances\u00a0\u00bb type=\u00a0\u00bbtextarea\u00a0\u00bb][\/contact-form]<\/p>\n","protected":false},"featured_media":11844,"template":"","event_cat":[6],"class_list":["post-11843","event","type-event","status-publish","has-post-thumbnail","hentry","event_cat-maison-mallet-et-fils-inc"],"_links":{"self":[{"href":"https:\/\/nouveau.maisonmallet.com\/back05_01\/index.php?rest_route=\/wp\/v2\/event\/11843","targetHints":{"allow":["GET"]}}],"collection":[{"href":"https:\/\/nouveau.maisonmallet.com\/back05_01\/index.php?rest_route=\/wp\/v2\/event"}],"about":[{"href":"https:\/\/nouveau.maisonmallet.com\/back05_01\/index.php?rest_route=\/wp\/v2\/types\/event"}],"wp:featuredmedia":[{"embeddable":true,"href":"https:\/\/nouveau.maisonmallet.com\/back05_01\/index.php?rest_route=\/wp\/v2\/media\/11844"}],"wp:attachment":[{"href":"https:\/\/nouveau.maisonmallet.com\/back05_01\/index.php?rest_route=%2Fwp%2Fv2%2Fmedia&parent=11843"}],"wp:term":[{"taxonomy":"event_cat","embeddable":true,"href":"https:\/\/nouveau.maisonmallet.com\/back05_01\/index.php?rest_route=%2Fwp%2Fv2%2Fevent_cat&post=11843"}],"curies":[{"name":"wp","href":"https:\/\/api.w.org\/{rel}","templated":true}]}}

CORMIER, Émile

<p>2007 – 2020</p>
<p>CORMIER, Émile</p>
<p>&nbsp;</p>
<p>À Sept-Îles, le 28 juin 2020, est décédé à l’âge de 13 ans, Émile Cormier fils de monsieur Stéphane Cormier et de madame Nathalie Coulombe domicilié à Sept-Îles.</p>
<p>La cérémonie de Émile Cormier aura lieu <strong>sur invitation</strong> le dimanche 5 juillet 2020 à 14 h au 68, rue Cummings à Sept-Îles et de là au crématorium de la maison Mallet &amp; fils pour crémation.</p>
<p>La famille reçoit parents et amis le samedi 4 juillet 2020 de 19 h à 22 h. Le dimanche 5 juillet 2020 jour de la cérémonie de 10 h à 13 h au Complexe Thanatologique Mallet &amp; fils du 585, boul. Laure à Sept-Îles.</p>
<p><strong>Dû aux circonstances reliées à la pandémie, vous pouvez venir présenter vos condoléances en respectant la distanciation sociale.</strong></p>
<p>Il laisse dans le deuil sa mère madame Nathalie Coulombe (David Saupique), son père monsieur Stéphane Cormier (Jackie Parisée), ses sœurs : Rose-Marie et Léanne, sa belle-sœur Rosalie, son beau-frère William, son oncle Philippe Coulombe, sa tante Isabelle Cormier (Steve Fortin) ainsi que ses grands-Parents, son grand-ami Miguel Pagé, ses cousins, ses cousines, et de nombreux ami(e)s.</p>
<p>Vos marques de sympathie peuvent se traduire par un don à :  À la Source Sept-Îles.</p>
<p>La famille a confié les arrangements aux services professionnels de la Maison Mallet &amp; fils du 585 Boul. Laure à Sept-Îles, maintenant reconnue Distinction et membre de la Corporation des Thanatologues du Québec.</p>
<p>Vous pouvez consulter cet avis de décès sur le : <a href="https://nouveau.maisonmallet.com/back05_01">www.maisonmallet.com</a></p>
<p>Ceux et celles qui le désirent, peuvent y envoyer des messages de sympathie.</p>
<p>&nbsp;</p>
<hr />
<p>Envoyer vos condoléances</p>
<p>[contact-form to= »jackie.parisee@gmail.com » subject= »Condoléances Émile Cormier »][contact-field label= »Votre nom » type= »name » required= »1&Prime;][contact-field label= »Votre courriel » type= »email » required= »1&Prime;][contact-field label= »Condoléances » type= »textarea »][/contact-form]</p>
