{"id":11845,"date":"2020-06-27T09:10:32","date_gmt":"2020-06-27T13:10:32","guid":{"rendered":"https:\/\/nouveau.maisonmallet.com\/?post_type=event&#038;p=11845"},"modified":"2020-07-02T09:17:52","modified_gmt":"2020-07-02T13:17:52","slug":"beaudin-sheila","status":"publish","type":"event","link":"https:\/\/nouveau.maisonmallet.com\/back05_01\/?event=beaudin-sheila","title":{"rendered":"BEAUDIN, Sheila"},"content":{"rendered":"<p>1975-2020<\/p>\n<p>\u00c0 Havre-Saint-Pierre, le 27 juin 2020, est d\u00e9c\u00e9d\u00e9e \u00e0 l\u2019\u00e2ge de 45 ans et 3 mois, madame Sheila Beaudin fille de monsieur Edgar Beaudin et madame Sylvie Beaudin et domicili\u00e9e \u00e0 Rivi\u00e8re-Saint-Jean.<\/p>\n<p>Les fun\u00e9railles de madame Sheila Beaudin auront lieu \u00e0 une date ult\u00e9rieure en l\u2019\u00c9glise Saint-Jean de Rivi\u00e8re-Saint-Jean.<\/p>\n<p>Selon ses volont\u00e9s, elle a \u00e9t\u00e9 confi\u00e9e au cr\u00e9matorium de la Maison L.J.G. Mallet pour cr\u00e9mation.<\/p>\n<p>Elle laisse dans le deuil sa fille No\u00e9mie (Jean-Daniel Manning), son fils Scott (Carolane Harvey), ses petits-enfants : Maelle, Oc\u00e9anne, Nylan et Jake, son p\u00e8re Edgar Beaudin, sa m\u00e8re Sylvie Beaudin, ses tantes, ses oncles, ses cousins ses cousines et de nombreux ami(e)s.<\/p>\n<p>Vos marques de sympathie peuvent se traduire par un don \u00e0 la fondation du centre de sant\u00e9 de la Minganie.<\/p>\n<p>La famille a confi\u00e9 les arrangements fun\u00e9raires aux services professionnels de la Maison L.J.G. Mallet du 1429, rue du Canot \u00e0 Havre-Saint-Pierre, maintenant reconnue Distinction et membre de la Corporation des Thanatologues du Qu\u00e9bec.<\/p>\n<p>Vous pouvez consulter cet avis de d\u00e9c\u00e8s sur le\u00a0: <a href=\"https:\/\/nouveau.maisonmallet.com\/back05_01\">www.maisonmallet.com<\/a><\/p>\n<p>Ceux et celles qui le d\u00e9sirent, peuvent y envoyer des messages de sympathie.<\/p>\n<p>&nbsp;<\/p>\n<p>&nbsp;<\/p>\n<p>&nbsp;<\/p>\n<p>&nbsp;<\/p>\n<p>&nbsp;<\/p>\n<hr \/>\n<p>Envoyer vos condol\u00e9ances<\/p>\n<p>[contact-form to=\u00a0\u00bbvibertnoemie1107@gmail.com\u00a0\u00bb subject=\u00a0\u00bbCondol\u00e9ances Sheila Beaudin\u00a0\u00bb][contact-field label=\u00a0\u00bbVotre nom\u00a0\u00bb type=\u00a0\u00bbname\u00a0\u00bb required=\u00a0\u00bb1&Prime;][contact-field label=\u00a0\u00bbVotre courriel\u00a0\u00bb type=\u00a0\u00bbemail\u00a0\u00bb required=\u00a0\u00bb1&Prime;][contact-field label=\u00a0\u00bbCondol\u00e9ances\u00a0\u00bb type=\u00a0\u00bbtextarea\u00a0\u00bb][\/contact-form]<\/p>\n","protected":false},"featured_media":11985,"template":"","event_cat":[7],"class_list":["post-11845","event","type-event","status-publish","has-post-thumbnail","hentry","event_cat-maison-l-j-g-mallet-inc"],"_links":{"self":[{"href":"https:\/\/nouveau.maisonmallet.com\/back05_01\/index.php?rest_route=\/wp\/v2\/event\/11845","targetHints":{"allow":["GET"]}}],"collection":[{"href":"https:\/\/nouveau.maisonmallet.com\/back05_01\/index.php?rest_route=\/wp\/v2\/event"}],"about":[{"href":"https:\/\/nouveau.maisonmallet.com\/back05_01\/index.php?rest_route=\/wp\/v2\/types\/event"}],"wp:featuredmedia":[{"embeddable":true,"href":"https:\/\/nouveau.maisonmallet.com\/back05_01\/index.php?rest_route=\/wp\/v2\/media\/11985"}],"wp:attachment":[{"href":"https:\/\/nouveau.maisonmallet.com\/back05_01\/index.php?rest_route=%2Fwp%2Fv2%2Fmedia&parent=11845"}],"wp:term":[{"taxonomy":"event_cat","embeddable":true,"href":"https:\/\/nouveau.maisonmallet.com\/back05_01\/index.php?rest_route=%2Fwp%2Fv2%2Fevent_cat&post=11845"}],"curies":[{"name":"wp","href":"https:\/\/api.w.org\/{rel}","templated":true}]}}

<p>1975-2020</p>
<p>À Havre-Saint-Pierre, le 27 juin 2020, est décédée à l’âge de 45 ans et 3 mois, madame Sheila Beaudin fille de monsieur Edgar Beaudin et madame Sylvie Beaudin et domiciliée à Rivière-Saint-Jean.</p>
<p>Les funérailles de madame Sheila Beaudin auront lieu à une date ultérieure en l’Église Saint-Jean de Rivière-Saint-Jean.</p>
<p>Selon ses volontés, elle a été confiée au crématorium de la Maison L.J.G. Mallet pour crémation.</p>
<p>Elle laisse dans le deuil sa fille Noémie (Jean-Daniel Manning), son fils Scott (Carolane Harvey), ses petits-enfants : Maelle, Océanne, Nylan et Jake, son père Edgar Beaudin, sa mère Sylvie Beaudin, ses tantes, ses oncles, ses cousins ses cousines et de nombreux ami(e)s.</p>
<p>Vos marques de sympathie peuvent se traduire par un don à la fondation du centre de santé de la Minganie.</p>
<p>La famille a confié les arrangements funéraires aux services professionnels de la Maison L.J.G. Mallet du 1429, rue du Canot à Havre-Saint-Pierre, maintenant reconnue Distinction et membre de la Corporation des Thanatologues du Québec.</p>
<p>Vous pouvez consulter cet avis de décès sur le : <a href="https://nouveau.maisonmallet.com/back05_01">www.maisonmallet.com</a></p>
<p>Ceux et celles qui le désirent, peuvent y envoyer des messages de sympathie.</p>
<p>&nbsp;</p>
<p>&nbsp;</p>
<p>&nbsp;</p>
<p>&nbsp;</p>
<p>&nbsp;</p>
<hr />
<p>Envoyer vos condoléances</p>
<p>[contact-form to= »vibertnoemie1107@gmail.com » subject= »Condoléances Sheila Beaudin »][contact-field label= »Votre nom » type= »name » required= »1&Prime;][contact-field label= »Votre courriel » type= »email » required= »1&Prime;][contact-field label= »Condoléances » type= »textarea »][/contact-form]</p>
