{"id":11984,"date":"2020-07-02T13:50:30","date_gmt":"2020-07-02T17:50:30","guid":{"rendered":"https:\/\/nouveau.maisonmallet.com\/?post_type=event&#038;p=11984"},"modified":"2020-07-02T13:54:09","modified_gmt":"2020-07-02T17:54:09","slug":"modele-nom-prenom-11","status":"publish","type":"event","link":"https:\/\/nouveau.maisonmallet.com\/back05_01\/?event=modele-nom-prenom-11","title":{"rendered":"LALO PENASHUE, Kateri Jade"},"content":{"rendered":"<p>1990 \u2013 2020<\/p>\n<p>LALO PENASHUE, Kateri Jade<\/p>\n<p>&nbsp;<\/p>\n<p>\u00c0 Sept-\u00celes (maison \u00c9lyme des sables), le 28 juin 2020, est d\u00e9c\u00e9d\u00e9 l\u2019\u00e2ge de 29 ans, Kateri Jade Lalo Penashue fille de monsieur Max Penashue et de madame C\u00e9line Lalo domicili\u00e9e \u00e0 Pakua Shipi.<\/p>\n<p>Les fun\u00e9railles de Kateri Jade Lalo Penashue auront lieu le dimanche 5 juillet 2020 \u00e0 14 h en l\u2019\u00e9glise Notre-Dame-de-la-Merci \u00e0 Pakuashipi et de l\u00e0 au cimeti\u00e8re de l\u2019endroit.<\/p>\n<p>La famille re\u00e7oit parents et amis le jeudi 2 juillet 2020 de 19 h \u00e0 22 h au Complexe Thanatologique Mallet &amp; fils du 585, boul. Laure \u00e0 Sept-\u00celes.<\/p>\n<p><strong>\u00a0<\/strong><strong>D\u00fb aux circonstances reli\u00e9es \u00e0 la pand\u00e9mie, vous pouvez venir pr\u00e9senter vos condol\u00e9ances en respectant la distanciation sociale.<\/strong><\/p>\n<p>Le vendredi 3 juillet 2020 au 106, rue Pakua \u00e0 Pakua Shipi.<\/p>\n<p>Le dimanche 5 juillet 2020 \u00e0 l\u2019\u00c9glise Notre-Dame-de-la-Merci de Pakuashipi.<\/p>\n<p>Il laisse dans le deuil ses fils\u00a0: Antoine Mathieu et Dex-Nikashantess, son p\u00e8re monsieur Max Penashue, sa m\u00e8re madame C\u00e9line Lalo, ses fr\u00e8res\u00a0: Daniel, Robert-Francis et Jonathan, sa s\u0153ur Tanya (Mathias Mark) ainsi que ses ses neveux, ses ni\u00e8ces, ses oncles, ses tantes, ses cousins, ses cousines et de nombreux ami(e)s.<\/p>\n<p>La famille a confi\u00e9 les arrangements aux services professionnels de la Maison Mallet &amp; fils du 585, boul. Laure \u00e0 Sept-\u00celes, maintenant reconnue Distinction et membre de la Corporation des Thanatologues du Qu\u00e9bec.<\/p>\n<p>Vous pouvez consulter cet avis de d\u00e9c\u00e8s, sur le <a href=\"https:\/\/nouveau.maisonmallet.com\/back05_01\">www.maisonmallet.com<\/a><\/p>\n<p>Ceux et celles qui le d\u00e9sirent, peuvent y envoyer des messages de sympathie.<\/p>\n<p>&nbsp;<\/p>\n<hr \/>\n<p>Envoyer vos condol\u00e9ances<\/p>\n<p>[contact-form to=\u00a0\u00bbtanisa88@hotmail.com\u00a0\u00bb subject=\u00a0\u00bbCondol\u00e9ances Kateri Jade Lalo Penashue\u00a0\u00bb][contact-field label=\u00a0\u00bbVotre nom\u00a0\u00bb type=\u00a0\u00bbname\u00a0\u00bb required=\u00a0\u00bb1&Prime;][contact-field label=\u00a0\u00bbVotre courriel\u00a0\u00bb type=\u00a0\u00bbemail\u00a0\u00bb required=\u00a0\u00bb1&Prime;][contact-field label=\u00a0\u00bbCondol\u00e9ances\u00a0\u00bb type=\u00a0\u00bbtextarea\u00a0\u00bb][\/contact-form]<\/p>\n","protected":false},"featured_media":12006,"template":"","event_cat":[6],"class_list":["post-11984","event","type-event","status-publish","has-post-thumbnail","hentry","event_cat-maison-mallet-et-fils-inc"],"_links":{"self":[{"href":"https:\/\/nouveau.maisonmallet.com\/back05_01\/index.php?rest_route=\/wp\/v2\/event\/11984","targetHints":{"allow":["GET"]}}],"collection":[{"href":"https:\/\/nouveau.maisonmallet.com\/back05_01\/index.php?rest_route=\/wp\/v2\/event"}],"about":[{"href":"https:\/\/nouveau.maisonmallet.com\/back05_01\/index.php?rest_route=\/wp\/v2\/types\/event"}],"wp:featuredmedia":[{"embeddable":true,"href":"https:\/\/nouveau.maisonmallet.com\/back05_01\/index.php?rest_route=\/wp\/v2\/media\/12006"}],"wp:attachment":[{"href":"https:\/\/nouveau.maisonmallet.com\/back05_01\/index.php?rest_route=%2Fwp%2Fv2%2Fmedia&parent=11984"}],"wp:term":[{"taxonomy":"event_cat","embeddable":true,"href":"https:\/\/nouveau.maisonmallet.com\/back05_01\/index.php?rest_route=%2Fwp%2Fv2%2Fevent_cat&post=11984"}],"curies":[{"name":"wp","href":"https:\/\/api.w.org\/{rel}","templated":true}]}}

<p>1990 – 2020</p>
<p>LALO PENASHUE, Kateri Jade</p>
<p>&nbsp;</p>
<p>À Sept-Îles (maison Élyme des sables), le 28 juin 2020, est décédé l’âge de 29 ans, Kateri Jade Lalo Penashue fille de monsieur Max Penashue et de madame Céline Lalo domiciliée à Pakua Shipi.</p>
<p>Les funérailles de Kateri Jade Lalo Penashue auront lieu le dimanche 5 juillet 2020 à 14 h en l’église Notre-Dame-de-la-Merci à Pakuashipi et de là au cimetière de l’endroit.</p>
<p>La famille reçoit parents et amis le jeudi 2 juillet 2020 de 19 h à 22 h au Complexe Thanatologique Mallet &amp; fils du 585, boul. Laure à Sept-Îles.</p>
<p><strong> </strong><strong>Dû aux circonstances reliées à la pandémie, vous pouvez venir présenter vos condoléances en respectant la distanciation sociale.</strong></p>
<p>Le vendredi 3 juillet 2020 au 106, rue Pakua à Pakua Shipi.</p>
<p>Le dimanche 5 juillet 2020 à l’Église Notre-Dame-de-la-Merci de Pakuashipi.</p>
<p>Il laisse dans le deuil ses fils : Antoine Mathieu et Dex-Nikashantess, son père monsieur Max Penashue, sa mère madame Céline Lalo, ses frères : Daniel, Robert-Francis et Jonathan, sa sœur Tanya (Mathias Mark) ainsi que ses ses neveux, ses nièces, ses oncles, ses tantes, ses cousins, ses cousines et de nombreux ami(e)s.</p>
<p>La famille a confié les arrangements aux services professionnels de la Maison Mallet &amp; fils du 585, boul. Laure à Sept-Îles, maintenant reconnue Distinction et membre de la Corporation des Thanatologues du Québec.</p>
<p>Vous pouvez consulter cet avis de décès, sur le <a href="https://nouveau.maisonmallet.com/back05_01">www.maisonmallet.com</a></p>
<p>Ceux et celles qui le désirent, peuvent y envoyer des messages de sympathie.</p>
<p>&nbsp;</p>
<hr />
<p>Envoyer vos condoléances</p>
<p>[contact-form to= »tanisa88@hotmail.com » subject= »Condoléances Kateri Jade Lalo Penashue »][contact-field label= »Votre nom » type= »name » required= »1&Prime;][contact-field label= »Votre courriel » type= »email » required= »1&Prime;][contact-field label= »Condoléances » type= »textarea »][/contact-form]</p>
