{"id":12035,"date":"2020-07-04T09:12:46","date_gmt":"2020-07-04T13:12:46","guid":{"rendered":"https:\/\/nouveau.maisonmallet.com\/?post_type=event&#038;p=12035"},"modified":"2020-07-07T09:23:58","modified_gmt":"2020-07-07T13:23:58","slug":"chouinard-claudette","status":"publish","type":"event","link":"https:\/\/nouveau.maisonmallet.com\/back05_01\/?event=chouinard-claudette","title":{"rendered":"CHOUINARD, Claudette"},"content":{"rendered":"<p>1944 &#8211; 2020<\/p>\n<p>CHOUINARD, Claudette<\/p>\n<p>&nbsp;<\/p>\n<p>\u00c0 Sept-\u00celes (maison \u00c9lyme des sables), le 2 juillet 2020, est d\u00e9c\u00e9d\u00e9e \u00e0 l\u2019\u00e2ge de 76 ans, madame Claudette Chouinard, fille de feu Pierre-Paul Chouinard et de feue Marie-Ange Babin domicili\u00e9e \u00e0 Sept-\u00celes.<\/p>\n<p>La c\u00e9r\u00e9monie comm\u00e9morative de madame Claudette Chouinard aura lieu le vendredi 10 juillet 2020 \u00e0 15 h \u00e0 la chapelle de la Maison Mallet &amp; fils du 585 boul. Laure \u00e0 Sept-\u00celes et \u00a0de l\u00e0 au columbarium du cimeti\u00e8re catholique de Sept-\u00celes.<\/p>\n<p>Selon ses volont\u00e9s, elle a \u00e9t\u00e9 confi\u00e9e au cr\u00e9matorium de la Maison Mallet &amp; fils pour cr\u00e9mation.<\/p>\n<p>La famille re\u00e7oit parents et amis le vendredi 10 juillet 2020 \u00a0jour de la c\u00e9r\u00e9monie de 13 h \u00e0 16 h au complexe thanatologique Mallet &amp; fils du 585 boul. Laure \u00e0 Sept-\u00celes.<\/p>\n<p>Elle laisse dans le deuil ses s\u0153urs : Berthe (Jean-Pierre Skelling), Pierrette (Raynald C\u00f4t\u00e9), Gis\u00e8le et Pauline (Hermel Cyr), ses fr\u00e8res : Gilles (Victoire Michaud), Bertin (R\u00e9jeanne B\u00e9rub\u00e9), Robert (Claudette Charest) et Jean-Paul, ses neveux, ses ni\u00e8ces, ses petits-neveux, ses petites-ni\u00e8ces, ses cousins, ses cousines et de nombreux ami(e)s.<\/p>\n<p>Vos marques de sympathie peuvent se traduire par un don\u00a0 \u00e0 l\u2019\u00c9lyme des sables <a href=\"http:\/\/www.elymedessables.com\">www.elymedessables.com<\/a><\/p>\n<p>La famille a confi\u00e9 les arrangements aux services professionnels de la Maison Mallet &amp; fils du 585 Boul. Laure \u00e0 Sept-\u00celes, maintenant reconnue Distinction et membre de la Corporation des thanatologues du Qu\u00e9bec.<\/p>\n<p>Vous pouvez consulter cet avis de d\u00e9c\u00e8s sur le\u00a0: <a href=\"https:\/\/nouveau.maisonmallet.com\/back05_01\">www.maisonmallet.com<\/a><\/p>\n<p>Ceux et celles qui le d\u00e9sirent,\u00a0 peuvent y envoyer des messages de sympathie.<\/p>\n<p>&nbsp;<\/p>\n<p>&nbsp;<\/p>\n<hr \/>\n<p>Envoyer vos condol\u00e9ances<\/p>\n<p>[contact-form to=\u00a0\u00bbchouinard.cyr@gmail.com\u00a0\u00bb subject=\u00a0\u00bbCondol\u00e9ances Claudette Chouinard\u00a0\u00bb][contact-field label=\u00a0\u00bbVotre nom\u00a0\u00bb type=\u00a0\u00bbname\u00a0\u00bb required=\u00a0\u00bb1&Prime;][contact-field label=\u00a0\u00bbVotre courriel\u00a0\u00bb type=\u00a0\u00bbemail\u00a0\u00bb required=\u00a0\u00bb1&Prime;][contact-field label=\u00a0\u00bbCondol\u00e9ances\u00a0\u00bb type=\u00a0\u00bbtextarea\u00a0\u00bb][\/contact-form]<\/p>\n","protected":false},"featured_media":12092,"template":"","event_cat":[6],"class_list":["post-12035","event","type-event","status-publish","has-post-thumbnail","hentry","event_cat-maison-mallet-et-fils-inc"],"_links":{"self":[{"href":"https:\/\/nouveau.maisonmallet.com\/back05_01\/index.php?rest_route=\/wp\/v2\/event\/12035","targetHints":{"allow":["GET"]}}],"collection":[{"href":"https:\/\/nouveau.maisonmallet.com\/back05_01\/index.php?rest_route=\/wp\/v2\/event"}],"about":[{"href":"https:\/\/nouveau.maisonmallet.com\/back05_01\/index.php?rest_route=\/wp\/v2\/types\/event"}],"wp:featuredmedia":[{"embeddable":true,"href":"https:\/\/nouveau.maisonmallet.com\/back05_01\/index.php?rest_route=\/wp\/v2\/media\/12092"}],"wp:attachment":[{"href":"https:\/\/nouveau.maisonmallet.com\/back05_01\/index.php?rest_route=%2Fwp%2Fv2%2Fmedia&parent=12035"}],"wp:term":[{"taxonomy":"event_cat","embeddable":true,"href":"https:\/\/nouveau.maisonmallet.com\/back05_01\/index.php?rest_route=%2Fwp%2Fv2%2Fevent_cat&post=12035"}],"curies":[{"name":"wp","href":"https:\/\/api.w.org\/{rel}","templated":true}]}}

<p>1944 &#8211; 2020</p>
<p>CHOUINARD, Claudette</p>
<p>&nbsp;</p>
<p>À Sept-Îles (maison Élyme des sables), le 2 juillet 2020, est décédée à l’âge de 76 ans, madame Claudette Chouinard, fille de feu Pierre-Paul Chouinard et de feue Marie-Ange Babin domiciliée à Sept-Îles.</p>
<p>La cérémonie commémorative de madame Claudette Chouinard aura lieu le vendredi 10 juillet 2020 à 15 h à la chapelle de la Maison Mallet &amp; fils du 585 boul. Laure à Sept-Îles et  de là au columbarium du cimetière catholique de Sept-Îles.</p>
<p>Selon ses volontés, elle a été confiée au crématorium de la Maison Mallet &amp; fils pour crémation.</p>
<p>La famille reçoit parents et amis le vendredi 10 juillet 2020  jour de la cérémonie de 13 h à 16 h au complexe thanatologique Mallet &amp; fils du 585 boul. Laure à Sept-Îles.</p>
<p>Elle laisse dans le deuil ses sœurs : Berthe (Jean-Pierre Skelling), Pierrette (Raynald Côté), Gisèle et Pauline (Hermel Cyr), ses frères : Gilles (Victoire Michaud), Bertin (Réjeanne Bérubé), Robert (Claudette Charest) et Jean-Paul, ses neveux, ses nièces, ses petits-neveux, ses petites-nièces, ses cousins, ses cousines et de nombreux ami(e)s.</p>
<p>Vos marques de sympathie peuvent se traduire par un don  à l’Élyme des sables <a href="http://www.elymedessables.com">www.elymedessables.com</a></p>
<p>La famille a confié les arrangements aux services professionnels de la Maison Mallet &amp; fils du 585 Boul. Laure à Sept-Îles, maintenant reconnue Distinction et membre de la Corporation des thanatologues du Québec.</p>
<p>Vous pouvez consulter cet avis de décès sur le : <a href="https://nouveau.maisonmallet.com/back05_01">www.maisonmallet.com</a></p>
<p>Ceux et celles qui le désirent,  peuvent y envoyer des messages de sympathie.</p>
<p>&nbsp;</p>
<p>&nbsp;</p>
<hr />
<p>Envoyer vos condoléances</p>
<p>[contact-form to= »chouinard.cyr@gmail.com » subject= »Condoléances Claudette Chouinard »][contact-field label= »Votre nom » type= »name » required= »1&Prime;][contact-field label= »Votre courriel » type= »email » required= »1&Prime;][contact-field label= »Condoléances » type= »textarea »][/contact-form]</p>
