{"id":12141,"date":"2020-07-30T16:03:46","date_gmt":"2020-07-30T20:03:46","guid":{"rendered":"https:\/\/nouveau.maisonmallet.com\/?post_type=event&#038;p=12141"},"modified":"2020-07-31T09:19:53","modified_gmt":"2020-07-31T13:19:53","slug":"boudreau-maryse","status":"publish","type":"event","link":"https:\/\/nouveau.maisonmallet.com\/back05_01\/?event=boudreau-maryse","title":{"rendered":"BOUDREAU, Maryse"},"content":{"rendered":"<p>1957 \u2013 2020<\/p>\n<p>BOUDREAU, Maryse<\/p>\n<p>&nbsp;<\/p>\n<p>\u00c0 Sept-\u00celes (maison \u00c9lyme des sables), le 13 juin 2020, est d\u00e9c\u00e9d\u00e9e \u00e0 l\u2019\u00e2ge de 63 ans, madame Maryse Boudreau fille de feu L\u00e9opold Boudreau et de feue Blandine Paris\u00e9 domicili\u00e9e \u00e0 Sept-\u00celes.<\/p>\n<p>Les fun\u00e9railles de madame Maryse Boudreau auront lieu le samedi 1<sup>er<\/sup> ao\u00fbt 2020 \u00e0 14 h en l\u2019\u00c9glise Saint-Pierre de Havre-Saint-Pierre avec une assistance de 50 personnes.<\/p>\n<p>Selon ses volont\u00e9s, elle a \u00e9t\u00e9 confi\u00e9e au cr\u00e9matorium de la maison L.J.G. Mallet pour cr\u00e9mation.<\/p>\n<p>La famille re\u00e7oit parents et amis le vendredi 31 juillet 2020 de 19 h \u00e0 21 h. \u00a0au Complexe Thanatologique Mallet &amp; fils du 585, boul. Laure \u00e0 Sept-\u00celes.<\/p>\n<p>Le samedi 1<sup>er<\/sup> ao\u00fbt 2020 jour des fun\u00e9railles \u00e0 compter de 12 h au salon de la maison L.J.G. Mallet du 1429, rue du Canot \u00e0 Havre-Saint-Pierre.<\/p>\n<p><strong>D\u00fb aux circonstances reli\u00e9es \u00e0 la pand\u00e9mie, vous pouvez venir pr\u00e9senter vos condol\u00e9ances en respectant la distanciation sociale.<\/strong><\/p>\n<p>Dans les deux situations,\u00a0les consignes de distanciation physique et le port du masque\u00a0seront\u00a0aussi obligatoires d\u00fb aux nouvelles indications du minist\u00e8re de la sant\u00e9 publique.<\/p>\n<p>Elle laisse dans le deuil son fils Yuan (Anne Mercier), son petit-fils Mikael ainsi que ses fr\u00e8res\u00a0: Marius (Christiane L\u00e9vesque), Martin (Denise Desbiens) et Damien, sa s\u0153ur Paule, ses neveux, ses ni\u00e8ces, ses oncles, ses tantes, ses cousins, ses cousines et ses ami(e)s.<\/p>\n<p>Vos marques de sympathie peuvent se traduire par un don \u00e0 l\u2019\u00c9lyme des sables <a href=\"http:\/\/www.elymedessables.com\">www.elymedessables.com<\/a><\/p>\n<p>La famille a confi\u00e9 la direction des fun\u00e9railles aux services professionnels de la Maison L.J.G. Mallet du 1429, rue du Canot \u00e0 Havre-St-Pierre, membre de la Corporation des thanatologues du Qu\u00e9bec.<\/p>\n<p>Vous pouvez consulter cet avis de d\u00e9c\u00e8s, sur le <a href=\"https:\/\/nouveau.maisonmallet.com\/back05_01\">www.maisonmallet.com<\/a><\/p>\n<p>Ceux et celles qui le d\u00e9sirent, peuvent y envoyer des messages de sympathie.<\/p>\n<p>&nbsp;<\/p>\n<p>&nbsp;<\/p>\n<hr \/>\n<p>Envoyer vos condol\u00e9ances<\/p>\n<p>[contact-form to=\u00a0\u00bbyuanb.lacasse@hotmail.com\u00a0\u00bb subject=\u00a0\u00bbCondol\u00e9ances Maryse Boudreau\u00a0\u00bb][contact-field label=\u00a0\u00bbVotre nom\u00a0\u00bb type=\u00a0\u00bbname\u00a0\u00bb required=\u00a0\u00bb1&Prime;][contact-field label=\u00a0\u00bbVotre courriel\u00a0\u00bb type=\u00a0\u00bbemail\u00a0\u00bb required=\u00a0\u00bb1&Prime;][contact-field label=\u00a0\u00bbCondol\u00e9ances\u00a0\u00bb type=\u00a0\u00bbtextarea\u00a0\u00bb][\/contact-form]<\/p>\n","protected":false},"featured_media":12145,"template":"","event_cat":[7],"class_list":["post-12141","event","type-event","status-publish","has-post-thumbnail","hentry","event_cat-maison-l-j-g-mallet-inc"],"_links":{"self":[{"href":"https:\/\/nouveau.maisonmallet.com\/back05_01\/index.php?rest_route=\/wp\/v2\/event\/12141","targetHints":{"allow":["GET"]}}],"collection":[{"href":"https:\/\/nouveau.maisonmallet.com\/back05_01\/index.php?rest_route=\/wp\/v2\/event"}],"about":[{"href":"https:\/\/nouveau.maisonmallet.com\/back05_01\/index.php?rest_route=\/wp\/v2\/types\/event"}],"wp:featuredmedia":[{"embeddable":true,"href":"https:\/\/nouveau.maisonmallet.com\/back05_01\/index.php?rest_route=\/wp\/v2\/media\/12145"}],"wp:attachment":[{"href":"https:\/\/nouveau.maisonmallet.com\/back05_01\/index.php?rest_route=%2Fwp%2Fv2%2Fmedia&parent=12141"}],"wp:term":[{"taxonomy":"event_cat","embeddable":true,"href":"https:\/\/nouveau.maisonmallet.com\/back05_01\/index.php?rest_route=%2Fwp%2Fv2%2Fevent_cat&post=12141"}],"curies":[{"name":"wp","href":"https:\/\/api.w.org\/{rel}","templated":true}]}}

<p>1957 – 2020</p>
<p>BOUDREAU, Maryse</p>
<p>&nbsp;</p>
<p>À Sept-Îles (maison Élyme des sables), le 13 juin 2020, est décédée à l’âge de 63 ans, madame Maryse Boudreau fille de feu Léopold Boudreau et de feue Blandine Parisé domiciliée à Sept-Îles.</p>
<p>Les funérailles de madame Maryse Boudreau auront lieu le samedi 1<sup>er</sup> août 2020 à 14 h en l’Église Saint-Pierre de Havre-Saint-Pierre avec une assistance de 50 personnes.</p>
<p>Selon ses volontés, elle a été confiée au crématorium de la maison L.J.G. Mallet pour crémation.</p>
<p>La famille reçoit parents et amis le vendredi 31 juillet 2020 de 19 h à 21 h.  au Complexe Thanatologique Mallet &amp; fils du 585, boul. Laure à Sept-Îles.</p>
<p>Le samedi 1<sup>er</sup> août 2020 jour des funérailles à compter de 12 h au salon de la maison L.J.G. Mallet du 1429, rue du Canot à Havre-Saint-Pierre.</p>
<p><strong>Dû aux circonstances reliées à la pandémie, vous pouvez venir présenter vos condoléances en respectant la distanciation sociale.</strong></p>
<p>Dans les deux situations, les consignes de distanciation physique et le port du masque seront aussi obligatoires dû aux nouvelles indications du ministère de la santé publique.</p>
<p>Elle laisse dans le deuil son fils Yuan (Anne Mercier), son petit-fils Mikael ainsi que ses frères : Marius (Christiane Lévesque), Martin (Denise Desbiens) et Damien, sa sœur Paule, ses neveux, ses nièces, ses oncles, ses tantes, ses cousins, ses cousines et ses ami(e)s.</p>
<p>Vos marques de sympathie peuvent se traduire par un don à l’Élyme des sables <a href="http://www.elymedessables.com">www.elymedessables.com</a></p>
<p>La famille a confié la direction des funérailles aux services professionnels de la Maison L.J.G. Mallet du 1429, rue du Canot à Havre-St-Pierre, membre de la Corporation des thanatologues du Québec.</p>
<p>Vous pouvez consulter cet avis de décès, sur le <a href="https://nouveau.maisonmallet.com/back05_01">www.maisonmallet.com</a></p>
<p>Ceux et celles qui le désirent, peuvent y envoyer des messages de sympathie.</p>
<p>&nbsp;</p>
<p>&nbsp;</p>
<hr />
<p>Envoyer vos condoléances</p>
<p>[contact-form to= »yuanb.lacasse@hotmail.com » subject= »Condoléances Maryse Boudreau »][contact-field label= »Votre nom » type= »name » required= »1&Prime;][contact-field label= »Votre courriel » type= »email » required= »1&Prime;][contact-field label= »Condoléances » type= »textarea »][/contact-form]</p>
