{"id":12493,"date":"2020-07-23T21:09:10","date_gmt":"2020-07-24T01:09:10","guid":{"rendered":"https:\/\/nouveau.maisonmallet.com\/?post_type=event&#038;p=12493"},"modified":"2020-07-28T21:20:33","modified_gmt":"2020-07-29T01:20:33","slug":"deraps-germaine-gallant","status":"publish","type":"event","link":"https:\/\/nouveau.maisonmallet.com\/back05_01\/?event=deraps-germaine-gallant","title":{"rendered":"D\u00c9RAPS, Germaine (Gallant)"},"content":{"rendered":"<p>1930 \u2013 2020<\/p>\n<p>D\u00c9RAPS, Germaine<\/p>\n<p>&nbsp;<\/p>\n<p>\u00c0 Havre Saint-Pierre, le 23 juillet 2020, est d\u00e9c\u00e9d\u00e9e \u00e0 l\u2019\u00e2ge de 90 ans 1 mois madame Germaine D\u00e9raps \u00e9pouse de feu Laur\u00e9at Gallant et domicili\u00e9e \u00e0 Havre Saint-Pierre.<\/p>\n<p>Les fun\u00e9railles de madame Germaine D\u00e9raps Gallant auront lieu le Jeudi 30 juillet 2020 \u00e0 15 h en l\u2019\u00e9glise Marie-M\u00e8re-de-l\u2019\u00c9glise d\u2019Aguanish et de l\u00e0 au cimeti\u00e8re de l\u2019endroit.<\/p>\n<p>Selon ses volont\u00e9s, elle a \u00e9t\u00e9 confi\u00e9e au cr\u00e9matorium de la Maison L.J.G. Mallet pour cr\u00e9mation.<\/p>\n<p>La famille re\u00e7oit parents et amis le mercredi 29 juillet 2020 de 19 h \u00e0 22 h. Le jeudi 30 juillet 2020 jour des fun\u00e9railles \u00e0 compter de 14 h \u00e0 l\u2019\u00c9glise d\u2019Aguanish.<\/p>\n<p><strong>D\u00fb aux circonstances reli\u00e9es \u00e0 la pand\u00e9mie, vous pouvez venir pr\u00e9senter vos condol\u00e9ances en respectant la distanciation sociale et le port du masque sera obligatoire.<\/strong><\/p>\n<p>Elle laisse dans le deuil sa fille Claudette (Judes Gallant), ses fils\u00a0: Jacques (Anne Tanguay) et Carol (Marie-Paule Chavarie), ses petits-fils\u00a0: Francis (Karina Morneau) et Andy (\u00c8ve-Marie Houde), sa petite-fille M\u00e9lanie (Frederick Dupont), ses arri\u00e8re-petites-filles\u00a0: Ma\u00eblle, Alicia et Ana\u00efs \u00e0 naitre, son arri\u00e8re-petit-fils Xavier ainsi que ses fr\u00e8res\u00a0: Normand (Alice Landry), Jules et Guy(Audette Gallant), ses s\u0153urs\u00a0: Solange et Yvonnette (Magella No\u00ebl), sa belle-s\u0153ur Marie-Paule Gallant, ses neveux, ses ni\u00e8ces, et de nombreux ami(e)s.<\/p>\n<p>La famille a confi\u00e9 la direction des fun\u00e9railles aux services professionnels de la Maison L.J.G. Mallet du 1429, rue du Canot \u00e0 Havre-Saint-Pierre, maintenant reconnue Distinction et membre de la Corporation des Thanatologues du Qu\u00e9bec.<\/p>\n<p>Vous pouvez consulter cet avis de d\u00e9c\u00e8s sur le <a href=\"https:\/\/nouveau.maisonmallet.com\/back05_01\">www.maisonmallet.com<\/a><\/p>\n<p>Ceux et celles qui le d\u00e9sirent, peuvent y envoyer des messages de sympathie.<\/p>\n<p>&nbsp;<\/p>\n<hr \/>\n<p>Envoyer vos condol\u00e9ances<\/p>\n<p>[contact-form to=\u00a0\u00bbmpchevarie@pjc.jeancoutu.com\u00a0\u00bb subject=\u00a0\u00bbCondol\u00e9ances Germaine D\u00e9raps\u00a0\u00bb][contact-field label=\u00a0\u00bbVotre nom\u00a0\u00bb type=\u00a0\u00bbname\u00a0\u00bb required=\u00a0\u00bb1&Prime;][contact-field label=\u00a0\u00bbVotre courriel\u00a0\u00bb type=\u00a0\u00bbemail\u00a0\u00bb required=\u00a0\u00bb1&Prime;][contact-field label=\u00a0\u00bbCondol\u00e9ances\u00a0\u00bb type=\u00a0\u00bbtextarea\u00a0\u00bb][\/contact-form]<\/p>\n","protected":false},"featured_media":12496,"template":"","event_cat":[7],"class_list":["post-12493","event","type-event","status-publish","has-post-thumbnail","hentry","event_cat-maison-l-j-g-mallet-inc"],"_links":{"self":[{"href":"https:\/\/nouveau.maisonmallet.com\/back05_01\/index.php?rest_route=\/wp\/v2\/event\/12493","targetHints":{"allow":["GET"]}}],"collection":[{"href":"https:\/\/nouveau.maisonmallet.com\/back05_01\/index.php?rest_route=\/wp\/v2\/event"}],"about":[{"href":"https:\/\/nouveau.maisonmallet.com\/back05_01\/index.php?rest_route=\/wp\/v2\/types\/event"}],"wp:featuredmedia":[{"embeddable":true,"href":"https:\/\/nouveau.maisonmallet.com\/back05_01\/index.php?rest_route=\/wp\/v2\/media\/12496"}],"wp:attachment":[{"href":"https:\/\/nouveau.maisonmallet.com\/back05_01\/index.php?rest_route=%2Fwp%2Fv2%2Fmedia&parent=12493"}],"wp:term":[{"taxonomy":"event_cat","embeddable":true,"href":"https:\/\/nouveau.maisonmallet.com\/back05_01\/index.php?rest_route=%2Fwp%2Fv2%2Fevent_cat&post=12493"}],"curies":[{"name":"wp","href":"https:\/\/api.w.org\/{rel}","templated":true}]}}

DÉRAPS, Germaine (Gallant)

<p>1930 – 2020</p>
<p>DÉRAPS, Germaine</p>
<p>&nbsp;</p>
<p>À Havre Saint-Pierre, le 23 juillet 2020, est décédée à l’âge de 90 ans 1 mois madame Germaine Déraps épouse de feu Lauréat Gallant et domiciliée à Havre Saint-Pierre.</p>
<p>Les funérailles de madame Germaine Déraps Gallant auront lieu le Jeudi 30 juillet 2020 à 15 h en l’église Marie-Mère-de-l’Église d’Aguanish et de là au cimetière de l’endroit.</p>
<p>Selon ses volontés, elle a été confiée au crématorium de la Maison L.J.G. Mallet pour crémation.</p>
<p>La famille reçoit parents et amis le mercredi 29 juillet 2020 de 19 h à 22 h. Le jeudi 30 juillet 2020 jour des funérailles à compter de 14 h à l’Église d’Aguanish.</p>
<p><strong>Dû aux circonstances reliées à la pandémie, vous pouvez venir présenter vos condoléances en respectant la distanciation sociale et le port du masque sera obligatoire.</strong></p>
<p>Elle laisse dans le deuil sa fille Claudette (Judes Gallant), ses fils : Jacques (Anne Tanguay) et Carol (Marie-Paule Chavarie), ses petits-fils : Francis (Karina Morneau) et Andy (Ève-Marie Houde), sa petite-fille Mélanie (Frederick Dupont), ses arrière-petites-filles : Maëlle, Alicia et Anaïs à naitre, son arrière-petit-fils Xavier ainsi que ses frères : Normand (Alice Landry), Jules et Guy(Audette Gallant), ses sœurs : Solange et Yvonnette (Magella Noël), sa belle-sœur Marie-Paule Gallant, ses neveux, ses nièces, et de nombreux ami(e)s.</p>
<p>La famille a confié la direction des funérailles aux services professionnels de la Maison L.J.G. Mallet du 1429, rue du Canot à Havre-Saint-Pierre, maintenant reconnue Distinction et membre de la Corporation des Thanatologues du Québec.</p>
<p>Vous pouvez consulter cet avis de décès sur le <a href="https://nouveau.maisonmallet.com/back05_01">www.maisonmallet.com</a></p>
<p>Ceux et celles qui le désirent, peuvent y envoyer des messages de sympathie.</p>
<p>&nbsp;</p>
<hr />
<p>Envoyer vos condoléances</p>
<p>[contact-form to= »mpchevarie@pjc.jeancoutu.com » subject= »Condoléances Germaine Déraps »][contact-field label= »Votre nom » type= »name » required= »1&Prime;][contact-field label= »Votre courriel » type= »email » required= »1&Prime;][contact-field label= »Condoléances » type= »textarea »][/contact-form]</p>
