{"id":12617,"date":"2020-08-03T08:42:30","date_gmt":"2020-08-03T12:42:30","guid":{"rendered":"https:\/\/nouveau.maisonmallet.com\/?post_type=event&#038;p=12617"},"modified":"2020-08-04T08:48:25","modified_gmt":"2020-08-04T12:48:25","slug":"gregoire-alexandre","status":"publish","type":"event","link":"https:\/\/nouveau.maisonmallet.com\/back05_01\/?event=gregoire-alexandre","title":{"rendered":"GR\u00c9GOIRE, Alexandre"},"content":{"rendered":"<p>1953-2020<\/p>\n<p>\u00c0 Havre-Saint-Pierre, le 3 ao\u00fbt 2020, est d\u00e9c\u00e9d\u00e9 \u00e0 l\u2019\u00e2ge de 67 ans et 6 mois, monsieur Alexandre Gr\u00e9goire \u00e9poux de madame Agn\u00e8s Ishpatao et domicili\u00e9 \u00e0 Nutashkuan.<\/p>\n<p>Les fun\u00e9railles de monsieur Alexandre Gr\u00e9goire auront lieu le jeudi 6 ao\u00fbt 2020 \u00e0 11 h 00 en l\u2019\u00e9glise Notre-Dame-des-Indiens de Nutashkuan et l\u2019inhumation au cimeti\u00e8re de l\u2019endroit.<\/p>\n<p>La famille re\u00e7oit parents et amis le mercredi 5 ao\u00fbt 2020 de 13 h \u00e0 16 h, de 19 h \u00e0 22 h. Le jeudi 6 ao\u00fbt 2020 jour des fun\u00e9railles \u00e0 compter de 09 h 30 au 52, rue J\u00e9romish \u00e0 Nutashkuan.<\/p>\n<p>Il laisse dans le deuil outre son \u00e9pouse madame Agn\u00e8s Ishpatao, ses fils\u00a0: Conrad (Rosa Ishpatao), Allen et Mathieu (Tanya Malec), ses filles\u00a0: Andr\u00e9e-Anne (Jean-Ren\u00e9 Malec), Shirley (Pierre-Andr\u00e9 Wapistan) et M\u00e9r\u00e9dith, ses vingt petits-enfants, son arri\u00e8re-petite-fille, ses fr\u00e8res, ses s\u0153urs, ses beaux-fr\u00e8res, ses belles-s\u0153urs, ses neveux, ses ni\u00e8ces, et de nombreux amis.<\/p>\n<p>La famille a confi\u00e9 la direction des fun\u00e9railles aux services professionnels de la Maison L.J.G. Mallet du 1429, rue du Canot \u00e0 Havre-Saint-Pierre, maintenant reconnue Distinction et membre de la Corporation des Thanatologues du Qu\u00e9bec.<\/p>\n<p>Vous pouvez consulter cet avis de d\u00e9c\u00e8s sur le <a href=\"https:\/\/nouveau.maisonmallet.com\/back05_01\">www.maisonmallet.com<\/a><\/p>\n<p>Ceux et celles qui le d\u00e9sirent, peuvent y envoyer des messages de sympathie.<\/p>\n<p>&nbsp;<\/p>\n<p>&nbsp;<\/p>\n<hr \/>\n<p>Envoyer vos condol\u00e9ances<\/p>\n<p>[contact-form to=\u00a0\u00bbfrancisishpatao@hotmail.com\u00a0\u00bb subject=\u00a0\u00bbCondol\u00e9ances Alexandre Gr\u00e9goire\u00a0\u00bb][contact-field label=\u00a0\u00bbVotre nom\u00a0\u00bb type=\u00a0\u00bbname\u00a0\u00bb required=\u00a0\u00bb1&Prime;][contact-field label=\u00a0\u00bbVotre courriel\u00a0\u00bb type=\u00a0\u00bbemail\u00a0\u00bb required=\u00a0\u00bb1&Prime;][contact-field label=\u00a0\u00bbCondol\u00e9ances\u00a0\u00bb type=\u00a0\u00bbtextarea\u00a0\u00bb][\/contact-form]<\/p>\n","protected":false},"featured_media":12683,"template":"","event_cat":[7],"class_list":["post-12617","event","type-event","status-publish","has-post-thumbnail","hentry","event_cat-maison-l-j-g-mallet-inc"],"_links":{"self":[{"href":"https:\/\/nouveau.maisonmallet.com\/back05_01\/index.php?rest_route=\/wp\/v2\/event\/12617","targetHints":{"allow":["GET"]}}],"collection":[{"href":"https:\/\/nouveau.maisonmallet.com\/back05_01\/index.php?rest_route=\/wp\/v2\/event"}],"about":[{"href":"https:\/\/nouveau.maisonmallet.com\/back05_01\/index.php?rest_route=\/wp\/v2\/types\/event"}],"wp:featuredmedia":[{"embeddable":true,"href":"https:\/\/nouveau.maisonmallet.com\/back05_01\/index.php?rest_route=\/wp\/v2\/media\/12683"}],"wp:attachment":[{"href":"https:\/\/nouveau.maisonmallet.com\/back05_01\/index.php?rest_route=%2Fwp%2Fv2%2Fmedia&parent=12617"}],"wp:term":[{"taxonomy":"event_cat","embeddable":true,"href":"https:\/\/nouveau.maisonmallet.com\/back05_01\/index.php?rest_route=%2Fwp%2Fv2%2Fevent_cat&post=12617"}],"curies":[{"name":"wp","href":"https:\/\/api.w.org\/{rel}","templated":true}]}}

GRÉGOIRE, Alexandre

<p>1953-2020</p>
<p>À Havre-Saint-Pierre, le 3 août 2020, est décédé à l’âge de 67 ans et 6 mois, monsieur Alexandre Grégoire époux de madame Agnès Ishpatao et domicilié à Nutashkuan.</p>
<p>Les funérailles de monsieur Alexandre Grégoire auront lieu le jeudi 6 août 2020 à 11 h 00 en l’église Notre-Dame-des-Indiens de Nutashkuan et l’inhumation au cimetière de l’endroit.</p>
<p>La famille reçoit parents et amis le mercredi 5 août 2020 de 13 h à 16 h, de 19 h à 22 h. Le jeudi 6 août 2020 jour des funérailles à compter de 09 h 30 au 52, rue Jéromish à Nutashkuan.</p>
<p>Il laisse dans le deuil outre son épouse madame Agnès Ishpatao, ses fils : Conrad (Rosa Ishpatao), Allen et Mathieu (Tanya Malec), ses filles : Andrée-Anne (Jean-René Malec), Shirley (Pierre-André Wapistan) et Mérédith, ses vingt petits-enfants, son arrière-petite-fille, ses frères, ses sœurs, ses beaux-frères, ses belles-sœurs, ses neveux, ses nièces, et de nombreux amis.</p>
<p>La famille a confié la direction des funérailles aux services professionnels de la Maison L.J.G. Mallet du 1429, rue du Canot à Havre-Saint-Pierre, maintenant reconnue Distinction et membre de la Corporation des Thanatologues du Québec.</p>
<p>Vous pouvez consulter cet avis de décès sur le <a href="https://nouveau.maisonmallet.com/back05_01">www.maisonmallet.com</a></p>
<p>Ceux et celles qui le désirent, peuvent y envoyer des messages de sympathie.</p>
<p>&nbsp;</p>
<p>&nbsp;</p>
<hr />
<p>Envoyer vos condoléances</p>
<p>[contact-form to= »francisishpatao@hotmail.com » subject= »Condoléances Alexandre Grégoire »][contact-field label= »Votre nom » type= »name » required= »1&Prime;][contact-field label= »Votre courriel » type= »email » required= »1&Prime;][contact-field label= »Condoléances » type= »textarea »][/contact-form]</p>
