{"id":12826,"date":"2020-08-07T13:02:13","date_gmt":"2020-08-07T17:02:13","guid":{"rendered":"https:\/\/nouveau.maisonmallet.com\/?post_type=event&#038;p=12826"},"modified":"2020-08-24T21:15:34","modified_gmt":"2020-08-25T01:15:34","slug":"gendron-jean-claude","status":"publish","type":"event","link":"https:\/\/nouveau.maisonmallet.com\/back05_01\/?event=gendron-jean-claude","title":{"rendered":"GENDRON, Jean-Claude"},"content":{"rendered":"<p>1932 &#8211; 2020<\/p>\n<p>GENDRON, Jean-Claude<\/p>\n<p>&nbsp;<\/p>\n<p>\u00c0 Sept-\u00celes (maison \u00c9lyme des sables), le 7 ao\u00fbt 2020, est d\u00e9c\u00e9d\u00e9 \u00e0 l\u2019\u00e2ge de 88 ans, monsieur Jean-Claude Gendron \u00e9poux de feue \u00c9liane C\u00f4t\u00e9 et domicili\u00e9 \u00e0 Sept-\u00celes.<\/p>\n<p>Les fun\u00e9railles de monsieur Jean-Claude Gendron auront lieu le lundi 17 ao\u00fbt 2020 \u00e0 15 h en l\u2019\u00e9glise St-Joseph situ\u00e9e au 535, ave. Brochu \u00e0 Sept-\u00celes et de l\u00e0 au cimeti\u00e8re Catholique de Sept-\u00celes.<\/p>\n<p>Selon ses volont\u00e9s, il a \u00e9t\u00e9 confi\u00e9 au cr\u00e9matorium de la Maison Mallet &amp; fils pour cr\u00e9mation.<\/p>\n<p>La famille re\u00e7oit parents et amis le lundi 17 ao\u00fbt 2020 jour des fun\u00e9railles de 10 h \u00e0 12 h et de 13 h 30 \u00e0 15 h au Complexe Thanatologique Mallet &amp; fils du 585 Boul. Laure \u00e0 Sept-\u00celes.<\/p>\n<p><strong>D\u00fb aux circonstances reli\u00e9es \u00e0 la pand\u00e9mie, vous pouvez venir pr\u00e9senter vos condol\u00e9ances en respectant la distanciation sociale et le port du masque sera obligatoire.<\/strong><\/p>\n<p>Dans les deux situations,\u00a0les consignes de distanciation physique et le port du masque\u00a0seront\u00a0aussi obligatoires d\u00fb aux nouvelles indications du minist\u00e8re de la sant\u00e9 publique.<\/p>\n<p>Il laisse dans le deuil ses enfants\u00a0: Line (Roland Dufour), Carl (France Heppell), Nancy (Rock Garand) et Jos\u00e9e (Yanick Tremblay), ses petits-enfants\u00a0: St\u00e9phanie, Josy Anne, David, Camille, Maude, Fr\u00e9d\u00e9rique, Michelle, Jessy et Greg, son arri\u00e8re-petite-fille Naomi, son fr\u00e8re Viateur (feue Gaby Baron), ses s\u0153urs\u00a0: \u00c9velyne (Marcel St-Jacques) et Carole (feu Claude Champagne) ainsi que son beau-fr\u00e8re Marius C\u00f4t\u00e9 (V\u00e9ronique Valcourt), ses neveux, ses ni\u00e8ces, ses cousins, ses cousines et de nombreux ami(e)s.<\/p>\n<p>Vos marques de sympathie peuvent se traduire par un don \u00e0 l\u2019\u00c9lyme des sables <a href=\"http:\/\/www.elymedessables.com\">www.elymedessables.com<\/a><\/p>\n<p>La famille a confi\u00e9 la direction des fun\u00e9railles aux services professionnels de la Maison Mallet &amp; fils du 585 boul. Laure \u00e0 Sept-\u00celes, maintenant reconnue Distinction et membre de la Corporation des Thanatologues du Qu\u00e9bec.<\/p>\n<p>Vous pouvez consulter cet avis de d\u00e9c\u00e8s sur le <a href=\"https:\/\/nouveau.maisonmallet.com\/back05_01\">www.maisonmallet.com<\/a><\/p>\n<p>Ceux et celles qui le d\u00e9sirent, peuvent y envoyer des messages de sympathie.<\/p>\n<p>&nbsp;<\/p>\n<p>&nbsp;<\/p>\n<p>&nbsp;<\/p>\n<hr \/>\n<p>Envoyer vos condol\u00e9ances<\/p>\n<p>[contact-form to=\u00a0\u00bbgenc@cegepsi.ca\u00a0\u00bb subject=\u00a0\u00bbCondol\u00e9ances Jean-Claude Gendron\u00a0\u00bb][contact-field label=\u00a0\u00bbVotre nom\u00a0\u00bb type=\u00a0\u00bbname\u00a0\u00bb required=\u00a0\u00bb1&Prime;][contact-field label=\u00a0\u00bbVotre courriel\u00a0\u00bb type=\u00a0\u00bbemail\u00a0\u00bb required=\u00a0\u00bb1&Prime;][contact-field label=\u00a0\u00bbCondol\u00e9ances\u00a0\u00bb type=\u00a0\u00bbtextarea\u00a0\u00bb][\/contact-form]<\/p>\n","protected":false},"featured_media":12878,"template":"","event_cat":[6],"class_list":["post-12826","event","type-event","status-publish","has-post-thumbnail","hentry","event_cat-maison-mallet-et-fils-inc"],"_links":{"self":[{"href":"https:\/\/nouveau.maisonmallet.com\/back05_01\/index.php?rest_route=\/wp\/v2\/event\/12826","targetHints":{"allow":["GET"]}}],"collection":[{"href":"https:\/\/nouveau.maisonmallet.com\/back05_01\/index.php?rest_route=\/wp\/v2\/event"}],"about":[{"href":"https:\/\/nouveau.maisonmallet.com\/back05_01\/index.php?rest_route=\/wp\/v2\/types\/event"}],"wp:featuredmedia":[{"embeddable":true,"href":"https:\/\/nouveau.maisonmallet.com\/back05_01\/index.php?rest_route=\/wp\/v2\/media\/12878"}],"wp:attachment":[{"href":"https:\/\/nouveau.maisonmallet.com\/back05_01\/index.php?rest_route=%2Fwp%2Fv2%2Fmedia&parent=12826"}],"wp:term":[{"taxonomy":"event_cat","embeddable":true,"href":"https:\/\/nouveau.maisonmallet.com\/back05_01\/index.php?rest_route=%2Fwp%2Fv2%2Fevent_cat&post=12826"}],"curies":[{"name":"wp","href":"https:\/\/api.w.org\/{rel}","templated":true}]}}

<p>1932 &#8211; 2020</p>
<p>GENDRON, Jean-Claude</p>
<p>&nbsp;</p>
<p>À Sept-Îles (maison Élyme des sables), le 7 août 2020, est décédé à l’âge de 88 ans, monsieur Jean-Claude Gendron époux de feue Éliane Côté et domicilié à Sept-Îles.</p>
<p>Les funérailles de monsieur Jean-Claude Gendron auront lieu le lundi 17 août 2020 à 15 h en l’église St-Joseph située au 535, ave. Brochu à Sept-Îles et de là au cimetière Catholique de Sept-Îles.</p>
<p>Selon ses volontés, il a été confié au crématorium de la Maison Mallet &amp; fils pour crémation.</p>
<p>La famille reçoit parents et amis le lundi 17 août 2020 jour des funérailles de 10 h à 12 h et de 13 h 30 à 15 h au Complexe Thanatologique Mallet &amp; fils du 585 Boul. Laure à Sept-Îles.</p>
<p><strong>Dû aux circonstances reliées à la pandémie, vous pouvez venir présenter vos condoléances en respectant la distanciation sociale et le port du masque sera obligatoire.</strong></p>
<p>Dans les deux situations, les consignes de distanciation physique et le port du masque seront aussi obligatoires dû aux nouvelles indications du ministère de la santé publique.</p>
<p>Il laisse dans le deuil ses enfants : Line (Roland Dufour), Carl (France Heppell), Nancy (Rock Garand) et Josée (Yanick Tremblay), ses petits-enfants : Stéphanie, Josy Anne, David, Camille, Maude, Frédérique, Michelle, Jessy et Greg, son arrière-petite-fille Naomi, son frère Viateur (feue Gaby Baron), ses sœurs : Évelyne (Marcel St-Jacques) et Carole (feu Claude Champagne) ainsi que son beau-frère Marius Côté (Véronique Valcourt), ses neveux, ses nièces, ses cousins, ses cousines et de nombreux ami(e)s.</p>
<p>Vos marques de sympathie peuvent se traduire par un don à l’Élyme des sables <a href="http://www.elymedessables.com">www.elymedessables.com</a></p>
<p>La famille a confié la direction des funérailles aux services professionnels de la Maison Mallet &amp; fils du 585 boul. Laure à Sept-Îles, maintenant reconnue Distinction et membre de la Corporation des Thanatologues du Québec.</p>
<p>Vous pouvez consulter cet avis de décès sur le <a href="https://nouveau.maisonmallet.com/back05_01">www.maisonmallet.com</a></p>
<p>Ceux et celles qui le désirent, peuvent y envoyer des messages de sympathie.</p>
<p>&nbsp;</p>
<p>&nbsp;</p>
<p>&nbsp;</p>
<hr />
<p>Envoyer vos condoléances</p>
<p>[contact-form to= »genc@cegepsi.ca » subject= »Condoléances Jean-Claude Gendron »][contact-field label= »Votre nom » type= »name » required= »1&Prime;][contact-field label= »Votre courriel » type= »email » required= »1&Prime;][contact-field label= »Condoléances » type= »textarea »][/contact-form]</p>
