{"id":12879,"date":"2020-08-14T15:07:55","date_gmt":"2020-08-14T19:07:55","guid":{"rendered":"https:\/\/nouveau.maisonmallet.com\/?post_type=event&#038;p=12879"},"modified":"2020-08-15T15:13:11","modified_gmt":"2020-08-15T19:13:11","slug":"chambers-marcel","status":"publish","type":"event","link":"https:\/\/nouveau.maisonmallet.com\/back05_01\/?event=chambers-marcel","title":{"rendered":"CHAMBERS, Marcel"},"content":{"rendered":"<p>1928-2020<\/p>\n<p>\u00c0 Havre-Saint-Pierre, le 14 ao\u00fbt 2020, est d\u00e9c\u00e9d\u00e9 \u00e0 l\u2019\u00e2ge de 91 ans et 11 mois monsieur Marcel Chambers \u00e9poux de feue Alfr\u00e9da D\u00e9rosby domicili\u00e9 \u00e0 Rivi\u00e8re-Saint-Jean.<\/p>\n<p>Les fun\u00e9railles de monsieur Marcel Chambers auront lieu le samedi 22 ao\u00fbt 2020 \u00e0 14 h 00 en l\u2019\u00e9glise Saint-Jean Ap\u00f4tre de Rivi\u00e8re-Saint-Jean.<\/p>\n<p>Selon ses volont\u00e9s, il a \u00e9t\u00e9 confi\u00e9 au cr\u00e9matorium de la Maison L.J.G. Mallet pour cr\u00e9mation.<\/p>\n<p>Il laisse dans le deuil ses filles\u00a0: Linda (Yves Loiselle), Maryse (Carol Beaudin), Carole (Luc Mathieu) et Marie-Claude (Luc Gagnon),\u00a0 son fils Robin (Marielle Ward), ses neuf petits-enfants, ses sept arri\u00e8re-petits-enfants, son beau-fr\u00e8re, ses belles-s\u0153urs, neveux, ni\u00e8ces et de nombreux amis.<\/p>\n<p>Vos marques de sympathie peuvent se traduire par un don \u00e0 la fondation du centre de sant\u00e9 de la Minganie.<\/p>\n<p>La famille a confi\u00e9 les arrangements aux services professionnels de la Maison L.J.G. Mallet du 1429, rue du Canot \u00e0 Havre-Saint-Pierre, maintenant reconnue Distinction et membre de la Corporation des Thanatologues du Qu\u00e9bec.<\/p>\n<p>Vous pouvez consulter cet avis de d\u00e9c\u00e8s sur le <a href=\"https:\/\/nouveau.maisonmallet.com\/back05_01\">www.maisonmallet.com<\/a><\/p>\n<p>Ceux et celles qui le d\u00e9sirent, peuvent y envoyer des messages de sympathie.<\/p>\n<p>&nbsp;<\/p>\n<p>&nbsp;<\/p>\n<hr \/>\n<p>Envoyer vos condol\u00e9ances<\/p>\n<p>[contact-form to=\u00a0\u00bbluc.mathieu1@outlook.com\u00a0\u00bb subject=\u00a0\u00bbCondol\u00e9ances Marcel Chambers\u00a0\u00bb][contact-field label=\u00a0\u00bbVotre nom\u00a0\u00bb type=\u00a0\u00bbname\u00a0\u00bb required=\u00a0\u00bb1&Prime;][contact-field label=\u00a0\u00bbVotre courriel\u00a0\u00bb type=\u00a0\u00bbemail\u00a0\u00bb required=\u00a0\u00bb1&Prime;][contact-field label=\u00a0\u00bbCondol\u00e9ances\u00a0\u00bb type=\u00a0\u00bbtextarea\u00a0\u00bb][\/contact-form]<\/p>\n","protected":false},"featured_media":12958,"template":"","event_cat":[7],"class_list":["post-12879","event","type-event","status-publish","has-post-thumbnail","hentry","event_cat-maison-l-j-g-mallet-inc"],"_links":{"self":[{"href":"https:\/\/nouveau.maisonmallet.com\/back05_01\/index.php?rest_route=\/wp\/v2\/event\/12879","targetHints":{"allow":["GET"]}}],"collection":[{"href":"https:\/\/nouveau.maisonmallet.com\/back05_01\/index.php?rest_route=\/wp\/v2\/event"}],"about":[{"href":"https:\/\/nouveau.maisonmallet.com\/back05_01\/index.php?rest_route=\/wp\/v2\/types\/event"}],"wp:featuredmedia":[{"embeddable":true,"href":"https:\/\/nouveau.maisonmallet.com\/back05_01\/index.php?rest_route=\/wp\/v2\/media\/12958"}],"wp:attachment":[{"href":"https:\/\/nouveau.maisonmallet.com\/back05_01\/index.php?rest_route=%2Fwp%2Fv2%2Fmedia&parent=12879"}],"wp:term":[{"taxonomy":"event_cat","embeddable":true,"href":"https:\/\/nouveau.maisonmallet.com\/back05_01\/index.php?rest_route=%2Fwp%2Fv2%2Fevent_cat&post=12879"}],"curies":[{"name":"wp","href":"https:\/\/api.w.org\/{rel}","templated":true}]}}

<p>1928-2020</p>
<p>À Havre-Saint-Pierre, le 14 août 2020, est décédé à l’âge de 91 ans et 11 mois monsieur Marcel Chambers époux de feue Alfréda Dérosby domicilié à Rivière-Saint-Jean.</p>
<p>Les funérailles de monsieur Marcel Chambers auront lieu le samedi 22 août 2020 à 14 h 00 en l’église Saint-Jean Apôtre de Rivière-Saint-Jean.</p>
<p>Selon ses volontés, il a été confié au crématorium de la Maison L.J.G. Mallet pour crémation.</p>
<p>Il laisse dans le deuil ses filles : Linda (Yves Loiselle), Maryse (Carol Beaudin), Carole (Luc Mathieu) et Marie-Claude (Luc Gagnon),  son fils Robin (Marielle Ward), ses neuf petits-enfants, ses sept arrière-petits-enfants, son beau-frère, ses belles-sœurs, neveux, nièces et de nombreux amis.</p>
<p>Vos marques de sympathie peuvent se traduire par un don à la fondation du centre de santé de la Minganie.</p>
<p>La famille a confié les arrangements aux services professionnels de la Maison L.J.G. Mallet du 1429, rue du Canot à Havre-Saint-Pierre, maintenant reconnue Distinction et membre de la Corporation des Thanatologues du Québec.</p>
<p>Vous pouvez consulter cet avis de décès sur le <a href="https://nouveau.maisonmallet.com/back05_01">www.maisonmallet.com</a></p>
<p>Ceux et celles qui le désirent, peuvent y envoyer des messages de sympathie.</p>
<p>&nbsp;</p>
<p>&nbsp;</p>
<hr />
<p>Envoyer vos condoléances</p>
<p>[contact-form to= »luc.mathieu1@outlook.com » subject= »Condoléances Marcel Chambers »][contact-field label= »Votre nom » type= »name » required= »1&Prime;][contact-field label= »Votre courriel » type= »email » required= »1&Prime;][contact-field label= »Condoléances » type= »textarea »][/contact-form]</p>
