{"id":12956,"date":"2020-08-13T10:38:54","date_gmt":"2020-08-13T14:38:54","guid":{"rendered":"https:\/\/nouveau.maisonmallet.com\/?post_type=event&#038;p=12956"},"modified":"2020-08-24T21:14:03","modified_gmt":"2020-08-25T01:14:03","slug":"modelecollin-denise-roy","status":"publish","type":"event","link":"https:\/\/nouveau.maisonmallet.com\/back05_01\/?event=modelecollin-denise-roy","title":{"rendered":"COLLIN, Denise (Roy)"},"content":{"rendered":"<p>1941 \u2013 2020<\/p>\n<p>COLLIN, Denise (Roy)<\/p>\n<p>&nbsp;<\/p>\n<p>\u00c0 Sept-\u00celes, le 13 ao\u00fbt 2020, est d\u00e9c\u00e9d\u00e9e \u00e0 l\u2019\u00e2ge de 79 ans, madame Denise Collin \u00e9pouse de feu Maurice Roy et domicili\u00e9e \u00e0 Sept-\u00celes<\/p>\n<p>La c\u00e9r\u00e9monie comm\u00e9morative de madame Denise Collin Roy aura lieu le mardi 18 ao\u00fbt 2020 \u00e0 14 h \u00e0 la chapelle du Complexe Thanatologique Mallet &amp; fils du 585, Boul. Laure \u00e0 Sept-\u00celes.<\/p>\n<p>Selon ses volont\u00e9s, elle a \u00e9t\u00e9 confi\u00e9e au cr\u00e9matorium de la Maison Mallet &amp; fils pour cr\u00e9mation.<\/p>\n<p>La famille re\u00e7oit parents et amis le lundi 17 ao\u00fbt 2020 de 19 h \u00e0 22 h. Le mardi 18 ao\u00fbt 2020 jour de la c\u00e9r\u00e9monie \u00e0 compter de 12 h 30 au Complexe Thanatologique Mallet &amp; fils du 585 boul. Laure \u00e0 Sept-\u00celes.<\/p>\n<p><strong>D\u00fb aux circonstances reli\u00e9es \u00e0 la pand\u00e9mie, vous pouvez venir pr\u00e9senter vos condol\u00e9ances en respectant la distanciation sociale et le port du masque sera obligatoire.<\/strong><\/p>\n<p>Elle laisse dans le deuil ses filles\u00a0: Marie-Claude (Conrad McMullen) et Manon (Daniel Tremblay), son petit-fils Martin (Audrey Roy), sa petite-fille M\u00e9lissa, ses arri\u00e8re-petits-fils\u00a0: Arnaud et Henri ainsi que ses fr\u00e8res, ses s\u0153urs, ses beaux-fr\u00e8res, ses belles-s\u0153urs, ses neveux, ses ni\u00e8ces, ses cousins, ses cousines, et de nombreux ami(e)s.<\/p>\n<p>Vos marques de sympathie peuvent se traduire par un don \u00e0 l\u2019\u00c9lyme des sables <a href=\"http:\/\/www.elymedessables.com\">www.elymedessables.com<\/a><\/p>\n<p>La famille a confi\u00e9 les arrangements aux services professionnels de la Maison Mallet &amp; fils du 585 Boul. Laure \u00e0 Sept-\u00celes, maintenant reconnue Distinction et membre de la Corporation des Thanatologues du Qu\u00e9bec.<\/p>\n<p>Vous pouvez consulter cet avis de d\u00e9c\u00e8s sur le\u00a0: <a href=\"https:\/\/nouveau.maisonmallet.com\/back05_01\">www.maisonmallet.com<\/a><\/p>\n<p>Ceux et celles qui le d\u00e9sirent, peuvent y envoyer des messages de sympathie.<\/p>\n<p>&nbsp;<\/p>\n<hr \/>\n<p>Envoyer vos condol\u00e9ances<\/p>\n<p>[contact-form to=\u00a0\u00bbmarie.clauderoy@hotmail.fr\u00a0\u00bb subject=\u00a0\u00bbCondol\u00e9ances Denise Collin\u00a0\u00bb][contact-field label=\u00a0\u00bbVotre nom\u00a0\u00bb type=\u00a0\u00bbname\u00a0\u00bb required=\u00a0\u00bb1&Prime;][contact-field label=\u00a0\u00bbVotre courriel\u00a0\u00bb type=\u00a0\u00bbemail\u00a0\u00bb required=\u00a0\u00bb1&Prime;][contact-field label=\u00a0\u00bbCondol\u00e9ances\u00a0\u00bb type=\u00a0\u00bbtextarea\u00a0\u00bb][\/contact-form]<\/p>\n","protected":false},"featured_media":12993,"template":"","event_cat":[6],"class_list":["post-12956","event","type-event","status-publish","has-post-thumbnail","hentry","event_cat-maison-mallet-et-fils-inc"],"_links":{"self":[{"href":"https:\/\/nouveau.maisonmallet.com\/back05_01\/index.php?rest_route=\/wp\/v2\/event\/12956","targetHints":{"allow":["GET"]}}],"collection":[{"href":"https:\/\/nouveau.maisonmallet.com\/back05_01\/index.php?rest_route=\/wp\/v2\/event"}],"about":[{"href":"https:\/\/nouveau.maisonmallet.com\/back05_01\/index.php?rest_route=\/wp\/v2\/types\/event"}],"wp:featuredmedia":[{"embeddable":true,"href":"https:\/\/nouveau.maisonmallet.com\/back05_01\/index.php?rest_route=\/wp\/v2\/media\/12993"}],"wp:attachment":[{"href":"https:\/\/nouveau.maisonmallet.com\/back05_01\/index.php?rest_route=%2Fwp%2Fv2%2Fmedia&parent=12956"}],"wp:term":[{"taxonomy":"event_cat","embeddable":true,"href":"https:\/\/nouveau.maisonmallet.com\/back05_01\/index.php?rest_route=%2Fwp%2Fv2%2Fevent_cat&post=12956"}],"curies":[{"name":"wp","href":"https:\/\/api.w.org\/{rel}","templated":true}]}}

<p>1941 – 2020</p>
<p>COLLIN, Denise (Roy)</p>
<p>&nbsp;</p>
<p>À Sept-Îles, le 13 août 2020, est décédée à l’âge de 79 ans, madame Denise Collin épouse de feu Maurice Roy et domiciliée à Sept-Îles</p>
<p>La cérémonie commémorative de madame Denise Collin Roy aura lieu le mardi 18 août 2020 à 14 h à la chapelle du Complexe Thanatologique Mallet &amp; fils du 585, Boul. Laure à Sept-Îles.</p>
<p>Selon ses volontés, elle a été confiée au crématorium de la Maison Mallet &amp; fils pour crémation.</p>
<p>La famille reçoit parents et amis le lundi 17 août 2020 de 19 h à 22 h. Le mardi 18 août 2020 jour de la cérémonie à compter de 12 h 30 au Complexe Thanatologique Mallet &amp; fils du 585 boul. Laure à Sept-Îles.</p>
<p><strong>Dû aux circonstances reliées à la pandémie, vous pouvez venir présenter vos condoléances en respectant la distanciation sociale et le port du masque sera obligatoire.</strong></p>
<p>Elle laisse dans le deuil ses filles : Marie-Claude (Conrad McMullen) et Manon (Daniel Tremblay), son petit-fils Martin (Audrey Roy), sa petite-fille Mélissa, ses arrière-petits-fils : Arnaud et Henri ainsi que ses frères, ses sœurs, ses beaux-frères, ses belles-sœurs, ses neveux, ses nièces, ses cousins, ses cousines, et de nombreux ami(e)s.</p>
<p>Vos marques de sympathie peuvent se traduire par un don à l’Élyme des sables <a href="http://www.elymedessables.com">www.elymedessables.com</a></p>
<p>La famille a confié les arrangements aux services professionnels de la Maison Mallet &amp; fils du 585 Boul. Laure à Sept-Îles, maintenant reconnue Distinction et membre de la Corporation des Thanatologues du Québec.</p>
<p>Vous pouvez consulter cet avis de décès sur le : <a href="https://nouveau.maisonmallet.com/back05_01">www.maisonmallet.com</a></p>
<p>Ceux et celles qui le désirent, peuvent y envoyer des messages de sympathie.</p>
<p>&nbsp;</p>
<hr />
<p>Envoyer vos condoléances</p>
<p>[contact-form to= »marie.clauderoy@hotmail.fr » subject= »Condoléances Denise Collin »][contact-field label= »Votre nom » type= »name » required= »1&Prime;][contact-field label= »Votre courriel » type= »email » required= »1&Prime;][contact-field label= »Condoléances » type= »textarea »][/contact-form]</p>
