{"id":12960,"date":"2020-08-14T13:27:07","date_gmt":"2020-08-14T17:27:07","guid":{"rendered":"https:\/\/nouveau.maisonmallet.com\/?post_type=event&#038;p=12960"},"modified":"2020-08-18T16:14:02","modified_gmt":"2020-08-18T20:14:02","slug":"belanger-marcelle-tremblay","status":"publish","type":"event","link":"https:\/\/nouveau.maisonmallet.com\/back05_01\/?event=belanger-marcelle-tremblay","title":{"rendered":"B\u00c9LANGER, Marcelle (Tremblay)"},"content":{"rendered":"<p>1942 \u2013 2020<\/p>\n<p>B\u00c9LANGER, Marcelle (Tremblay)<\/p>\n<p>&nbsp;<\/p>\n<p>\u00c0 Sept-\u00celes (r\u00e9sidence Gustave-Gauvreau), le 14 ao\u00fbt 2020, est d\u00e9c\u00e9d\u00e9e \u00e0 l\u2019\u00e2ge de 78 ans, madame Marcelle B\u00e9langer \u00e9pouse de monsieur Ghislain Tremblay, fille de feu Charles B\u00e9langer et de feue Julie Pinault, domicili\u00e9e \u00e0 Sept-\u00celes autrefois de Matane.<\/p>\n<p>Les fun\u00e9railles de madame Marcelle B\u00e9langer Tremblay auront lieu le samedi 22 ao\u00fbt 2020 \u00e0 10 h 30 en l\u2019\u00e9glise St-Joseph situ\u00e9e au 535, ave. Brochu \u00e0 Sept-\u00celes.<\/p>\n<p>La famille re\u00e7oit parents et amis le vendredi 21 ao\u00fbt 2020 de 19 h \u00e0 22 h. Le samedi 22 ao\u00fbt 2020 jour des fun\u00e9railles \u00e0 compter de 9 h au Complexe Thanatologique Mallet &amp; fils du 585, boul. Laure \u00e0 Sept-\u00celes.<\/p>\n<p><strong>D\u00fb aux circonstances reli\u00e9es \u00e0 la pand\u00e9mie, vous pouvez venir pr\u00e9senter vos condol\u00e9ances en respectant la distanciation sociale.<\/strong><\/p>\n<p>Elle laisse dans le deuil outre son \u00e9poux monsieur Ghislain Tremblay, ses enfants\u00a0: Claude (Giovanna Lavy-Paredes), Marie et St\u00e9phan (Marianne Latreille), ses petits-fils\u00a0: Andr\u00e9 Tremblay, Anthony Da Rosa et Benjamin Tremblay ainsi que ses s\u0153urs, ses beaux-fr\u00e8res, ses belles-s\u0153urs, ses neveux, ses ni\u00e8ces et de nombreux ami(e)s.<\/p>\n<p>La famille tient \u00e0 remercier chaleureusement le d\u00e9vou\u00e9 personnel du CHSLD pour les soins prodigu\u00e9s pendant sa longue maladie et ses soins palliatifs.<\/p>\n<p>Vos marques de sympathie peuvent se traduire par un don \u00e0 la soci\u00e9t\u00e9 Alzheimer Cote-Nord <a href=\"http:\/\/www.societealzheimercotenord.com\">www.societealzheimercotenord.com<\/a><\/p>\n<p>La famille a confi\u00e9 la direction des fun\u00e9railles aux services professionnels de la Maison Mallet &amp; fils du 585 Boul. Laure \u00e0 Sept-\u00celes, maintenant reconnue Distinction et membre de la Corporation des Thanatologues du Qu\u00e9bec.<\/p>\n<p>Vous pouvez consulter cet avis de d\u00e9c\u00e8s sur le\u00a0: <a href=\"https:\/\/nouveau.maisonmallet.com\/back05_01\">www.maisonmallet.com<\/a><\/p>\n<p>Ceux et celles qui le d\u00e9sirent, peuvent y envoyer des messages de sympathie.<\/p>\n<p>&nbsp;<\/p>\n<hr \/>\n<p>Envoyer vos condol\u00e9ances<\/p>\n<p>[contact-form to=\u00a0\u00bbtrem23@hotmail.com\u00a0\u00bb subject=\u00a0\u00bbCondol\u00e9ances Marcelle B\u00e9langer\u00a0\u00bb][contact-field label=\u00a0\u00bbVotre nom\u00a0\u00bb type=\u00a0\u00bbname\u00a0\u00bb required=\u00a0\u00bb1&Prime;][contact-field label=\u00a0\u00bbVotre courriel\u00a0\u00bb type=\u00a0\u00bbemail\u00a0\u00bb required=\u00a0\u00bb1&Prime;][contact-field label=\u00a0\u00bbCondol\u00e9ances\u00a0\u00bb type=\u00a0\u00bbtextarea\u00a0\u00bb][\/contact-form]<\/p>\n","protected":false},"featured_media":13035,"template":"","event_cat":[6],"class_list":["post-12960","event","type-event","status-publish","has-post-thumbnail","hentry","event_cat-maison-mallet-et-fils-inc"],"_links":{"self":[{"href":"https:\/\/nouveau.maisonmallet.com\/back05_01\/index.php?rest_route=\/wp\/v2\/event\/12960","targetHints":{"allow":["GET"]}}],"collection":[{"href":"https:\/\/nouveau.maisonmallet.com\/back05_01\/index.php?rest_route=\/wp\/v2\/event"}],"about":[{"href":"https:\/\/nouveau.maisonmallet.com\/back05_01\/index.php?rest_route=\/wp\/v2\/types\/event"}],"wp:featuredmedia":[{"embeddable":true,"href":"https:\/\/nouveau.maisonmallet.com\/back05_01\/index.php?rest_route=\/wp\/v2\/media\/13035"}],"wp:attachment":[{"href":"https:\/\/nouveau.maisonmallet.com\/back05_01\/index.php?rest_route=%2Fwp%2Fv2%2Fmedia&parent=12960"}],"wp:term":[{"taxonomy":"event_cat","embeddable":true,"href":"https:\/\/nouveau.maisonmallet.com\/back05_01\/index.php?rest_route=%2Fwp%2Fv2%2Fevent_cat&post=12960"}],"curies":[{"name":"wp","href":"https:\/\/api.w.org\/{rel}","templated":true}]}}

BÉLANGER, Marcelle (Tremblay)

<p>1942 – 2020</p>
<p>BÉLANGER, Marcelle (Tremblay)</p>
<p>&nbsp;</p>
<p>À Sept-Îles (résidence Gustave-Gauvreau), le 14 août 2020, est décédée à l’âge de 78 ans, madame Marcelle Bélanger épouse de monsieur Ghislain Tremblay, fille de feu Charles Bélanger et de feue Julie Pinault, domiciliée à Sept-Îles autrefois de Matane.</p>
<p>Les funérailles de madame Marcelle Bélanger Tremblay auront lieu le samedi 22 août 2020 à 10 h 30 en l’église St-Joseph située au 535, ave. Brochu à Sept-Îles.</p>
<p>La famille reçoit parents et amis le vendredi 21 août 2020 de 19 h à 22 h. Le samedi 22 août 2020 jour des funérailles à compter de 9 h au Complexe Thanatologique Mallet &amp; fils du 585, boul. Laure à Sept-Îles.</p>
<p><strong>Dû aux circonstances reliées à la pandémie, vous pouvez venir présenter vos condoléances en respectant la distanciation sociale.</strong></p>
<p>Elle laisse dans le deuil outre son époux monsieur Ghislain Tremblay, ses enfants : Claude (Giovanna Lavy-Paredes), Marie et Stéphan (Marianne Latreille), ses petits-fils : André Tremblay, Anthony Da Rosa et Benjamin Tremblay ainsi que ses sœurs, ses beaux-frères, ses belles-sœurs, ses neveux, ses nièces et de nombreux ami(e)s.</p>
<p>La famille tient à remercier chaleureusement le dévoué personnel du CHSLD pour les soins prodigués pendant sa longue maladie et ses soins palliatifs.</p>
<p>Vos marques de sympathie peuvent se traduire par un don à la société Alzheimer Cote-Nord <a href="http://www.societealzheimercotenord.com">www.societealzheimercotenord.com</a></p>
<p>La famille a confié la direction des funérailles aux services professionnels de la Maison Mallet &amp; fils du 585 Boul. Laure à Sept-Îles, maintenant reconnue Distinction et membre de la Corporation des Thanatologues du Québec.</p>
<p>Vous pouvez consulter cet avis de décès sur le : <a href="https://nouveau.maisonmallet.com/back05_01">www.maisonmallet.com</a></p>
<p>Ceux et celles qui le désirent, peuvent y envoyer des messages de sympathie.</p>
<p>&nbsp;</p>
<hr />
<p>Envoyer vos condoléances</p>
<p>[contact-form to= »trem23@hotmail.com » subject= »Condoléances Marcelle Bélanger »][contact-field label= »Votre nom » type= »name » required= »1&Prime;][contact-field label= »Votre courriel » type= »email » required= »1&Prime;][contact-field label= »Condoléances » type= »textarea »][/contact-form]</p>
