{"id":13194,"date":"2020-08-23T15:17:58","date_gmt":"2020-08-23T19:17:58","guid":{"rendered":"https:\/\/nouveau.maisonmallet.com\/?post_type=event&#038;p=13194"},"modified":"2020-09-01T22:44:36","modified_gmt":"2020-09-02T02:44:36","slug":"fournier-jean-yves","status":"publish","type":"event","link":"https:\/\/nouveau.maisonmallet.com\/back05_01\/?event=fournier-jean-yves","title":{"rendered":"FOURNIER, Jean-Yves"},"content":{"rendered":"<p>1945 \u2013 2020<\/p>\n<p>FOURNIER, Jean-Yves<\/p>\n<p>&nbsp;<\/p>\n<p>\u00c0 Port-Cartier, le 14 ao\u00fbt 2020, est d\u00e9c\u00e9d\u00e9 \u00e0 l\u2019\u00e2ge de 75 ans, monsieur Jean-Yves Fournier fils de feu Lionel Fournier et de feue Berthe Levesque domicili\u00e9 \u00e0 Port-Cartier.<\/p>\n<p>Les rituelles fun\u00e9raires de monsieur Jean-Yves Fournier auront lieu le vendredi 21 ao\u00fbt 2020 au cimeti\u00e8re de Port-Cartier.<\/p>\n<p>Selon ses volont\u00e9s, il a \u00e9t\u00e9 confi\u00e9 au cr\u00e9matorium de la Maison Mallet &amp; fils pour cr\u00e9mation.<\/p>\n<p>Il laisse dans le deuil ses fils\u00a0: Luc et Pascal leur m\u00e8re Pierrette Banville, ses s\u0153urs\u00a0: Louise et Linda (Pierre Luca), son fr\u00e8res Gilles (Jacqueline Gamache) ainsi que ses neveux, ses ni\u00e8ces, ses cousins, ses cousines, et de nombreux ami(e)s.<\/p>\n<p>La famille a confi\u00e9 les arrangements aux services professionnels de la Maison Mallet &amp; fils du 57, route 138 \u00e0 Port-Cartier, maintenant reconnue Distinction et membre de la Corporation des Thanatologues du Qu\u00e9bec.<\/p>\n<p>Vous pouvez consulter cet avis de d\u00e9c\u00e8s, sur le <a href=\"https:\/\/nouveau.maisonmallet.com\/back05_01\">www.maisonmallet.com<\/a><\/p>\n<p>Ceux et celles qui le d\u00e9sirent, peuvent y envoyer des messages de sympathie.<\/p>\n<p>&nbsp;<\/p>\n<hr \/>\n<p>Envoyer vos condol\u00e9ances<\/p>\n<p>[contact-form to=\u00a0\u00bbgilles.fournier@cgocable.ca\u00a0\u00bb subject=\u00a0\u00bbCondol\u00e9ances Jean-Yves Fournier\u00a0\u00bb][contact-field label=\u00a0\u00bbVotre nom\u00a0\u00bb type=\u00a0\u00bbname\u00a0\u00bb required=\u00a0\u00bb1&Prime;][contact-field label=\u00a0\u00bbVotre courriel\u00a0\u00bb type=\u00a0\u00bbemail\u00a0\u00bb required=\u00a0\u00bb1&Prime;][contact-field label=\u00a0\u00bbCondol\u00e9ances\u00a0\u00bb type=\u00a0\u00bbtextarea\u00a0\u00bb][\/contact-form]<\/p>\n","protected":false},"featured_media":13466,"template":"","event_cat":[6],"class_list":["post-13194","event","type-event","status-publish","has-post-thumbnail","hentry","event_cat-maison-mallet-et-fils-inc"],"_links":{"self":[{"href":"https:\/\/nouveau.maisonmallet.com\/back05_01\/index.php?rest_route=\/wp\/v2\/event\/13194","targetHints":{"allow":["GET"]}}],"collection":[{"href":"https:\/\/nouveau.maisonmallet.com\/back05_01\/index.php?rest_route=\/wp\/v2\/event"}],"about":[{"href":"https:\/\/nouveau.maisonmallet.com\/back05_01\/index.php?rest_route=\/wp\/v2\/types\/event"}],"wp:featuredmedia":[{"embeddable":true,"href":"https:\/\/nouveau.maisonmallet.com\/back05_01\/index.php?rest_route=\/wp\/v2\/media\/13466"}],"wp:attachment":[{"href":"https:\/\/nouveau.maisonmallet.com\/back05_01\/index.php?rest_route=%2Fwp%2Fv2%2Fmedia&parent=13194"}],"wp:term":[{"taxonomy":"event_cat","embeddable":true,"href":"https:\/\/nouveau.maisonmallet.com\/back05_01\/index.php?rest_route=%2Fwp%2Fv2%2Fevent_cat&post=13194"}],"curies":[{"name":"wp","href":"https:\/\/api.w.org\/{rel}","templated":true}]}}

<p>1945 – 2020</p>
<p>FOURNIER, Jean-Yves</p>
<p>&nbsp;</p>
<p>À Port-Cartier, le 14 août 2020, est décédé à l’âge de 75 ans, monsieur Jean-Yves Fournier fils de feu Lionel Fournier et de feue Berthe Levesque domicilié à Port-Cartier.</p>
<p>Les rituelles funéraires de monsieur Jean-Yves Fournier auront lieu le vendredi 21 août 2020 au cimetière de Port-Cartier.</p>
<p>Selon ses volontés, il a été confié au crématorium de la Maison Mallet &amp; fils pour crémation.</p>
<p>Il laisse dans le deuil ses fils : Luc et Pascal leur mère Pierrette Banville, ses sœurs : Louise et Linda (Pierre Luca), son frères Gilles (Jacqueline Gamache) ainsi que ses neveux, ses nièces, ses cousins, ses cousines, et de nombreux ami(e)s.</p>
<p>La famille a confié les arrangements aux services professionnels de la Maison Mallet &amp; fils du 57, route 138 à Port-Cartier, maintenant reconnue Distinction et membre de la Corporation des Thanatologues du Québec.</p>
<p>Vous pouvez consulter cet avis de décès, sur le <a href="https://nouveau.maisonmallet.com/back05_01">www.maisonmallet.com</a></p>
<p>Ceux et celles qui le désirent, peuvent y envoyer des messages de sympathie.</p>
<p>&nbsp;</p>
<hr />
<p>Envoyer vos condoléances</p>
<p>[contact-form to= »gilles.fournier@cgocable.ca » subject= »Condoléances Jean-Yves Fournier »][contact-field label= »Votre nom » type= »name » required= »1&Prime;][contact-field label= »Votre courriel » type= »email » required= »1&Prime;][contact-field label= »Condoléances » type= »textarea »][/contact-form]</p>
