{"id":13260,"date":"2020-08-25T05:30:15","date_gmt":"2020-08-25T09:30:15","guid":{"rendered":"https:\/\/nouveau.maisonmallet.com\/?post_type=event&#038;p=13260"},"modified":"2020-08-27T18:26:09","modified_gmt":"2020-08-27T22:26:09","slug":"beaudin-jean-yves","status":"publish","type":"event","link":"https:\/\/nouveau.maisonmallet.com\/back05_01\/?event=beaudin-jean-yves","title":{"rendered":"BEAUDIN, Jean-Yves"},"content":{"rendered":"<p>1949-2020<\/p>\n<p>\u00c0 Havre-Saint-Pierre, le 25 ao\u00fbt 2020, est d\u00e9c\u00e9d\u00e9 \u00e0 l\u2019\u00e2ge de 70 ans et 9 mois, monsieur Jean-Yves Beaudin conjoint de madame Marie-Th\u00e9r\u00e8se Richard et domicili\u00e9 \u00e0 Havre-Saint-Pierre.<\/p>\n<p>Les fun\u00e9railles de monsieur Jean-Yves Beaudin auront lieu le samedi 5 septembre 2020 \u00e0 11 h en l\u2019\u00e9glise Saint-Jean Ap\u00f4tre de Rivi\u00e8re-Saint-Jean et de l\u00e0 au cimeti\u00e8re de l\u2019endroit.<\/p>\n<p>Selon ses volont\u00e9s, il a \u00e9t\u00e9 confi\u00e9 au cr\u00e9matorium de la Maison L.J.G. Mallet pour cr\u00e9mation.<\/p>\n<p>La famille re\u00e7oit parents et amis le vendredi 4 septembre 2020 de 13 h \u00e0 16 h, de 19 h \u00e0 22 au salon de la maison L.J.G. Mallet du 1429, rue du Canot \u00e0 Havre-Saint-Pierre.<\/p>\n<p><strong>D\u00fb aux circonstances reli\u00e9es \u00e0 la pand\u00e9mie, vous pouvez venir pr\u00e9senter vos condol\u00e9ances en respectant la distanciation sociale et le port du masque sera obligatoire.<\/strong><\/p>\n<p>Il laisse dans le deuil outre sa conjointe madame Marie-Th\u00e9r\u00e8se Richard, ses belles-filles et leur conjoint et leur petits-enfants, ses filles : Jackie (Dino Morin) et St\u00e9phanie (Jimmy Gallant), ses petits-enfants : \u00c9lo\u00efse, Chlo\u00e9, Sophia et Mathis, sa m\u00e8re madame L\u00e9ontine Beaudin, ses fr\u00e8res : Rosaire (Lise Boulanger, Gaby, Dany, Jean-Robert et Fernand, ses s\u0153urs : Ludivine (Hugue Gamache), Ir\u00e8ne (Yoland Beaudin) et Yvette, ses beaux-fr\u00e8res, ses belles-s\u0153urs, ses neveux, ses ni\u00e8ces et de nombreux ami(e)s.<\/p>\n<p>La famille a confi\u00e9 la direction des fun\u00e9railles aux services professionnels de la Maison L.J.G. Mallet du 1429, rue du Canot \u00e0 Havre-Saint-Pierre, maintenant reconnue Distinction et membre de la Corporation des Thanatologues du Qu\u00e9bec.<\/p>\n<p>Vous pouvez consulter cet avis de d\u00e9c\u00e8s sur le <a href=\"https:\/\/nouveau.maisonmallet.com\/back05_01\">www.maisonmallet.com<\/a><\/p>\n<p>Ceux et celles qui le d\u00e9sirent, peuvent y envoyer des messages de sympathie.<\/p>\n<p>&nbsp;<\/p>\n<p>&nbsp;<\/p>\n<hr \/>\n<p>Envoyer vos condol\u00e9ances<\/p>\n<p>[contact-form to=\u00a0\u00bbnanouxb@hotmail.com\u00a0\u00bb subject=\u00a0\u00bbCondol\u00e9ances Jean-Yves Beaudin\u00a0\u00bb][contact-field label=\u00a0\u00bbVotre nom\u00a0\u00bb type=\u00a0\u00bbname\u00a0\u00bb required=\u00a0\u00bb1&Prime;][contact-field label=\u00a0\u00bbVotre courriel\u00a0\u00bb type=\u00a0\u00bbemail\u00a0\u00bb required=\u00a0\u00bb1&Prime;][contact-field label=\u00a0\u00bbCondol\u00e9ances\u00a0\u00bb type=\u00a0\u00bbtextarea\u00a0\u00bb][\/contact-form]<\/p>\n","protected":false},"featured_media":13301,"template":"","event_cat":[7],"class_list":["post-13260","event","type-event","status-publish","has-post-thumbnail","hentry","event_cat-maison-l-j-g-mallet-inc"],"_links":{"self":[{"href":"https:\/\/nouveau.maisonmallet.com\/back05_01\/index.php?rest_route=\/wp\/v2\/event\/13260","targetHints":{"allow":["GET"]}}],"collection":[{"href":"https:\/\/nouveau.maisonmallet.com\/back05_01\/index.php?rest_route=\/wp\/v2\/event"}],"about":[{"href":"https:\/\/nouveau.maisonmallet.com\/back05_01\/index.php?rest_route=\/wp\/v2\/types\/event"}],"wp:featuredmedia":[{"embeddable":true,"href":"https:\/\/nouveau.maisonmallet.com\/back05_01\/index.php?rest_route=\/wp\/v2\/media\/13301"}],"wp:attachment":[{"href":"https:\/\/nouveau.maisonmallet.com\/back05_01\/index.php?rest_route=%2Fwp%2Fv2%2Fmedia&parent=13260"}],"wp:term":[{"taxonomy":"event_cat","embeddable":true,"href":"https:\/\/nouveau.maisonmallet.com\/back05_01\/index.php?rest_route=%2Fwp%2Fv2%2Fevent_cat&post=13260"}],"curies":[{"name":"wp","href":"https:\/\/api.w.org\/{rel}","templated":true}]}}

<p>1949-2020</p>
<p>À Havre-Saint-Pierre, le 25 août 2020, est décédé à l’âge de 70 ans et 9 mois, monsieur Jean-Yves Beaudin conjoint de madame Marie-Thérèse Richard et domicilié à Havre-Saint-Pierre.</p>
<p>Les funérailles de monsieur Jean-Yves Beaudin auront lieu le samedi 5 septembre 2020 à 11 h en l’église Saint-Jean Apôtre de Rivière-Saint-Jean et de là au cimetière de l’endroit.</p>
<p>Selon ses volontés, il a été confié au crématorium de la Maison L.J.G. Mallet pour crémation.</p>
<p>La famille reçoit parents et amis le vendredi 4 septembre 2020 de 13 h à 16 h, de 19 h à 22 au salon de la maison L.J.G. Mallet du 1429, rue du Canot à Havre-Saint-Pierre.</p>
<p><strong>Dû aux circonstances reliées à la pandémie, vous pouvez venir présenter vos condoléances en respectant la distanciation sociale et le port du masque sera obligatoire.</strong></p>
<p>Il laisse dans le deuil outre sa conjointe madame Marie-Thérèse Richard, ses belles-filles et leur conjoint et leur petits-enfants, ses filles : Jackie (Dino Morin) et Stéphanie (Jimmy Gallant), ses petits-enfants : Éloïse, Chloé, Sophia et Mathis, sa mère madame Léontine Beaudin, ses frères : Rosaire (Lise Boulanger, Gaby, Dany, Jean-Robert et Fernand, ses sœurs : Ludivine (Hugue Gamache), Irène (Yoland Beaudin) et Yvette, ses beaux-frères, ses belles-sœurs, ses neveux, ses nièces et de nombreux ami(e)s.</p>
<p>La famille a confié la direction des funérailles aux services professionnels de la Maison L.J.G. Mallet du 1429, rue du Canot à Havre-Saint-Pierre, maintenant reconnue Distinction et membre de la Corporation des Thanatologues du Québec.</p>
<p>Vous pouvez consulter cet avis de décès sur le <a href="https://nouveau.maisonmallet.com/back05_01">www.maisonmallet.com</a></p>
<p>Ceux et celles qui le désirent, peuvent y envoyer des messages de sympathie.</p>
<p>&nbsp;</p>
<p>&nbsp;</p>
<hr />
<p>Envoyer vos condoléances</p>
<p>[contact-form to= »nanouxb@hotmail.com » subject= »Condoléances Jean-Yves Beaudin »][contact-field label= »Votre nom » type= »name » required= »1&Prime;][contact-field label= »Votre courriel » type= »email » required= »1&Prime;][contact-field label= »Condoléances » type= »textarea »][/contact-form]</p>
