{"id":13300,"date":"2020-08-29T04:25:29","date_gmt":"2020-08-29T08:25:29","guid":{"rendered":"https:\/\/nouveau.maisonmallet.com\/?post_type=event&#038;p=13300"},"modified":"2020-08-31T19:10:32","modified_gmt":"2020-08-31T23:10:32","slug":"girard-cecile-deroy","status":"publish","type":"event","link":"https:\/\/nouveau.maisonmallet.com\/back05_01\/?event=girard-cecile-deroy","title":{"rendered":"GIRARD, C\u00e9cile (Deroy)"},"content":{"rendered":"<p>1918-2020<\/p>\n<p>\u00c0 Havre-Saint-Pierre, le 29 ao\u00fbt 2020, est d\u00e9c\u00e9d\u00e9e \u00e0 l\u2019\u00e2ge de 101 ans et 11 mois, madame C\u00e9cile Girard Deroy \u00e9pouse de feu Albert Deroy et domicili\u00e9e \u00e0 Havre-Saint-Pierre.<\/p>\n<p>Les fun\u00e9railles de madame C\u00e9cile Girard Deroy auront lieu le samedi 19 septembre 2020 \u00e0 11 h en l\u2019\u00e9glise Saint-Jean Ap\u00f4tre de Rivi\u00e8re-Saint-Jean et de l\u00e0 au cimeti\u00e8re de l\u2019endroit.<\/p>\n<p>Selon ses volont\u00e9s, elle a \u00e9t\u00e9 confi\u00e9e au cr\u00e9matorium de la Maison L.J.G. Mallet pour cr\u00e9mation.<\/p>\n<p>La famille re\u00e7oit parents et amis le vendredi 18 septembre 2020 de 19 h \u00e0 22 au salon de la maison L.J.G. Mallet du 1429, rue du Canot \u00e0 Havre-Saint-Pierre.<\/p>\n<p><strong>D\u00fb aux circonstances reli\u00e9es \u00e0 la pand\u00e9mie, vous pouvez venir pr\u00e9senter vos condol\u00e9ances en respectant la distanciation sociale et le port du masque sera obligatoire.<\/strong><\/p>\n<p>Elle laisse dans le deuil ses fils : Val\u00e8re (Irma Maloney), Jean-Marie (Rosalie Beaudin), Jean-Rock (Marie-Marthe Vali\u00e8res) et Jean-Guy (feue Priscilla Marcoux), ses douze petits-enfants, ses dix arri\u00e8re-petits-enfants, son fr\u00e8re Clovis Girard, sa s\u0153ur Laurette Girard, son beau-fr\u00e8re Gaby Jomphe, ses neveux, ses ni\u00e8ces et de nombreux ami(e)s.<\/p>\n<p>Elle \u00e9tait la m\u00e8re de feu Raymond, feu Ga\u00e9tan et feue Nicole.<\/p>\n<p>Des remerciements sp\u00e9ciales au personnel soignant du centre de sant\u00e9 et du centre d\u2019accueil pour les bons soins prodigu\u00e9s \u00e0 madame C\u00e9cile Girard.<\/p>\n<p>Vos marques de sympathie peuvent se traduire par un don \u00e0 la fondation du centre de sant\u00e9 de la Minganie.<\/p>\n<p>La famille a confi\u00e9 les arrangements fun\u00e9raires aux services professionnels de la Maison L.J.G. Mallet du 1429, rue du Canot \u00e0 Havre-Saint-Pierre, maintenant reconnue Distinction et membre de la Corporation des Thanatologues du Qu\u00e9bec.<\/p>\n<p>Vous pouvez consulter cet avis de d\u00e9c\u00e8s sur le <a href=\"https:\/\/nouveau.maisonmallet.com\/back05_01\">www.maisonmallet.com<\/a><\/p>\n<p>Ceux et celles qui le d\u00e9sirent, peuvent y envoyer des messages de sympathie.<\/p>\n<p>&nbsp;<\/p>\n<p>&nbsp;<\/p>\n<hr \/>\n<p>Envoyer vos condol\u00e9ances<\/p>\n<p>[contact-form to=\u00a0\u00bbanimaleriemaya@hotmail.com\u00a0\u00bb subject=\u00a0\u00bbCondol\u00e9ances C\u00e9cile Girard\u00a0\u00bb][contact-field label=\u00a0\u00bbVotre nom\u00a0\u00bb type=\u00a0\u00bbname\u00a0\u00bb required=\u00a0\u00bb1&Prime;][contact-field label=\u00a0\u00bbVotre courriel\u00a0\u00bb type=\u00a0\u00bbemail\u00a0\u00bb required=\u00a0\u00bb1&Prime;][contact-field label=\u00a0\u00bbCondol\u00e9ances\u00a0\u00bb type=\u00a0\u00bbtextarea\u00a0\u00bb][\/contact-form]<\/p>\n","protected":false},"featured_media":13351,"template":"","event_cat":[7],"class_list":["post-13300","event","type-event","status-publish","has-post-thumbnail","hentry","event_cat-maison-l-j-g-mallet-inc"],"_links":{"self":[{"href":"https:\/\/nouveau.maisonmallet.com\/back05_01\/index.php?rest_route=\/wp\/v2\/event\/13300","targetHints":{"allow":["GET"]}}],"collection":[{"href":"https:\/\/nouveau.maisonmallet.com\/back05_01\/index.php?rest_route=\/wp\/v2\/event"}],"about":[{"href":"https:\/\/nouveau.maisonmallet.com\/back05_01\/index.php?rest_route=\/wp\/v2\/types\/event"}],"wp:featuredmedia":[{"embeddable":true,"href":"https:\/\/nouveau.maisonmallet.com\/back05_01\/index.php?rest_route=\/wp\/v2\/media\/13351"}],"wp:attachment":[{"href":"https:\/\/nouveau.maisonmallet.com\/back05_01\/index.php?rest_route=%2Fwp%2Fv2%2Fmedia&parent=13300"}],"wp:term":[{"taxonomy":"event_cat","embeddable":true,"href":"https:\/\/nouveau.maisonmallet.com\/back05_01\/index.php?rest_route=%2Fwp%2Fv2%2Fevent_cat&post=13300"}],"curies":[{"name":"wp","href":"https:\/\/api.w.org\/{rel}","templated":true}]}}

GIRARD, Cécile (Deroy)

<p>1918-2020</p>
<p>À Havre-Saint-Pierre, le 29 août 2020, est décédée à l’âge de 101 ans et 11 mois, madame Cécile Girard Deroy épouse de feu Albert Deroy et domiciliée à Havre-Saint-Pierre.</p>
<p>Les funérailles de madame Cécile Girard Deroy auront lieu le samedi 19 septembre 2020 à 11 h en l’église Saint-Jean Apôtre de Rivière-Saint-Jean et de là au cimetière de l’endroit.</p>
<p>Selon ses volontés, elle a été confiée au crématorium de la Maison L.J.G. Mallet pour crémation.</p>
<p>La famille reçoit parents et amis le vendredi 18 septembre 2020 de 19 h à 22 au salon de la maison L.J.G. Mallet du 1429, rue du Canot à Havre-Saint-Pierre.</p>
<p><strong>Dû aux circonstances reliées à la pandémie, vous pouvez venir présenter vos condoléances en respectant la distanciation sociale et le port du masque sera obligatoire.</strong></p>
<p>Elle laisse dans le deuil ses fils : Valère (Irma Maloney), Jean-Marie (Rosalie Beaudin), Jean-Rock (Marie-Marthe Valières) et Jean-Guy (feue Priscilla Marcoux), ses douze petits-enfants, ses dix arrière-petits-enfants, son frère Clovis Girard, sa sœur Laurette Girard, son beau-frère Gaby Jomphe, ses neveux, ses nièces et de nombreux ami(e)s.</p>
<p>Elle était la mère de feu Raymond, feu Gaétan et feue Nicole.</p>
<p>Des remerciements spéciales au personnel soignant du centre de santé et du centre d’accueil pour les bons soins prodigués à madame Cécile Girard.</p>
<p>Vos marques de sympathie peuvent se traduire par un don à la fondation du centre de santé de la Minganie.</p>
<p>La famille a confié les arrangements funéraires aux services professionnels de la Maison L.J.G. Mallet du 1429, rue du Canot à Havre-Saint-Pierre, maintenant reconnue Distinction et membre de la Corporation des Thanatologues du Québec.</p>
<p>Vous pouvez consulter cet avis de décès sur le <a href="https://nouveau.maisonmallet.com/back05_01">www.maisonmallet.com</a></p>
<p>Ceux et celles qui le désirent, peuvent y envoyer des messages de sympathie.</p>
<p>&nbsp;</p>
<p>&nbsp;</p>
<hr />
<p>Envoyer vos condoléances</p>
<p>[contact-form to= »animaleriemaya@hotmail.com » subject= »Condoléances Cécile Girard »][contact-field label= »Votre nom » type= »name » required= »1&Prime;][contact-field label= »Votre courriel » type= »email » required= »1&Prime;][contact-field label= »Condoléances » type= »textarea »][/contact-form]</p>
