{"id":13505,"date":"2020-09-03T17:53:30","date_gmt":"2020-09-03T21:53:30","guid":{"rendered":"https:\/\/nouveau.maisonmallet.com\/?post_type=event&#038;p=13505"},"modified":"2020-09-04T18:01:54","modified_gmt":"2020-09-04T22:01:54","slug":"belanger-gilles","status":"publish","type":"event","link":"https:\/\/nouveau.maisonmallet.com\/back05_01\/?event=belanger-gilles","title":{"rendered":"B\u00c9LANGER, Gilles"},"content":{"rendered":"<p>1931 \u2013 2020<\/p>\n<p>B\u00c9LANGER, Gilles<\/p>\n<p>&nbsp;<\/p>\n<p>\u00c0 Sept-\u00celes (maison \u00c9lyme des sables), le 24 ao\u00fbt 2020, est d\u00e9c\u00e9d\u00e9e \u00e0 l\u2019\u00e2ge de 89 ans, monsieur Gilles B\u00e9langer \u00e9poux de feue Josette Derosby et domicili\u00e9 \u00e0 Sept-\u00celes.<\/p>\n<p>La c\u00e9r\u00e9monie comm\u00e9morative de monsieur Gilles B\u00e9langer aura lieu le vendredi 11 septembre 2020 \u00e0 15 h 15 \u00e0 la chapelle du Complexe Thanatologique Mallet &amp; fils du 585, Boul. Laure \u00e0 Sept-\u00celes et de l\u00e0 au columbarium du cimeti\u00e8re Catholique de Sept-\u00celes.<\/p>\n<p>Selon ses volont\u00e9s, il a \u00e9t\u00e9 confi\u00e9 au cr\u00e9matorium de la Maison Mallet &amp; fils pour cr\u00e9mation.<\/p>\n<p>La famille re\u00e7oit parents et amis le vendredi 11 septembre 2020 jour de la c\u00e9r\u00e9monie de 13 h \u00e0 16 h au Complexe Thanatologique Mallet &amp; fils du 585 boul. Laure \u00e0 Sept-\u00celes.<\/p>\n<p><strong><u>D\u00fb aux circonstances reli\u00e9es \u00e0 la pand\u00e9mie, vous pouvez venir pr\u00e9senter vos condol\u00e9ances en respectant la distanciation sociale et le port du masque sera obligatoire.<\/u><\/strong><\/p>\n<p>Il laisse dans le deuil ses fils\u00a0: Michel, Daniel, Pierre (Johanne Dallaire) et Yves, sa fille Sylvie (Sylvain Traversy), ses petites-filles\u00a0: Sarah (Jean-Michel Drouin), Elizabethe (Olivier Grenier), No\u00e9mie, ses petits-fils\u00a0: Hugo (Catherine Gendron) et Pierre-Gabriel (Ariel Landry), ses arri\u00e8re petits-fils\u00a0: Levy et Abel ainsi que ses fr\u00e8res, ses s\u0153urs, ses beaux-fr\u00e8res, ses belles-s\u0153urs, ses neveux, ses ni\u00e8ces, ses cousins, ses cousines et de nombreux ami(e)s.<\/p>\n<p>Vos marques de sympathie peuvent se traduire par un don \u00e0 l\u2019\u00c9lyme des sables.\u00a0<a href=\"http:\/\/www.elymedessables.com\/\">www.elymedessables.com<\/a><\/p>\n<p>La famille a confi\u00e9 les arrangements aux services professionnels de la Maison Mallet et Fils du 585 Boul. Laure \u00e0 Sept-\u00celes, maintenant reconnue Distinction et membre de la Corporation des Thanatologues du Qu\u00e9bec.<\/p>\n<p>Vous pouvez consulter cet avis de d\u00e9c\u00e8s sur le\u00a0: <a href=\"https:\/\/nouveau.maisonmallet.com\/back05_01\">www.maisonmallet.com<\/a><\/p>\n<p>Ceux et celles qui le d\u00e9sirent, peuvent y envoyer des messages de sympathie.<\/p>\n<p>&nbsp;<\/p>\n<hr \/>\n<p>Envoyer vos condol\u00e9ances<\/p>\n<p>[contact-form to=\u00a0\u00bbgroupessp@gmail.com\u00a0\u00bb subject=\u00a0\u00bbCondol\u00e9ances Gilles B\u00e9langer\u00a0\u00bb][contact-field label=\u00a0\u00bbVotre nom\u00a0\u00bb type=\u00a0\u00bbname\u00a0\u00bb required=\u00a0\u00bb1&Prime;][contact-field label=\u00a0\u00bbVotre courriel\u00a0\u00bb type=\u00a0\u00bbemail\u00a0\u00bb required=\u00a0\u00bb1&Prime;][contact-field label=\u00a0\u00bbCondol\u00e9ances\u00a0\u00bb type=\u00a0\u00bbtextarea\u00a0\u00bb][\/contact-form]<\/p>\n","protected":false},"featured_media":13540,"template":"","event_cat":[6],"class_list":["post-13505","event","type-event","status-publish","has-post-thumbnail","hentry","event_cat-maison-mallet-et-fils-inc"],"_links":{"self":[{"href":"https:\/\/nouveau.maisonmallet.com\/back05_01\/index.php?rest_route=\/wp\/v2\/event\/13505","targetHints":{"allow":["GET"]}}],"collection":[{"href":"https:\/\/nouveau.maisonmallet.com\/back05_01\/index.php?rest_route=\/wp\/v2\/event"}],"about":[{"href":"https:\/\/nouveau.maisonmallet.com\/back05_01\/index.php?rest_route=\/wp\/v2\/types\/event"}],"wp:featuredmedia":[{"embeddable":true,"href":"https:\/\/nouveau.maisonmallet.com\/back05_01\/index.php?rest_route=\/wp\/v2\/media\/13540"}],"wp:attachment":[{"href":"https:\/\/nouveau.maisonmallet.com\/back05_01\/index.php?rest_route=%2Fwp%2Fv2%2Fmedia&parent=13505"}],"wp:term":[{"taxonomy":"event_cat","embeddable":true,"href":"https:\/\/nouveau.maisonmallet.com\/back05_01\/index.php?rest_route=%2Fwp%2Fv2%2Fevent_cat&post=13505"}],"curies":[{"name":"wp","href":"https:\/\/api.w.org\/{rel}","templated":true}]}}

BÉLANGER, Gilles

<p>1931 – 2020</p>
<p>BÉLANGER, Gilles</p>
<p>&nbsp;</p>
<p>À Sept-Îles (maison Élyme des sables), le 24 août 2020, est décédée à l’âge de 89 ans, monsieur Gilles Bélanger époux de feue Josette Derosby et domicilié à Sept-Îles.</p>
<p>La cérémonie commémorative de monsieur Gilles Bélanger aura lieu le vendredi 11 septembre 2020 à 15 h 15 à la chapelle du Complexe Thanatologique Mallet &amp; fils du 585, Boul. Laure à Sept-Îles et de là au columbarium du cimetière Catholique de Sept-Îles.</p>
<p>Selon ses volontés, il a été confié au crématorium de la Maison Mallet &amp; fils pour crémation.</p>
<p>La famille reçoit parents et amis le vendredi 11 septembre 2020 jour de la cérémonie de 13 h à 16 h au Complexe Thanatologique Mallet &amp; fils du 585 boul. Laure à Sept-Îles.</p>
<p><strong><u>Dû aux circonstances reliées à la pandémie, vous pouvez venir présenter vos condoléances en respectant la distanciation sociale et le port du masque sera obligatoire.</u></strong></p>
<p>Il laisse dans le deuil ses fils : Michel, Daniel, Pierre (Johanne Dallaire) et Yves, sa fille Sylvie (Sylvain Traversy), ses petites-filles : Sarah (Jean-Michel Drouin), Elizabethe (Olivier Grenier), Noémie, ses petits-fils : Hugo (Catherine Gendron) et Pierre-Gabriel (Ariel Landry), ses arrière petits-fils : Levy et Abel ainsi que ses frères, ses sœurs, ses beaux-frères, ses belles-sœurs, ses neveux, ses nièces, ses cousins, ses cousines et de nombreux ami(e)s.</p>
<p>Vos marques de sympathie peuvent se traduire par un don à l’Élyme des sables. <a href="http://www.elymedessables.com/">www.elymedessables.com</a></p>
<p>La famille a confié les arrangements aux services professionnels de la Maison Mallet et Fils du 585 Boul. Laure à Sept-Îles, maintenant reconnue Distinction et membre de la Corporation des Thanatologues du Québec.</p>
<p>Vous pouvez consulter cet avis de décès sur le : <a href="https://nouveau.maisonmallet.com/back05_01">www.maisonmallet.com</a></p>
<p>Ceux et celles qui le désirent, peuvent y envoyer des messages de sympathie.</p>
<p>&nbsp;</p>
<hr />
<p>Envoyer vos condoléances</p>
<p>[contact-form to= »groupessp@gmail.com » subject= »Condoléances Gilles Bélanger »][contact-field label= »Votre nom » type= »name » required= »1&Prime;][contact-field label= »Votre courriel » type= »email » required= »1&Prime;][contact-field label= »Condoléances » type= »textarea »][/contact-form]</p>
