{"id":13593,"date":"2020-09-05T09:37:57","date_gmt":"2020-09-05T13:37:57","guid":{"rendered":"https:\/\/nouveau.maisonmallet.com\/?post_type=event&#038;p=13593"},"modified":"2020-09-06T11:50:11","modified_gmt":"2020-09-06T15:50:11","slug":"methot-ghislaine-girard","status":"publish","type":"event","link":"https:\/\/nouveau.maisonmallet.com\/back05_01\/?event=methot-ghislaine-girard","title":{"rendered":"M\u00c9THOT, Ghislaine (Girard)"},"content":{"rendered":"<p>1934 \u2013 2020<\/p>\n<p>M\u00c9THOT, Ghislaine (Girard)<\/p>\n<p>&nbsp;<\/p>\n<p>\u00c0 Port-Cartier, le 3 septembre 2020, est d\u00e9c\u00e9d\u00e9e \u00e0 l\u2019\u00e2ge de 85 ans, madame Ghislaine M\u00e9thot \u00e9pouse de feu John Girard et domicili\u00e9e \u00e0 Port-Cartier.<\/p>\n<p>Les fun\u00e9railles de madame Ghislaine M\u00e9thot Girard auront lieu le mardi 8 septembre 2020 \u00e0 14 h en l\u2019\u00e9glise Sacr\u00e9-C\u0153ur situ\u00e9e au 38, rue Parent \u00e0 Port-Cartier et de l\u00e0 au cimeti\u00e8re de Port-Cartier.<\/p>\n<p>La famille re\u00e7oit parents et amis le mardi 8 septembre 2020 jour des fun\u00e9railles de 12 h \u00e0 13 h 45 au complexe thanatologique Mallet &amp; fils du 57, route 138 \u00e0 Port-Cartier.<\/p>\n<p><strong><u>D\u00fb aux circonstances reli\u00e9es \u00e0 la pand\u00e9mie, vous pouvez venir pr\u00e9senter vos condol\u00e9ances en respectant la distanciation sociale et le port du masque sera obligatoire.<\/u><\/strong><\/p>\n<p>Elle laisse dans le deuil ses fils\u00a0: Jean-Pierre (Aline Desrosby), R\u00e9jean (Diane Croussette) et Mario, ses filles\u00a0: Line (feu Gaetan Gauthier), Marl\u00e8ne, Suzie (Reneau Horth) et Anne, ses dix petits-enfants, ses dix-neuf arri\u00e8re-petits-enfants ainsi que ses fr\u00e8res, ses s\u0153urs, ses beaux-fr\u00e8res, ses belles-s\u0153urs, ses neveux, ses ni\u00e8ces ses cousins, ses cousines et de nombreux ami(e)s.<\/p>\n<p>La famille d\u00e9sire exprimer un remerciement tout sp\u00e9cial \u00e0 Dre Christine Bois, ainsi qu&rsquo;aux membres de l&rsquo;\u00e9quipe multiservices de sant\u00e9 et de services sociaux de Port-Cartier,\u00a0pour leur d\u00e9vouement, leur d\u00e9licatesse et les bons soins prodigu\u00e9s.<\/p>\n<p>Vos marques de sympathie peuvent se traduire par un don au centre de sant\u00e9 et de services sociaux de Port-Cartier<\/p>\n<p>La famille a confi\u00e9 la direction des fun\u00e9railles aux services professionnels de la maison Mallet &amp; fils du 57, route 138 \u00e0 Port-Cartier, maintenant reconnue Distinction et membre de la Corporation des Thanatologues du Qu\u00e9bec.<\/p>\n<p>Vous pouvez consulter cet avis de d\u00e9c\u00e8s, sur le <a href=\"https:\/\/nouveau.maisonmallet.com\/back05_01\">www.maisonmallet.com<\/a><\/p>\n<p>Ceux et celles qui le d\u00e9sirent, peuvent y envoyer des messages de sympathie.<\/p>\n<p>&nbsp;<\/p>\n<hr \/>\n<p>Envoyer vos condol\u00e9ances<\/p>\n<p>[contact-form to=\u00a0\u00bbjpgirard19@gmail.com\u00a0\u00bb subject=\u00a0\u00bbCondol\u00e9ances Ghislaine M\u00e9thot\u00a0\u00bb][contact-field label=\u00a0\u00bbVotre nom\u00a0\u00bb type=\u00a0\u00bbname\u00a0\u00bb required=\u00a0\u00bb1&Prime;][contact-field label=\u00a0\u00bbVotre courriel\u00a0\u00bb type=\u00a0\u00bbemail\u00a0\u00bb required=\u00a0\u00bb1&Prime;][contact-field label=\u00a0\u00bbCondol\u00e9ances\u00a0\u00bb type=\u00a0\u00bbtextarea\u00a0\u00bb][\/contact-form]<\/p>\n","protected":false},"featured_media":13602,"template":"","event_cat":[6],"class_list":["post-13593","event","type-event","status-publish","has-post-thumbnail","hentry","event_cat-maison-mallet-et-fils-inc"],"_links":{"self":[{"href":"https:\/\/nouveau.maisonmallet.com\/back05_01\/index.php?rest_route=\/wp\/v2\/event\/13593","targetHints":{"allow":["GET"]}}],"collection":[{"href":"https:\/\/nouveau.maisonmallet.com\/back05_01\/index.php?rest_route=\/wp\/v2\/event"}],"about":[{"href":"https:\/\/nouveau.maisonmallet.com\/back05_01\/index.php?rest_route=\/wp\/v2\/types\/event"}],"wp:featuredmedia":[{"embeddable":true,"href":"https:\/\/nouveau.maisonmallet.com\/back05_01\/index.php?rest_route=\/wp\/v2\/media\/13602"}],"wp:attachment":[{"href":"https:\/\/nouveau.maisonmallet.com\/back05_01\/index.php?rest_route=%2Fwp%2Fv2%2Fmedia&parent=13593"}],"wp:term":[{"taxonomy":"event_cat","embeddable":true,"href":"https:\/\/nouveau.maisonmallet.com\/back05_01\/index.php?rest_route=%2Fwp%2Fv2%2Fevent_cat&post=13593"}],"curies":[{"name":"wp","href":"https:\/\/api.w.org\/{rel}","templated":true}]}}

MÉTHOT, Ghislaine (Girard)

<p>1934 – 2020</p>
<p>MÉTHOT, Ghislaine (Girard)</p>
<p>&nbsp;</p>
<p>À Port-Cartier, le 3 septembre 2020, est décédée à l’âge de 85 ans, madame Ghislaine Méthot épouse de feu John Girard et domiciliée à Port-Cartier.</p>
<p>Les funérailles de madame Ghislaine Méthot Girard auront lieu le mardi 8 septembre 2020 à 14 h en l’église Sacré-Cœur située au 38, rue Parent à Port-Cartier et de là au cimetière de Port-Cartier.</p>
<p>La famille reçoit parents et amis le mardi 8 septembre 2020 jour des funérailles de 12 h à 13 h 45 au complexe thanatologique Mallet &amp; fils du 57, route 138 à Port-Cartier.</p>
<p><strong><u>Dû aux circonstances reliées à la pandémie, vous pouvez venir présenter vos condoléances en respectant la distanciation sociale et le port du masque sera obligatoire.</u></strong></p>
<p>Elle laisse dans le deuil ses fils : Jean-Pierre (Aline Desrosby), Réjean (Diane Croussette) et Mario, ses filles : Line (feu Gaetan Gauthier), Marlène, Suzie (Reneau Horth) et Anne, ses dix petits-enfants, ses dix-neuf arrière-petits-enfants ainsi que ses frères, ses sœurs, ses beaux-frères, ses belles-sœurs, ses neveux, ses nièces ses cousins, ses cousines et de nombreux ami(e)s.</p>
<p>La famille désire exprimer un remerciement tout spécial à Dre Christine Bois, ainsi qu&rsquo;aux membres de l&rsquo;équipe multiservices de santé et de services sociaux de Port-Cartier, pour leur dévouement, leur délicatesse et les bons soins prodigués.</p>
<p>Vos marques de sympathie peuvent se traduire par un don au centre de santé et de services sociaux de Port-Cartier</p>
<p>La famille a confié la direction des funérailles aux services professionnels de la maison Mallet &amp; fils du 57, route 138 à Port-Cartier, maintenant reconnue Distinction et membre de la Corporation des Thanatologues du Québec.</p>
<p>Vous pouvez consulter cet avis de décès, sur le <a href="https://nouveau.maisonmallet.com/back05_01">www.maisonmallet.com</a></p>
<p>Ceux et celles qui le désirent, peuvent y envoyer des messages de sympathie.</p>
<p>&nbsp;</p>
<hr />
<p>Envoyer vos condoléances</p>
<p>[contact-form to= »jpgirard19@gmail.com » subject= »Condoléances Ghislaine Méthot »][contact-field label= »Votre nom » type= »name » required= »1&Prime;][contact-field label= »Votre courriel » type= »email » required= »1&Prime;][contact-field label= »Condoléances » type= »textarea »][/contact-form]</p>
