{"id":13988,"date":"2020-09-12T10:48:15","date_gmt":"2020-09-12T14:48:15","guid":{"rendered":"https:\/\/nouveau.maisonmallet.com\/?post_type=event&#038;p=13988"},"modified":"2020-09-13T15:12:25","modified_gmt":"2020-09-13T19:12:25","slug":"modele-nom-prenom-17","status":"publish","type":"event","link":"https:\/\/nouveau.maisonmallet.com\/back05_01\/?event=modele-nom-prenom-17","title":{"rendered":"FONTAINE, Marie-Anne (R\u00e9gis)"},"content":{"rendered":"<p>1936 &#8211; 2020<\/p>\n<p>FONTAINE, Marie-Anne (R\u00e9gis)<\/p>\n<p>&nbsp;<\/p>\n<p>\u00c0 Mani-Utenam, le 10 septembre 2020, est d\u00e9c\u00e9d\u00e9e l\u2019\u00e2ge de 84 ans, madame Marie-Anne Fontaine \u00e9pouse de feu Rom\u00e9o R\u00e9gis et domicili\u00e9e \u00e0 Mani-Utenam.<\/p>\n<p>Les fun\u00e9railles de madame Marie-Anne Fontaine R\u00e9gis auront lieu le mardi 15 septembre 2020 \u00e0 14 h en l\u2019\u00e9glise Notre-Dame du Cap situ\u00e9e au 139, rue de l\u2019\u00c9glise \u00e0 Mani-Utenam et de l\u00e0 au cimeti\u00e8re de Mani-Utenam.<\/p>\n<p>La famille re\u00e7oit parents et amis le dimanche 13 septembre 2020 \u00e0 compter de 10 h au 39, rue Tshin-Nuen \u00e0 Mani-Utenam.<\/p>\n<p>Elle laisse dans le deuil ses enfants\u00a0: Victoria, Lise, Jean-Louis (Suzie Gros-Louis), Ga\u00e9tan, Fleurette (feu G\u00e9rard Pinette), Guillaume (Susan Einish), Guylaine, V\u00e9ronique, Suzanne, \u00c9milien dit Rom\u00e9o, feu Jean-Louis Fontaine (Jos\u00e9e Laflame), Paul-\u00c9mile (Lucienne Aster), Val\u00e9rie, Magalie (Ken Michel), Delphis (Val\u00e9rie Vall\u00e9e) et Nathalie (Fabien Lamothe), ses petits-enfants, ses arri\u00e8re-petits-enfants ainsi que sa belle-s\u0153ur Rachel R\u00e9gis, ses neveux, ses ni\u00e8ces, et de nombreux ami(e)s.<\/p>\n<p>La famille a confi\u00e9 la direction des fun\u00e9railles aux services professionnels de la Maison Mallet &amp; fils du 585, boul. Laure \u00e0 Sept-\u00celes, maintenant reconnue Distinction et membre de la Corporation des Thanatologues du Qu\u00e9bec.<\/p>\n<p>Vous pouvez consulter cet avis de d\u00e9c\u00e8s, sur le <a href=\"https:\/\/nouveau.maisonmallet.com\/back05_01\">www.maisonmallet.com<\/a><\/p>\n<p>Ceux et celles qui le d\u00e9sirent, peuvent y envoyer des messages de sympathie.<\/p>\n<p>&nbsp;<\/p>\n<hr \/>\n<p>Envoyer vos condol\u00e9ances<\/p>\n<p>[contact-form to=\u00a0\u00bbveroniqueregis@hotmail.com\u00a0\u00bb subject=\u00a0\u00bbCondol\u00e9ances Marie-Anne Fontaine\u00a0\u00bb][contact-field label=\u00a0\u00bbVotre nom\u00a0\u00bb type=\u00a0\u00bbname\u00a0\u00bb required=\u00a0\u00bb1&Prime;][contact-field label=\u00a0\u00bbVotre courriel\u00a0\u00bb type=\u00a0\u00bbemail\u00a0\u00bb required=\u00a0\u00bb1&Prime;][contact-field label=\u00a0\u00bbCondol\u00e9ances\u00a0\u00bb type=\u00a0\u00bbtextarea\u00a0\u00bb][\/contact-form]<\/p>\n","protected":false},"featured_media":14099,"template":"","event_cat":[6],"class_list":["post-13988","event","type-event","status-publish","has-post-thumbnail","hentry","event_cat-maison-mallet-et-fils-inc"],"_links":{"self":[{"href":"https:\/\/nouveau.maisonmallet.com\/back05_01\/index.php?rest_route=\/wp\/v2\/event\/13988","targetHints":{"allow":["GET"]}}],"collection":[{"href":"https:\/\/nouveau.maisonmallet.com\/back05_01\/index.php?rest_route=\/wp\/v2\/event"}],"about":[{"href":"https:\/\/nouveau.maisonmallet.com\/back05_01\/index.php?rest_route=\/wp\/v2\/types\/event"}],"wp:featuredmedia":[{"embeddable":true,"href":"https:\/\/nouveau.maisonmallet.com\/back05_01\/index.php?rest_route=\/wp\/v2\/media\/14099"}],"wp:attachment":[{"href":"https:\/\/nouveau.maisonmallet.com\/back05_01\/index.php?rest_route=%2Fwp%2Fv2%2Fmedia&parent=13988"}],"wp:term":[{"taxonomy":"event_cat","embeddable":true,"href":"https:\/\/nouveau.maisonmallet.com\/back05_01\/index.php?rest_route=%2Fwp%2Fv2%2Fevent_cat&post=13988"}],"curies":[{"name":"wp","href":"https:\/\/api.w.org\/{rel}","templated":true}]}}

FONTAINE, Marie-Anne (Régis)

<p>1936 &#8211; 2020</p>
<p>FONTAINE, Marie-Anne (Régis)</p>
<p>&nbsp;</p>
<p>À Mani-Utenam, le 10 septembre 2020, est décédée l’âge de 84 ans, madame Marie-Anne Fontaine épouse de feu Roméo Régis et domiciliée à Mani-Utenam.</p>
<p>Les funérailles de madame Marie-Anne Fontaine Régis auront lieu le mardi 15 septembre 2020 à 14 h en l’église Notre-Dame du Cap située au 139, rue de l’Église à Mani-Utenam et de là au cimetière de Mani-Utenam.</p>
<p>La famille reçoit parents et amis le dimanche 13 septembre 2020 à compter de 10 h au 39, rue Tshin-Nuen à Mani-Utenam.</p>
<p>Elle laisse dans le deuil ses enfants : Victoria, Lise, Jean-Louis (Suzie Gros-Louis), Gaétan, Fleurette (feu Gérard Pinette), Guillaume (Susan Einish), Guylaine, Véronique, Suzanne, Émilien dit Roméo, feu Jean-Louis Fontaine (Josée Laflame), Paul-Émile (Lucienne Aster), Valérie, Magalie (Ken Michel), Delphis (Valérie Vallée) et Nathalie (Fabien Lamothe), ses petits-enfants, ses arrière-petits-enfants ainsi que sa belle-sœur Rachel Régis, ses neveux, ses nièces, et de nombreux ami(e)s.</p>
<p>La famille a confié la direction des funérailles aux services professionnels de la Maison Mallet &amp; fils du 585, boul. Laure à Sept-Îles, maintenant reconnue Distinction et membre de la Corporation des Thanatologues du Québec.</p>
<p>Vous pouvez consulter cet avis de décès, sur le <a href="https://nouveau.maisonmallet.com/back05_01">www.maisonmallet.com</a></p>
<p>Ceux et celles qui le désirent, peuvent y envoyer des messages de sympathie.</p>
<p>&nbsp;</p>
<hr />
<p>Envoyer vos condoléances</p>
<p>[contact-form to= »veroniqueregis@hotmail.com » subject= »Condoléances Marie-Anne Fontaine »][contact-field label= »Votre nom » type= »name » required= »1&Prime;][contact-field label= »Votre courriel » type= »email » required= »1&Prime;][contact-field label= »Condoléances » type= »textarea »][/contact-form]</p>
