{"id":14142,"date":"2020-09-15T09:51:41","date_gmt":"2020-09-15T13:51:41","guid":{"rendered":"https:\/\/nouveau.maisonmallet.com\/?post_type=event&#038;p=14142"},"modified":"2020-09-16T13:36:00","modified_gmt":"2020-09-16T17:36:00","slug":"modele-nom-prenom-18","status":"publish","type":"event","link":"https:\/\/nouveau.maisonmallet.com\/back05_01\/?event=modele-nom-prenom-18","title":{"rendered":"FRENETTE, Flossie (Boudreau)"},"content":{"rendered":"<p>1934 \u2013 2020<\/p>\n<p>FRENETTE, Flossie (Boudreau)<\/p>\n<p>&nbsp;<\/p>\n<p>\u00c0 Port-Cartier, le 13 septembre 2020, est d\u00e9c\u00e9d\u00e9e \u00e0 l\u2019\u00e2ge de 86 ans, madame Flossie Frenette \u00e9pouse de monsieur Raymond Boudreau et domicili\u00e9e \u00e0 Port-Cartier.<\/p>\n<p>Les fun\u00e9railles de madame Flossie Frenette Boudreau auront lieu le samedi 19 septembre 2020 \u00e0 14 h en l\u2019\u00e9glise Sacr\u00e9-C\u0153ur situ\u00e9e au 38, rue Parent \u00e0 Port-Cartier et de l\u00e0 au cimeti\u00e8re de Petit-Rocher Nouveau-Brunswick.<\/p>\n<p>La famille re\u00e7oit parents et amis le vendredi 18 septembre 2020 de 18 h \u00e0 21 h ainsi que le samedi 19 septembre 2020 jour des fun\u00e9railles \u00e0 compter de 11 h au Complexe Thanatologique Mallet &amp; fils du 57, route 138 \u00e0 Port-Cartier.<\/p>\n<p><strong><u>D\u00fb aux circonstances reli\u00e9es \u00e0 la pand\u00e9mie, vous pouvez venir pr\u00e9senter vos condol\u00e9ances en respectant la distanciation sociale et le port du masque sera obligatoire.<\/u><\/strong><\/p>\n<p>Elle laisse dans le deuil outre son \u00e9poux monsieur Raymond Boudreau, Ses filles\u00a0: Josette (G\u00e9rald Th\u00e9berge) et Manon (R\u00e9al No\u00ebl), ses fils\u00a0: Roch et Gino, ses petites-filles\u00a0: St\u00e9phanie, Catherine, Lisa-Marie, Vicky, \u00c9milie (Styve Chamaillard) et Emma, ses petit-fils\u00a0: Maxime, David (Jani Labrie) et Guillaume (Sandrine Beaudry), ses arri\u00e8re-petites-filles\u00a0: \u00a0Misha et No\u00e9lie ainsi que ses beaux-fr\u00e8res, ses belles-s\u0153urs, ses neveux, ses ni\u00e8ces ses cousins, ses cousines et de nombreux ami(e)s.<\/p>\n<p>Elle \u00e9tait la m\u00e8re de feue Gina Boudreau.<\/p>\n<p>La famille a confi\u00e9 la direction des fun\u00e9railles aux services professionnels de la maison Mallet &amp; fils du 57, route 138 \u00e0 Port-Cartier, maintenant reconnue Distinction et membre de la Corporation des Thanatologues du Qu\u00e9bec.<\/p>\n<p>Vous pouvez consulter cet avis de d\u00e9c\u00e8s, sur le <a href=\"https:\/\/nouveau.maisonmallet.com\/back05_01\">www.maisonmallet.com<\/a><\/p>\n<p>Ceux et celles qui le d\u00e9sirent, peuvent y envoyer des messages de sympathie.<\/p>\n<p>&nbsp;<\/p>\n<hr \/>\n<p>Envoyer vos condol\u00e9ances<\/p>\n<p>[contact-form to=\u00a0\u00bbmanonboud@hotmail.com\u00a0\u00bb subject=\u00a0\u00bbCondol\u00e9ances Flossie Frenette\u00a0\u00bb][contact-field label=\u00a0\u00bbVotre nom\u00a0\u00bb type=\u00a0\u00bbname\u00a0\u00bb required=\u00a0\u00bb1&Prime;][contact-field label=\u00a0\u00bbVotre courriel\u00a0\u00bb type=\u00a0\u00bbemail\u00a0\u00bb required=\u00a0\u00bb1&Prime;][contact-field label=\u00a0\u00bbCondol\u00e9ances\u00a0\u00bb type=\u00a0\u00bbtextarea\u00a0\u00bb][\/contact-form]<\/p>\n","protected":false},"featured_media":14183,"template":"","event_cat":[6],"class_list":["post-14142","event","type-event","status-publish","has-post-thumbnail","hentry","event_cat-maison-mallet-et-fils-inc"],"_links":{"self":[{"href":"https:\/\/nouveau.maisonmallet.com\/back05_01\/index.php?rest_route=\/wp\/v2\/event\/14142","targetHints":{"allow":["GET"]}}],"collection":[{"href":"https:\/\/nouveau.maisonmallet.com\/back05_01\/index.php?rest_route=\/wp\/v2\/event"}],"about":[{"href":"https:\/\/nouveau.maisonmallet.com\/back05_01\/index.php?rest_route=\/wp\/v2\/types\/event"}],"wp:featuredmedia":[{"embeddable":true,"href":"https:\/\/nouveau.maisonmallet.com\/back05_01\/index.php?rest_route=\/wp\/v2\/media\/14183"}],"wp:attachment":[{"href":"https:\/\/nouveau.maisonmallet.com\/back05_01\/index.php?rest_route=%2Fwp%2Fv2%2Fmedia&parent=14142"}],"wp:term":[{"taxonomy":"event_cat","embeddable":true,"href":"https:\/\/nouveau.maisonmallet.com\/back05_01\/index.php?rest_route=%2Fwp%2Fv2%2Fevent_cat&post=14142"}],"curies":[{"name":"wp","href":"https:\/\/api.w.org\/{rel}","templated":true}]}}

<p>1934 – 2020</p>
<p>FRENETTE, Flossie (Boudreau)</p>
<p>&nbsp;</p>
<p>À Port-Cartier, le 13 septembre 2020, est décédée à l’âge de 86 ans, madame Flossie Frenette épouse de monsieur Raymond Boudreau et domiciliée à Port-Cartier.</p>
<p>Les funérailles de madame Flossie Frenette Boudreau auront lieu le samedi 19 septembre 2020 à 14 h en l’église Sacré-Cœur située au 38, rue Parent à Port-Cartier et de là au cimetière de Petit-Rocher Nouveau-Brunswick.</p>
<p>La famille reçoit parents et amis le vendredi 18 septembre 2020 de 18 h à 21 h ainsi que le samedi 19 septembre 2020 jour des funérailles à compter de 11 h au Complexe Thanatologique Mallet &amp; fils du 57, route 138 à Port-Cartier.</p>
<p><strong><u>Dû aux circonstances reliées à la pandémie, vous pouvez venir présenter vos condoléances en respectant la distanciation sociale et le port du masque sera obligatoire.</u></strong></p>
<p>Elle laisse dans le deuil outre son époux monsieur Raymond Boudreau, Ses filles : Josette (Gérald Théberge) et Manon (Réal Noël), ses fils : Roch et Gino, ses petites-filles : Stéphanie, Catherine, Lisa-Marie, Vicky, Émilie (Styve Chamaillard) et Emma, ses petit-fils : Maxime, David (Jani Labrie) et Guillaume (Sandrine Beaudry), ses arrière-petites-filles :  Misha et Noélie ainsi que ses beaux-frères, ses belles-sœurs, ses neveux, ses nièces ses cousins, ses cousines et de nombreux ami(e)s.</p>
<p>Elle était la mère de feue Gina Boudreau.</p>
<p>La famille a confié la direction des funérailles aux services professionnels de la maison Mallet &amp; fils du 57, route 138 à Port-Cartier, maintenant reconnue Distinction et membre de la Corporation des Thanatologues du Québec.</p>
<p>Vous pouvez consulter cet avis de décès, sur le <a href="https://nouveau.maisonmallet.com/back05_01">www.maisonmallet.com</a></p>
<p>Ceux et celles qui le désirent, peuvent y envoyer des messages de sympathie.</p>
<p>&nbsp;</p>
<hr />
<p>Envoyer vos condoléances</p>
<p>[contact-form to= »manonboud@hotmail.com » subject= »Condoléances Flossie Frenette »][contact-field label= »Votre nom » type= »name » required= »1&Prime;][contact-field label= »Votre courriel » type= »email » required= »1&Prime;][contact-field label= »Condoléances » type= »textarea »][/contact-form]</p>
