{"id":14361,"date":"2020-09-21T15:19:51","date_gmt":"2020-09-21T19:19:51","guid":{"rendered":"https:\/\/nouveau.maisonmallet.com\/?post_type=event&#038;p=14361"},"modified":"2020-09-24T16:45:06","modified_gmt":"2020-09-24T20:45:06","slug":"pinette-simon-jessy-louis","status":"publish","type":"event","link":"https:\/\/nouveau.maisonmallet.com\/back05_01\/?event=pinette-simon-jessy-louis","title":{"rendered":"PINETTE SIMON, Jessy-Louis"},"content":{"rendered":"<p>1995 &#8211; 2020<\/p>\n<p>PINETTE SIMON, Jessy-Louis<\/p>\n<p>&nbsp;<\/p>\n<p>\u00c0 Uashat, le 21 septembre 2020, est d\u00e9c\u00e9d\u00e9 l\u2019\u00e2ge de 25 ans, Jessy-Louis Pinette Simon fils de monsieur Joe-Danny Simon et de madame Karline Pinette domicili\u00e9 \u00e0 Uashat.<\/p>\n<p>Les fun\u00e9railles de Jessy-Louis Pinette Simon auront lieu le samedi 26 septembre 2020 \u00e0 10 h en l\u2019\u00e9glise Kateri Tekakwitha, situ\u00e9e au 1035, rue Dequen \u00e0 Uashat et de l\u00e0 au cimeti\u00e8re de Uashat.<\/p>\n<p><strong><u>D\u00fb aux circonstances reli\u00e9es \u00e0 la pand\u00e9mie, vous pouvez venir pr\u00e9senter vos condol\u00e9ances en respectant la distanciation sociale et le port du masque sera obligatoire.<\/u><\/strong><\/p>\n<p>La famille re\u00e7oit parents et amis le jeudi 24 septembre 2020 de 19 h \u00e0 22 h. Le vendredi 25 septembre 2020 de 13 h \u00e0 16 h et de 19 h \u00e0 22 h. Le samedi 26 septembre 2020 jour des fun\u00e9railles \u00e0 compter de 8 h 30 au Complexe Thanatologique Mallet &amp; fils du 585, Boul. Laure \u00e0 Sept-\u00celes.<\/p>\n<p>Il laisse dans le deuil son p\u00e8re monsieur Joe-Danny Simon, sa m\u00e8re madame Karline Pinette, ses fr\u00e8res, ses s\u0153urs, son grand-p\u00e8re monsieur Adrien Tshernish, sa grand-m\u00e8re madame Caroline Simon (Kiko), ainsi que son arri\u00e8re-grand-m\u00e8re madame Caroline Joseph, ses beaux-fr\u00e8res, ses belles-s\u0153urs, ses neveux, ses ni\u00e8ces, ses oncles, ses tantes, ses cousins, ses cousines, et de nombreux ami(e)s.<\/p>\n<p>La famille a confi\u00e9 la direction des fun\u00e9railles aux services professionnels de la Maison Mallet &amp; fils du 585, boul. Laure \u00e0 Sept-\u00celes, maintenant reconnue Distinction et membre de la Corporation des Thanatologues du Qu\u00e9bec.<\/p>\n<p>Vous pouvez consulter cet avis de d\u00e9c\u00e8s, sur le <a href=\"https:\/\/nouveau.maisonmallet.com\/back05_01\">www.maisonmallet.com<\/a><\/p>\n<p>Ceux et celles qui le d\u00e9sirent, peuvent y envoyer des messages de sympathie.<\/p>\n<p>&nbsp;<\/p>\n<hr \/>\n<p>Envoyer vos condol\u00e9ances<\/p>\n<p>[contact-form to=\u00a0\u00bbkalalune@hotmail.com\u00a0\u00bb subject=\u00a0\u00bbCondol\u00e9ances Jessy-Louis Pinette Simon\u00a0\u00bb][contact-field label=\u00a0\u00bbVotre nom\u00a0\u00bb type=\u00a0\u00bbname\u00a0\u00bb required=\u00a0\u00bb1&Prime;][contact-field label=\u00a0\u00bbVotre courriel\u00a0\u00bb type=\u00a0\u00bbemail\u00a0\u00bb required=\u00a0\u00bb1&Prime;][contact-field label=\u00a0\u00bbCondol\u00e9ances\u00a0\u00bb type=\u00a0\u00bbtextarea\u00a0\u00bb][\/contact-form]<\/p>\n","protected":false},"featured_media":14473,"template":"","event_cat":[6],"class_list":["post-14361","event","type-event","status-publish","has-post-thumbnail","hentry","event_cat-maison-mallet-et-fils-inc"],"_links":{"self":[{"href":"https:\/\/nouveau.maisonmallet.com\/back05_01\/index.php?rest_route=\/wp\/v2\/event\/14361","targetHints":{"allow":["GET"]}}],"collection":[{"href":"https:\/\/nouveau.maisonmallet.com\/back05_01\/index.php?rest_route=\/wp\/v2\/event"}],"about":[{"href":"https:\/\/nouveau.maisonmallet.com\/back05_01\/index.php?rest_route=\/wp\/v2\/types\/event"}],"wp:featuredmedia":[{"embeddable":true,"href":"https:\/\/nouveau.maisonmallet.com\/back05_01\/index.php?rest_route=\/wp\/v2\/media\/14473"}],"wp:attachment":[{"href":"https:\/\/nouveau.maisonmallet.com\/back05_01\/index.php?rest_route=%2Fwp%2Fv2%2Fmedia&parent=14361"}],"wp:term":[{"taxonomy":"event_cat","embeddable":true,"href":"https:\/\/nouveau.maisonmallet.com\/back05_01\/index.php?rest_route=%2Fwp%2Fv2%2Fevent_cat&post=14361"}],"curies":[{"name":"wp","href":"https:\/\/api.w.org\/{rel}","templated":true}]}}

<p>1995 &#8211; 2020</p>
<p>PINETTE SIMON, Jessy-Louis</p>
<p>&nbsp;</p>
<p>À Uashat, le 21 septembre 2020, est décédé l’âge de 25 ans, Jessy-Louis Pinette Simon fils de monsieur Joe-Danny Simon et de madame Karline Pinette domicilié à Uashat.</p>
<p>Les funérailles de Jessy-Louis Pinette Simon auront lieu le samedi 26 septembre 2020 à 10 h en l’église Kateri Tekakwitha, située au 1035, rue Dequen à Uashat et de là au cimetière de Uashat.</p>
<p><strong><u>Dû aux circonstances reliées à la pandémie, vous pouvez venir présenter vos condoléances en respectant la distanciation sociale et le port du masque sera obligatoire.</u></strong></p>
<p>La famille reçoit parents et amis le jeudi 24 septembre 2020 de 19 h à 22 h. Le vendredi 25 septembre 2020 de 13 h à 16 h et de 19 h à 22 h. Le samedi 26 septembre 2020 jour des funérailles à compter de 8 h 30 au Complexe Thanatologique Mallet &amp; fils du 585, Boul. Laure à Sept-Îles.</p>
<p>Il laisse dans le deuil son père monsieur Joe-Danny Simon, sa mère madame Karline Pinette, ses frères, ses sœurs, son grand-père monsieur Adrien Tshernish, sa grand-mère madame Caroline Simon (Kiko), ainsi que son arrière-grand-mère madame Caroline Joseph, ses beaux-frères, ses belles-sœurs, ses neveux, ses nièces, ses oncles, ses tantes, ses cousins, ses cousines, et de nombreux ami(e)s.</p>
<p>La famille a confié la direction des funérailles aux services professionnels de la Maison Mallet &amp; fils du 585, boul. Laure à Sept-Îles, maintenant reconnue Distinction et membre de la Corporation des Thanatologues du Québec.</p>
<p>Vous pouvez consulter cet avis de décès, sur le <a href="https://nouveau.maisonmallet.com/back05_01">www.maisonmallet.com</a></p>
<p>Ceux et celles qui le désirent, peuvent y envoyer des messages de sympathie.</p>
<p>&nbsp;</p>
<hr />
<p>Envoyer vos condoléances</p>
<p>[contact-form to= »kalalune@hotmail.com » subject= »Condoléances Jessy-Louis Pinette Simon »][contact-field label= »Votre nom » type= »name » required= »1&Prime;][contact-field label= »Votre courriel » type= »email » required= »1&Prime;][contact-field label= »Condoléances » type= »textarea »][/contact-form]</p>
