{"id":14585,"date":"2020-10-07T17:37:40","date_gmt":"2020-10-07T21:37:40","guid":{"rendered":"https:\/\/nouveau.maisonmallet.com\/?post_type=event&#038;p=14585"},"modified":"2020-10-08T17:48:25","modified_gmt":"2020-10-08T21:48:25","slug":"dupuis-vital","status":"publish","type":"event","link":"https:\/\/nouveau.maisonmallet.com\/back05_01\/?event=dupuis-vital","title":{"rendered":"DUPUIS, Vital"},"content":{"rendered":"<p>1949 \u2013 2020<\/p>\n<p>DUPUIS, Vital<\/p>\n<p>&nbsp;<\/p>\n<p>\u00c0 Pentec\u00f4te (Lac Gazette), le 26 septembre 2020, est d\u00e9c\u00e9d\u00e9 \u00e0 l\u2019\u00e2ge de 71 ans, monsieur Vital Dupuis \u00e9poux de madame Lorraine Chass\u00e9 et domicili\u00e9 \u00e0 Port-Cartier.<\/p>\n<p>La c\u00e9r\u00e9monie comm\u00e9morative de monsieur Vital Dupuis aura lieu le samedi 22 mai 2021 en l\u2019\u00e9glise Sacr\u00e9-C\u0153ur situ\u00e9e au 38, rue Parent \u00e0 Port-Cartier.<\/p>\n<p>Selon ses volont\u00e9s, il a \u00e9t\u00e9 confi\u00e9 au cr\u00e9matorium de la Maison Mallet &amp; fils pour cr\u00e9mation.<\/p>\n<p>Il laisse dans le deuil outre son \u00e9pouse madame Lorraine Chass\u00e9, son fils Daniel (Julie Leli\u00e8vre), sa fille Katlyne (Pierre Jr. Beauvais), ses petits-enfants\u00a0: Justine, \u00c9mile, Jade et L\u00e9a, sa m\u00e8re madame Stella Gauthier (feu Vital Dupuis) ainsi que sa s\u0153ur Liliane (Jaime Herrera), ses beaux-fr\u00e8res, ses belles-s\u0153urs, ses neveux, ses ni\u00e8ces, ses oncles, ses tantes, ses cousins, ses cousines et de nombreux ami(e)s.<\/p>\n<p>Il \u00e9tait le fr\u00e8re de feue Colette Dupuis (Ghyslain Boily).<\/p>\n<p>Vos marques de sympathie peuvent se traduire par un don \u00e0 Diab\u00e8te Qu\u00e9bec <a href=\"http:\/\/www.diabete.qc.ca\">www.diabete.qc.ca<\/a><\/p>\n<p>La famille a confi\u00e9 les arrangements aux services professionnels de la Maison Mallet &amp; fils du 585 Boul. Laure \u00e0 Sept-\u00celes, maintenant reconnue Distinction et membre de la Corporation des Thanatologues du Qu\u00e9bec.<\/p>\n<p>Vous pouvez consulter cet avis de d\u00e9c\u00e8s sur le\u00a0: <a href=\"https:\/\/nouveau.maisonmallet.com\/back05_01\">www.maisonmallet.com<\/a><\/p>\n<p>Ceux et celles qui le d\u00e9sirent, peuvent y envoyer des messages de sympathie.<\/p>\n<p>&nbsp;<\/p>\n<hr \/>\n<p>Envoyer vos condol\u00e9ances<\/p>\n<p>[contact-form to=\u00a0\u00bbdupuiskatlyne@gmail.com\u00a0\u00bb subject=\u00a0\u00bbCondol\u00e9ances Vital Dupuis\u00a0\u00bb][contact-field label=\u00a0\u00bbVotre nom\u00a0\u00bb type=\u00a0\u00bbname\u00a0\u00bb required=\u00a0\u00bb1&Prime;][contact-field label=\u00a0\u00bbVotre courriel\u00a0\u00bb type=\u00a0\u00bbemail\u00a0\u00bb required=\u00a0\u00bb1&Prime;][contact-field label=\u00a0\u00bbCondol\u00e9ances\u00a0\u00bb type=\u00a0\u00bbtextarea\u00a0\u00bb][\/contact-form]<\/p>\n","protected":false},"featured_media":14588,"template":"","event_cat":[6],"class_list":["post-14585","event","type-event","status-publish","has-post-thumbnail","hentry","event_cat-maison-mallet-et-fils-inc"],"_links":{"self":[{"href":"https:\/\/nouveau.maisonmallet.com\/back05_01\/index.php?rest_route=\/wp\/v2\/event\/14585","targetHints":{"allow":["GET"]}}],"collection":[{"href":"https:\/\/nouveau.maisonmallet.com\/back05_01\/index.php?rest_route=\/wp\/v2\/event"}],"about":[{"href":"https:\/\/nouveau.maisonmallet.com\/back05_01\/index.php?rest_route=\/wp\/v2\/types\/event"}],"wp:featuredmedia":[{"embeddable":true,"href":"https:\/\/nouveau.maisonmallet.com\/back05_01\/index.php?rest_route=\/wp\/v2\/media\/14588"}],"wp:attachment":[{"href":"https:\/\/nouveau.maisonmallet.com\/back05_01\/index.php?rest_route=%2Fwp%2Fv2%2Fmedia&parent=14585"}],"wp:term":[{"taxonomy":"event_cat","embeddable":true,"href":"https:\/\/nouveau.maisonmallet.com\/back05_01\/index.php?rest_route=%2Fwp%2Fv2%2Fevent_cat&post=14585"}],"curies":[{"name":"wp","href":"https:\/\/api.w.org\/{rel}","templated":true}]}}

<p>1949 – 2020</p>
<p>DUPUIS, Vital</p>
<p>&nbsp;</p>
<p>À Pentecôte (Lac Gazette), le 26 septembre 2020, est décédé à l’âge de 71 ans, monsieur Vital Dupuis époux de madame Lorraine Chassé et domicilié à Port-Cartier.</p>
<p>La cérémonie commémorative de monsieur Vital Dupuis aura lieu le samedi 22 mai 2021 en l’église Sacré-Cœur située au 38, rue Parent à Port-Cartier.</p>
<p>Selon ses volontés, il a été confié au crématorium de la Maison Mallet &amp; fils pour crémation.</p>
<p>Il laisse dans le deuil outre son épouse madame Lorraine Chassé, son fils Daniel (Julie Lelièvre), sa fille Katlyne (Pierre Jr. Beauvais), ses petits-enfants : Justine, Émile, Jade et Léa, sa mère madame Stella Gauthier (feu Vital Dupuis) ainsi que sa sœur Liliane (Jaime Herrera), ses beaux-frères, ses belles-sœurs, ses neveux, ses nièces, ses oncles, ses tantes, ses cousins, ses cousines et de nombreux ami(e)s.</p>
<p>Il était le frère de feue Colette Dupuis (Ghyslain Boily).</p>
<p>Vos marques de sympathie peuvent se traduire par un don à Diabète Québec <a href="http://www.diabete.qc.ca">www.diabete.qc.ca</a></p>
<p>La famille a confié les arrangements aux services professionnels de la Maison Mallet &amp; fils du 585 Boul. Laure à Sept-Îles, maintenant reconnue Distinction et membre de la Corporation des Thanatologues du Québec.</p>
<p>Vous pouvez consulter cet avis de décès sur le : <a href="https://nouveau.maisonmallet.com/back05_01">www.maisonmallet.com</a></p>
<p>Ceux et celles qui le désirent, peuvent y envoyer des messages de sympathie.</p>
<p>&nbsp;</p>
<hr />
<p>Envoyer vos condoléances</p>
<p>[contact-form to= »dupuiskatlyne@gmail.com » subject= »Condoléances Vital Dupuis »][contact-field label= »Votre nom » type= »name » required= »1&Prime;][contact-field label= »Votre courriel » type= »email » required= »1&Prime;][contact-field label= »Condoléances » type= »textarea »][/contact-form]</p>
