{"id":14586,"date":"2020-10-07T17:53:49","date_gmt":"2020-10-07T21:53:49","guid":{"rendered":"https:\/\/nouveau.maisonmallet.com\/?post_type=event&#038;p=14586"},"modified":"2020-10-08T18:57:30","modified_gmt":"2020-10-08T22:57:30","slug":"duguay-danny-ti-pouf","status":"publish","type":"event","link":"https:\/\/nouveau.maisonmallet.com\/back05_01\/?event=duguay-danny-ti-pouf","title":{"rendered":"DUGUAY, Danny (Ti-Pouf)"},"content":{"rendered":"<p>1959 \u2013 2020<\/p>\n<p>DUGUAY, Danny (Ti-Pouf)<\/p>\n<p>&nbsp;<\/p>\n<p>\u00c0 Sept-\u00celes (maison \u00c9lyme des sables), le 7 octobre 2020, est d\u00e9c\u00e9d\u00e9 \u00e0 l\u2019\u00e2ge de 61 ans, monsieur Danny Duguay (Ti-Pouf) fils de feu L\u00e9onard Duguay et de feue Lucienne Lapierre domicili\u00e9 \u00e0 Sept-\u00celes.<\/p>\n<p>Selon ses volont\u00e9s, il a \u00e9t\u00e9 confi\u00e9 au cr\u00e9matorium de la Maison Mallet &amp; fils pour cr\u00e9mation.<\/p>\n<p>La famille re\u00e7oit parents et amis le samedi 10 octobre 2020 de 19 h \u00e0 22 h au Complexe Thanatologique Mallet &amp; fils du 585 boul. Laure \u00e0 Sept-\u00celes.<\/p>\n<p><strong><u>D\u00fb aux circonstances reli\u00e9es \u00e0 la pand\u00e9mie, vous pouvez venir pr\u00e9senter vos condol\u00e9ances en respectant la distanciation sociale et le port du masque sera obligatoire.<\/u><\/strong><\/p>\n<p>Il laisse dans le deuil outre son amie de c\u0153ur madame Yolaine Mignault, son fils Ricardo, ses fr\u00e8res : Jean-Yves (Shirley Cody) et Gilles (Marjolaine Leblanc), ses s\u0153urs : Lucette (R\u00e9jean Roy), Gilberte (feu Jean Bouchard), Mona (Valmont Farcy), Judith (Darry No\u00ebl) et Monia (Marc Boucher) ainsi que ses beaux-fr\u00e8res, ses neveux, ses ni\u00e8ces, ses cousins, ses cousines et de nombreux ami(e)s.<\/p>\n<p>Il \u00e9tait le fr\u00e8re de Feue H\u00e9l\u00e8ne Duguay, Feu Richard Duguay et feue Monique Duguay.<\/p>\n<p>Vos marques de sympathie peuvent se traduire par un don \u00e0 l\u2019\u00c9lyme des sables.\u00a0<a href=\"http:\/\/www.elymedessables.com\/\">www.elymedessables.com<\/a>.<\/p>\n<p>La famille a confi\u00e9 les arrangements aux services professionnels de la Maison Mallet &amp; Fils du 585 Boul. Laure \u00e0 Sept-\u00celes, maintenant reconnue Distinction et membre de la Corporation des Thanatologues du Qu\u00e9bec.<\/p>\n<p>Vous pouvez consulter cet avis de d\u00e9c\u00e8s sur le\u00a0: <a href=\"https:\/\/nouveau.maisonmallet.com\/back05_01\">www.maisonmallet.com<\/a><\/p>\n<p>Ceux et celles qui le d\u00e9sirent, peuvent y envoyer des messages de sympathie.<\/p>\n<hr \/>\n<p>Envoyer vos condol\u00e9ances<\/p>\n<p>[contact-form to=\u00a0\u00bbmonaduguay@hotmail.ca\u00a0\u00bb subject=\u00a0\u00bbCondol\u00e9ances Danny Duguay\u00a0\u00bb][contact-field label=\u00a0\u00bbVotre nom\u00a0\u00bb type=\u00a0\u00bbname\u00a0\u00bb required=\u00a0\u00bb1&Prime;][contact-field label=\u00a0\u00bbVotre courriel\u00a0\u00bb type=\u00a0\u00bbemail\u00a0\u00bb required=\u00a0\u00bb1&Prime;][contact-field label=\u00a0\u00bbCondol\u00e9ances\u00a0\u00bb type=\u00a0\u00bbtextarea\u00a0\u00bb][\/contact-form]<\/p>\n","protected":false},"featured_media":14591,"template":"","event_cat":[6],"class_list":["post-14586","event","type-event","status-publish","has-post-thumbnail","hentry","event_cat-maison-mallet-et-fils-inc"],"_links":{"self":[{"href":"https:\/\/nouveau.maisonmallet.com\/back05_01\/index.php?rest_route=\/wp\/v2\/event\/14586","targetHints":{"allow":["GET"]}}],"collection":[{"href":"https:\/\/nouveau.maisonmallet.com\/back05_01\/index.php?rest_route=\/wp\/v2\/event"}],"about":[{"href":"https:\/\/nouveau.maisonmallet.com\/back05_01\/index.php?rest_route=\/wp\/v2\/types\/event"}],"wp:featuredmedia":[{"embeddable":true,"href":"https:\/\/nouveau.maisonmallet.com\/back05_01\/index.php?rest_route=\/wp\/v2\/media\/14591"}],"wp:attachment":[{"href":"https:\/\/nouveau.maisonmallet.com\/back05_01\/index.php?rest_route=%2Fwp%2Fv2%2Fmedia&parent=14586"}],"wp:term":[{"taxonomy":"event_cat","embeddable":true,"href":"https:\/\/nouveau.maisonmallet.com\/back05_01\/index.php?rest_route=%2Fwp%2Fv2%2Fevent_cat&post=14586"}],"curies":[{"name":"wp","href":"https:\/\/api.w.org\/{rel}","templated":true}]}}

<p>1959 – 2020</p>
<p>DUGUAY, Danny (Ti-Pouf)</p>
<p>&nbsp;</p>
<p>À Sept-Îles (maison Élyme des sables), le 7 octobre 2020, est décédé à l’âge de 61 ans, monsieur Danny Duguay (Ti-Pouf) fils de feu Léonard Duguay et de feue Lucienne Lapierre domicilié à Sept-Îles.</p>
<p>Selon ses volontés, il a été confié au crématorium de la Maison Mallet &amp; fils pour crémation.</p>
<p>La famille reçoit parents et amis le samedi 10 octobre 2020 de 19 h à 22 h au Complexe Thanatologique Mallet &amp; fils du 585 boul. Laure à Sept-Îles.</p>
<p><strong><u>Dû aux circonstances reliées à la pandémie, vous pouvez venir présenter vos condoléances en respectant la distanciation sociale et le port du masque sera obligatoire.</u></strong></p>
<p>Il laisse dans le deuil outre son amie de cœur madame Yolaine Mignault, son fils Ricardo, ses frères : Jean-Yves (Shirley Cody) et Gilles (Marjolaine Leblanc), ses sœurs : Lucette (Réjean Roy), Gilberte (feu Jean Bouchard), Mona (Valmont Farcy), Judith (Darry Noël) et Monia (Marc Boucher) ainsi que ses beaux-frères, ses neveux, ses nièces, ses cousins, ses cousines et de nombreux ami(e)s.</p>
<p>Il était le frère de Feue Hélène Duguay, Feu Richard Duguay et feue Monique Duguay.</p>
<p>Vos marques de sympathie peuvent se traduire par un don à l’Élyme des sables. <a href="http://www.elymedessables.com/">www.elymedessables.com</a>.</p>
<p>La famille a confié les arrangements aux services professionnels de la Maison Mallet &amp; Fils du 585 Boul. Laure à Sept-Îles, maintenant reconnue Distinction et membre de la Corporation des Thanatologues du Québec.</p>
<p>Vous pouvez consulter cet avis de décès sur le : <a href="https://nouveau.maisonmallet.com/back05_01">www.maisonmallet.com</a></p>
<p>Ceux et celles qui le désirent, peuvent y envoyer des messages de sympathie.</p>
<hr />
<p>Envoyer vos condoléances</p>
<p>[contact-form to= »monaduguay@hotmail.ca » subject= »Condoléances Danny Duguay »][contact-field label= »Votre nom » type= »name » required= »1&Prime;][contact-field label= »Votre courriel » type= »email » required= »1&Prime;][contact-field label= »Condoléances » type= »textarea »][/contact-form]</p>
