{"id":14836,"date":"2020-10-10T16:43:55","date_gmt":"2020-10-10T20:43:55","guid":{"rendered":"https:\/\/nouveau.maisonmallet.com\/?post_type=event&#038;p=14836"},"modified":"2020-10-15T07:54:42","modified_gmt":"2020-10-15T11:54:42","slug":"joseph-caroline-pinette","status":"publish","type":"event","link":"https:\/\/nouveau.maisonmallet.com\/back05_01\/?event=joseph-caroline-pinette","title":{"rendered":"JOSEPH, Caroline (Pinette)"},"content":{"rendered":"<p>1941 &#8211; 2020<\/p>\n<p>JOSEPH, Caroline (Pinette)<\/p>\n<p>&nbsp;<\/p>\n<p>\u00c0 Uashat, le 10 octobre 2020, est d\u00e9c\u00e9d\u00e9e \u00e0 l\u2019\u00e2ge de 79 ans madame Caroline Joseph \u00e9pouse de feu Comis Pinette et domicili\u00e9e \u00e0 Uashat.<\/p>\n<p>D\u00fb \u00e0 une famille nombreuse et au nombre de place disponible dans l`\u00e9glise, les fun\u00e9railles de madame Caroline Joseph Pinette auront lieu le samedi 17 octobre 2020 \u00e0 10 h en l\u2019\u00e9glise Marie-Immacul\u00e9e situ\u00e9e au 180, rue Papineau \u00e0 Sept-\u00celes, et de l\u00e0 au cimeti\u00e8re de Uashat.<\/p>\n<p>La famille re\u00e7oit parents et amis le jeudi 15 octobre 2020 \u00e0 compter de 14 h au 5, rue Tupitshi \u00e0 Uashat.<\/p>\n<p>Elle laisse dans le deuil ses filles\u00a0: Ginette, Jacynthe, Gis\u00e8le, Elma, Suzanne, Laurie et Catherine, ses fils\u00a0: Jean-Eude (Dianna Tshernish), Alphonse, Jean-Yves (Cathie Simon) et Ga\u00ebtan (Norma Bobbitt), ses trente-sept petits-enfants, ses quatre-vingt-huit arri\u00e8re-petits-enfants, ses cinq arri\u00e8re arri\u00e8re-petits-enfants ainsi que \u00a0ses s\u0153urs\u00a0: Desneiges et Philom\u00e8ne, son fr\u00e8re Germain, ses beaux-fr\u00e8res\u00a0: Michel (Th\u00e9r\u00e8se Nuna) et S\u00e9bastien (Suzanne Fontaine), sa belle-s\u0153ur Elisabeth (Bobby Picard) et B\u00e9atrice Jean-Pierre, ses neveux, ses ni\u00e8ces, ses cousins, ses cousines et de nombreux ami(e)s.<\/p>\n<p>La famille a confi\u00e9 la direction des fun\u00e9railles aux services professionnels de la Maison Mallet &amp; fils du 585, boul. Laure \u00e0 Sept-\u00celes, maintenant reconnue Distinction et membre de la Corporation des Thanatologues du Qu\u00e9bec.<\/p>\n<p>Vous pouvez consulter cet avis de d\u00e9c\u00e8s, sur le <a href=\"https:\/\/nouveau.maisonmallet.com\/back05_01\">www.maisonmallet.com<\/a><\/p>\n<p>Ceux et celles qui le d\u00e9sirent, peuvent y envoyer des messages de sympathie.<\/p>\n<hr \/>\n<p>Envoyer vos condol\u00e9ances<\/p>\n<p>[contact-form to=\u00a0\u00bbnormabobbitt9@hotmail.com\u00a0\u00bb subject=\u00a0\u00bbCondol\u00e9ances Caroline Joseph\u00a0\u00bb][contact-field label=\u00a0\u00bbVotre nom\u00a0\u00bb type=\u00a0\u00bbname\u00a0\u00bb required=\u00a0\u00bb1&Prime;][contact-field label=\u00a0\u00bbVotre courriel\u00a0\u00bb type=\u00a0\u00bbemail\u00a0\u00bb required=\u00a0\u00bb1&Prime;][contact-field label=\u00a0\u00bbCondol\u00e9ances\u00a0\u00bb type=\u00a0\u00bbtextarea\u00a0\u00bb][\/contact-form]<\/p>\n","protected":false},"featured_media":14841,"template":"","event_cat":[6],"class_list":["post-14836","event","type-event","status-publish","has-post-thumbnail","hentry","event_cat-maison-mallet-et-fils-inc"],"_links":{"self":[{"href":"https:\/\/nouveau.maisonmallet.com\/back05_01\/index.php?rest_route=\/wp\/v2\/event\/14836","targetHints":{"allow":["GET"]}}],"collection":[{"href":"https:\/\/nouveau.maisonmallet.com\/back05_01\/index.php?rest_route=\/wp\/v2\/event"}],"about":[{"href":"https:\/\/nouveau.maisonmallet.com\/back05_01\/index.php?rest_route=\/wp\/v2\/types\/event"}],"wp:featuredmedia":[{"embeddable":true,"href":"https:\/\/nouveau.maisonmallet.com\/back05_01\/index.php?rest_route=\/wp\/v2\/media\/14841"}],"wp:attachment":[{"href":"https:\/\/nouveau.maisonmallet.com\/back05_01\/index.php?rest_route=%2Fwp%2Fv2%2Fmedia&parent=14836"}],"wp:term":[{"taxonomy":"event_cat","embeddable":true,"href":"https:\/\/nouveau.maisonmallet.com\/back05_01\/index.php?rest_route=%2Fwp%2Fv2%2Fevent_cat&post=14836"}],"curies":[{"name":"wp","href":"https:\/\/api.w.org\/{rel}","templated":true}]}}

<p>1941 &#8211; 2020</p>
<p>JOSEPH, Caroline (Pinette)</p>
<p>&nbsp;</p>
<p>À Uashat, le 10 octobre 2020, est décédée à l’âge de 79 ans madame Caroline Joseph épouse de feu Comis Pinette et domiciliée à Uashat.</p>
<p>Dû à une famille nombreuse et au nombre de place disponible dans l`église, les funérailles de madame Caroline Joseph Pinette auront lieu le samedi 17 octobre 2020 à 10 h en l’église Marie-Immaculée située au 180, rue Papineau à Sept-Îles, et de là au cimetière de Uashat.</p>
<p>La famille reçoit parents et amis le jeudi 15 octobre 2020 à compter de 14 h au 5, rue Tupitshi à Uashat.</p>
<p>Elle laisse dans le deuil ses filles : Ginette, Jacynthe, Gisèle, Elma, Suzanne, Laurie et Catherine, ses fils : Jean-Eude (Dianna Tshernish), Alphonse, Jean-Yves (Cathie Simon) et Gaëtan (Norma Bobbitt), ses trente-sept petits-enfants, ses quatre-vingt-huit arrière-petits-enfants, ses cinq arrière arrière-petits-enfants ainsi que  ses sœurs : Desneiges et Philomène, son frère Germain, ses beaux-frères : Michel (Thérèse Nuna) et Sébastien (Suzanne Fontaine), sa belle-sœur Elisabeth (Bobby Picard) et Béatrice Jean-Pierre, ses neveux, ses nièces, ses cousins, ses cousines et de nombreux ami(e)s.</p>
<p>La famille a confié la direction des funérailles aux services professionnels de la Maison Mallet &amp; fils du 585, boul. Laure à Sept-Îles, maintenant reconnue Distinction et membre de la Corporation des Thanatologues du Québec.</p>
<p>Vous pouvez consulter cet avis de décès, sur le <a href="https://nouveau.maisonmallet.com/back05_01">www.maisonmallet.com</a></p>
<p>Ceux et celles qui le désirent, peuvent y envoyer des messages de sympathie.</p>
<hr />
<p>Envoyer vos condoléances</p>
<p>[contact-form to= »normabobbitt9@hotmail.com » subject= »Condoléances Caroline Joseph »][contact-field label= »Votre nom » type= »name » required= »1&Prime;][contact-field label= »Votre courriel » type= »email » required= »1&Prime;][contact-field label= »Condoléances » type= »textarea »][/contact-form]</p>
