{"id":14848,"date":"2020-10-13T13:34:07","date_gmt":"2020-10-13T17:34:07","guid":{"rendered":"https:\/\/nouveau.maisonmallet.com\/?post_type=event&#038;p=14848"},"modified":"2020-10-15T14:32:40","modified_gmt":"2020-10-15T18:32:40","slug":"ferguson-edna-murray","status":"publish","type":"event","link":"https:\/\/nouveau.maisonmallet.com\/back05_01\/?event=ferguson-edna-murray","title":{"rendered":"FERGUSON, Edna (Murray)"},"content":{"rendered":"<p>1938 \u2013 2020<\/p>\n<p>FERGUSON, Edna (Murray)<\/p>\n<p>&nbsp;<\/p>\n<p>\u00c0 Sept-\u00celes, le 13 octobre 2020, est d\u00e9c\u00e9d\u00e9e \u00e0 l\u2019\u00e2ge de 82 ans, madame Edna Ferguson \u00e9pouse de feue Ross Murray et domicili\u00e9e \u00e0 Sept-\u00celes.<\/p>\n<p>Les fun\u00e9railles de madame Edna Ferguson Murray auront lieu le samedi 17 octobre 2020 \u00e0 14 h \u00a0en l\u2019\u00e9glise Marie-Immacul\u00e9e situ\u00e9e au 180, rue Papineau \u00e0 Sept-\u00celes et de l\u00e0 au cimeti\u00e8re Catholique de Sept-\u00celes.<\/p>\n<p>La famille re\u00e7oit parents et amis le vendredi 16 octobre 2020 de 19 h \u00e0 22 h. Le samedi 17 octobre 2020 jour des fun\u00e9railles \u00e0 compter de 12 h 30\u00a0 au Complexe Thanatologique Mallet &amp; fils du 585, boul. Laure \u00e0 Sept-\u00celes.<\/p>\n<p>Elle laisse dans le deuil ses filles : Donna (Serges Lafrance) et Tania Lee (Michael Iafigliola), son fils Terry (Brenda Murray), ses petits-enfants : Jason (Laurie Barnab\u00e9 Francoeur), Eilleen (Pierre-Olivier Ferland), Holly, Nicholas, Andrew, Laura, Claudiane (Andr\u00e9 Fontaine) et J\u00e9r\u00e9mie (Andr\u00e9e-Anne Boucher) ainsi que sa s\u0153ur Elsie (Carlos Crego), sa belle-s\u0153ur Margaret Murray, ses neveux, ses ni\u00e8ces, ses cousins, ses cousines\u00a0 et de nombreux ami(e)s.<\/p>\n<p>Vos marques de sympathie peuvent se traduire par un don \u00e0 l\u2019Association du cancer est du Qu\u00e9bec <a href=\"http:\/\/www.aceq.org\">www.aceq.org<\/a><\/p>\n<p>La famille a confi\u00e9 la direction des fun\u00e9railles aux services professionnels de la Maison Mallet &amp; fils du 585 boul. Laure \u00e0 Sept-\u00celes, maintenant reconnue Distinction et membre de la Corporation des Thanatologues du Qu\u00e9bec.<\/p>\n<p>Vous pouvez consulter cet avis de d\u00e9c\u00e8s sur le <a href=\"https:\/\/nouveau.maisonmallet.com\/back05_01\">www.maisonmallet.com<\/a><\/p>\n<p>Ceux et celles qui le d\u00e9sirent,\u00a0 peuvent y envoyer des messages de sympathie.<\/p>\n<p>&nbsp;<\/p>\n<p>&nbsp;<\/p>\n<hr \/>\n<p>Envoyer vos condol\u00e9ances<\/p>\n<p>[contact-form to=\u00a0\u00bbsergeslafrance@hotmail.ca\u00a0\u00bb subject=\u00a0\u00bbCondol\u00e9ances Edna Ferguson\u00a0\u00bb][contact-field label=\u00a0\u00bbVotre nom\u00a0\u00bb type=\u00a0\u00bbname\u00a0\u00bb required=\u00a0\u00bb1&Prime;][contact-field label=\u00a0\u00bbVotre courriel\u00a0\u00bb type=\u00a0\u00bbemail\u00a0\u00bb required=\u00a0\u00bb1&Prime;][contact-field label=\u00a0\u00bbCondol\u00e9ances\u00a0\u00bb type=\u00a0\u00bbtextarea\u00a0\u00bb][\/contact-form]<\/p>\n","protected":false},"featured_media":14852,"template":"","event_cat":[6],"class_list":["post-14848","event","type-event","status-publish","has-post-thumbnail","hentry","event_cat-maison-mallet-et-fils-inc"],"_links":{"self":[{"href":"https:\/\/nouveau.maisonmallet.com\/back05_01\/index.php?rest_route=\/wp\/v2\/event\/14848","targetHints":{"allow":["GET"]}}],"collection":[{"href":"https:\/\/nouveau.maisonmallet.com\/back05_01\/index.php?rest_route=\/wp\/v2\/event"}],"about":[{"href":"https:\/\/nouveau.maisonmallet.com\/back05_01\/index.php?rest_route=\/wp\/v2\/types\/event"}],"wp:featuredmedia":[{"embeddable":true,"href":"https:\/\/nouveau.maisonmallet.com\/back05_01\/index.php?rest_route=\/wp\/v2\/media\/14852"}],"wp:attachment":[{"href":"https:\/\/nouveau.maisonmallet.com\/back05_01\/index.php?rest_route=%2Fwp%2Fv2%2Fmedia&parent=14848"}],"wp:term":[{"taxonomy":"event_cat","embeddable":true,"href":"https:\/\/nouveau.maisonmallet.com\/back05_01\/index.php?rest_route=%2Fwp%2Fv2%2Fevent_cat&post=14848"}],"curies":[{"name":"wp","href":"https:\/\/api.w.org\/{rel}","templated":true}]}}

<p>1938 – 2020</p>
<p>FERGUSON, Edna (Murray)</p>
<p>&nbsp;</p>
<p>À Sept-Îles, le 13 octobre 2020, est décédée à l’âge de 82 ans, madame Edna Ferguson épouse de feue Ross Murray et domiciliée à Sept-Îles.</p>
<p>Les funérailles de madame Edna Ferguson Murray auront lieu le samedi 17 octobre 2020 à 14 h  en l’église Marie-Immaculée située au 180, rue Papineau à Sept-Îles et de là au cimetière Catholique de Sept-Îles.</p>
<p>La famille reçoit parents et amis le vendredi 16 octobre 2020 de 19 h à 22 h. Le samedi 17 octobre 2020 jour des funérailles à compter de 12 h 30  au Complexe Thanatologique Mallet &amp; fils du 585, boul. Laure à Sept-Îles.</p>
<p>Elle laisse dans le deuil ses filles : Donna (Serges Lafrance) et Tania Lee (Michael Iafigliola), son fils Terry (Brenda Murray), ses petits-enfants : Jason (Laurie Barnabé Francoeur), Eilleen (Pierre-Olivier Ferland), Holly, Nicholas, Andrew, Laura, Claudiane (André Fontaine) et Jérémie (Andrée-Anne Boucher) ainsi que sa sœur Elsie (Carlos Crego), sa belle-sœur Margaret Murray, ses neveux, ses nièces, ses cousins, ses cousines  et de nombreux ami(e)s.</p>
<p>Vos marques de sympathie peuvent se traduire par un don à l’Association du cancer est du Québec <a href="http://www.aceq.org">www.aceq.org</a></p>
<p>La famille a confié la direction des funérailles aux services professionnels de la Maison Mallet &amp; fils du 585 boul. Laure à Sept-Îles, maintenant reconnue Distinction et membre de la Corporation des Thanatologues du Québec.</p>
<p>Vous pouvez consulter cet avis de décès sur le <a href="https://nouveau.maisonmallet.com/back05_01">www.maisonmallet.com</a></p>
<p>Ceux et celles qui le désirent,  peuvent y envoyer des messages de sympathie.</p>
<p>&nbsp;</p>
<p>&nbsp;</p>
<hr />
<p>Envoyer vos condoléances</p>
<p>[contact-form to= »sergeslafrance@hotmail.ca » subject= »Condoléances Edna Ferguson »][contact-field label= »Votre nom » type= »name » required= »1&Prime;][contact-field label= »Votre courriel » type= »email » required= »1&Prime;][contact-field label= »Condoléances » type= »textarea »][/contact-form]</p>
