{"id":15066,"date":"2020-10-18T14:25:04","date_gmt":"2020-10-18T18:25:04","guid":{"rendered":"https:\/\/nouveau.maisonmallet.com\/?post_type=event&#038;p=15066"},"modified":"2020-10-20T14:30:30","modified_gmt":"2020-10-20T18:30:30","slug":"regis-uassis","status":"publish","type":"event","link":"https:\/\/nouveau.maisonmallet.com\/back05_01\/?event=regis-uassis","title":{"rendered":"R\u00c9GIS, Uassis"},"content":{"rendered":"<p>1982 \u2013 2020<\/p>\n<p>R\u00c9GIS, Uassis<\/p>\n<p>&nbsp;<\/p>\n<p>\u00c0 Sept-\u00celes (maison \u00c9lyme des Sables), le 18 octobre 2020, est d\u00e9c\u00e9d\u00e9e \u00e0 l\u2019\u00e2ge de 38 ans, madame Uassis R\u00e9gis fille de Antonio R\u00e9gis et de feue Doris Vollant domicili\u00e9e \u00e0 Uashat.<\/p>\n<p>Les fun\u00e9railles de madame Uassis R\u00e9gis auront lieu le jeudi 22 octobre 2020 \u00e0 14 h en l\u2019\u00e9glise Notre-Dame du Cap situ\u00e9e au 139, rue de l\u2019\u00c9glise \u00e0 Mani-Utenam et de l\u00e0 au cimeti\u00e8re de Mani-Utenam.<\/p>\n<p>La famille re\u00e7oit parents et amis le mardi 20 octobre 2020 de 19 h \u00e0 22 h. Le mercredi 21 octobre 2020 de 13 h \u00e0 16 h et de 19 h \u00e0 22 h. Le jeudi 22 octobre 2020 jour des fun\u00e9railles \u00e0 compter de 12 h 30 au Complexe Thanatologique Mallet &amp; fils du 585, boul. Laure \u00e0 Sept-\u00celes.<\/p>\n<p>Elle laisse dans le deuil outre son p\u00e8re monsieur Antonio R\u00e9gis (feue Doris Vollant), ses s\u0153urs\u00a0: Karine (Jean-Yves Pilot), Edith (Shannon Michel) et Charlotte (Jimmy McKenzie), ses fr\u00e8res\u00a0: Pinip et Steve (Jessica Jourdain) ainsi que ses neveux, ses ni\u00e8ces, ses oncles, ses tantes, ses cousins, ses cousines et de nombreux ami(e)s.<\/p>\n<p>La famille a confi\u00e9 la direction des fun\u00e9railles aux services professionnels de la Maison Mallet &amp; fils du 585, boul. Laure \u00e0 Sept-\u00celes, maintenant reconnue Distinction et membre de la Corporation des Thanatologues du Qu\u00e9bec.<\/p>\n<p>Vous pouvez consulter cet avis de d\u00e9c\u00e8s, sur le <a href=\"https:\/\/nouveau.maisonmallet.com\/back05_01\">www.maisonmallet.com<\/a><\/p>\n<p>Ceux et celles qui le d\u00e9sirent, peuvent y envoyer des messages de sympathie.<\/p>\n<p>&nbsp;<\/p>\n<p>&nbsp;<\/p>\n<p>&nbsp;<\/p>\n<hr \/>\n<p>Envoyer vos condol\u00e9ances<\/p>\n<p>[contact-form to=\u00a0\u00bbregk_2@hotmail.com\u00a0\u00bb subject=\u00a0\u00bbCondol\u00e9ances Uassis R\u00e9gis\u00a0\u00bb][contact-field label=\u00a0\u00bbVotre nom\u00a0\u00bb type=\u00a0\u00bbname\u00a0\u00bb required=\u00a0\u00bb1&Prime;][contact-field label=\u00a0\u00bbVotre courriel\u00a0\u00bb type=\u00a0\u00bbemail\u00a0\u00bb required=\u00a0\u00bb1&Prime;][contact-field label=\u00a0\u00bbCondol\u00e9ances\u00a0\u00bb type=\u00a0\u00bbtextarea\u00a0\u00bb][\/contact-form]<\/p>\n","protected":false},"featured_media":15070,"template":"","event_cat":[6],"class_list":["post-15066","event","type-event","status-publish","has-post-thumbnail","hentry","event_cat-maison-mallet-et-fils-inc"],"_links":{"self":[{"href":"https:\/\/nouveau.maisonmallet.com\/back05_01\/index.php?rest_route=\/wp\/v2\/event\/15066","targetHints":{"allow":["GET"]}}],"collection":[{"href":"https:\/\/nouveau.maisonmallet.com\/back05_01\/index.php?rest_route=\/wp\/v2\/event"}],"about":[{"href":"https:\/\/nouveau.maisonmallet.com\/back05_01\/index.php?rest_route=\/wp\/v2\/types\/event"}],"wp:featuredmedia":[{"embeddable":true,"href":"https:\/\/nouveau.maisonmallet.com\/back05_01\/index.php?rest_route=\/wp\/v2\/media\/15070"}],"wp:attachment":[{"href":"https:\/\/nouveau.maisonmallet.com\/back05_01\/index.php?rest_route=%2Fwp%2Fv2%2Fmedia&parent=15066"}],"wp:term":[{"taxonomy":"event_cat","embeddable":true,"href":"https:\/\/nouveau.maisonmallet.com\/back05_01\/index.php?rest_route=%2Fwp%2Fv2%2Fevent_cat&post=15066"}],"curies":[{"name":"wp","href":"https:\/\/api.w.org\/{rel}","templated":true}]}}

RÉGIS, Uassis

<p>1982 – 2020</p>
<p>RÉGIS, Uassis</p>
<p>&nbsp;</p>
<p>À Sept-Îles (maison Élyme des Sables), le 18 octobre 2020, est décédée à l’âge de 38 ans, madame Uassis Régis fille de Antonio Régis et de feue Doris Vollant domiciliée à Uashat.</p>
<p>Les funérailles de madame Uassis Régis auront lieu le jeudi 22 octobre 2020 à 14 h en l’église Notre-Dame du Cap située au 139, rue de l’Église à Mani-Utenam et de là au cimetière de Mani-Utenam.</p>
<p>La famille reçoit parents et amis le mardi 20 octobre 2020 de 19 h à 22 h. Le mercredi 21 octobre 2020 de 13 h à 16 h et de 19 h à 22 h. Le jeudi 22 octobre 2020 jour des funérailles à compter de 12 h 30 au Complexe Thanatologique Mallet &amp; fils du 585, boul. Laure à Sept-Îles.</p>
<p>Elle laisse dans le deuil outre son père monsieur Antonio Régis (feue Doris Vollant), ses sœurs : Karine (Jean-Yves Pilot), Edith (Shannon Michel) et Charlotte (Jimmy McKenzie), ses frères : Pinip et Steve (Jessica Jourdain) ainsi que ses neveux, ses nièces, ses oncles, ses tantes, ses cousins, ses cousines et de nombreux ami(e)s.</p>
<p>La famille a confié la direction des funérailles aux services professionnels de la Maison Mallet &amp; fils du 585, boul. Laure à Sept-Îles, maintenant reconnue Distinction et membre de la Corporation des Thanatologues du Québec.</p>
<p>Vous pouvez consulter cet avis de décès, sur le <a href="https://nouveau.maisonmallet.com/back05_01">www.maisonmallet.com</a></p>
<p>Ceux et celles qui le désirent, peuvent y envoyer des messages de sympathie.</p>
<p>&nbsp;</p>
<p>&nbsp;</p>
<p>&nbsp;</p>
<hr />
<p>Envoyer vos condoléances</p>
<p>[contact-form to= »regk_2@hotmail.com » subject= »Condoléances Uassis Régis »][contact-field label= »Votre nom » type= »name » required= »1&Prime;][contact-field label= »Votre courriel » type= »email » required= »1&Prime;][contact-field label= »Condoléances » type= »textarea »][/contact-form]</p>
