{"id":15069,"date":"2020-10-13T17:59:21","date_gmt":"2020-10-13T21:59:21","guid":{"rendered":"https:\/\/nouveau.maisonmallet.com\/?post_type=event&#038;p=15069"},"modified":"2020-10-20T18:06:09","modified_gmt":"2020-10-20T22:06:09","slug":"dumont-marguerite-cormier","status":"publish","type":"event","link":"https:\/\/nouveau.maisonmallet.com\/back05_01\/?event=dumont-marguerite-cormier","title":{"rendered":"DUMONT, Marguerite (Cormier)"},"content":{"rendered":"<p>1920 &#8211; 2020<\/p>\n<p>DUMONT, Marguerite (Cormier)<\/p>\n<p>&nbsp;<\/p>\n<p>\u00c0 Sept-\u00celes (maison \u00c9lyme des sables), le 13 octobre 2020, est d\u00e9c\u00e9d\u00e9e \u00e0 l\u2019\u00e2ge de 100 ans, madame Marguerite Dumont \u00e9pouse de feu Normand Cormier et domicili\u00e9e \u00e0 Sept-\u00celes.<\/p>\n<p>Selon ses volont\u00e9s, elle a \u00e9t\u00e9 confi\u00e9e au cr\u00e9matorium de la Maison Mallet &amp; fils pour cr\u00e9mation.<\/p>\n<p>Elle laisse dans le deuil ses enfants\u00a0: Normand (Solange L\u00e9vesque), Juanita (L\u00e9opold Talbot), Diane (feu Joseph Petitpas), Jacques (Pierette Bourque) et Suzanne (Claude Vannier), ses petits-enfants\u00a0: Janick, Denis, Gary, Isabelle (Ga\u00e9tan C\u00f4t\u00e9), Carl (Myl\u00e8ne Dupuis), Fernand (M\u00e9lanie Murray), Pierre (Vaida Narbutaite) et Jean (Brittany Odegard), ses arri\u00e8res petits-enfants\u00a0: Micha\u00ebl, Mathis, Ana\u00efs, Ma\u00efck, Marie-Kali et Rapha\u00ebl, ainsi que ses belles-s\u0153urs\u00a0: Carmen Boisvert et Th\u00e9r\u00e8se Roy, ses neveux,\u00a0ses ni\u00e8ces,\u00a0et de nombreux ami(e)s.<\/p>\n<p>Vos marques de sympathie peuvent se traduire par un don \u00e0 l\u2019\u00c9lyme des sables <a href=\"http:\/\/www.elymedessables.com\">www.elymedessables.com<\/a><\/p>\n<p>La famille a confi\u00e9 les arrangements aux services professionnels de la Maison Mallet &amp; fils du 585 Boul. Laure \u00e0 Sept-\u00celes, maintenant reconnue Distinction membre de la Corporation des thanatologues du Qu\u00e9bec.<\/p>\n<p>Vous pouvez consulter cet avis de d\u00e9c\u00e8s sur le\u00a0: <a href=\"https:\/\/nouveau.maisonmallet.com\/back05_01\">www.maisonmallet.com<\/a><\/p>\n<p>Ceux et celles qui le d\u00e9sirent, peuvent y envoyer des messages de sympathie.<\/p>\n<p>&nbsp;<\/p>\n<hr \/>\n<p>Envoyer vos condol\u00e9ances<\/p>\n<p>[contact-form to=\u00a0\u00bbjuanitac@globetrotter.net\u00a0\u00bb subject=\u00a0\u00bbCondol\u00e9ances Marguerite Dumonr\u00a0\u00bb][contact-field label=\u00a0\u00bbVotre nom\u00a0\u00bb type=\u00a0\u00bbname\u00a0\u00bb required=\u00a0\u00bb1&Prime;][contact-field label=\u00a0\u00bbVotre courriel\u00a0\u00bb type=\u00a0\u00bbemail\u00a0\u00bb required=\u00a0\u00bb1&Prime;][contact-field label=\u00a0\u00bbCondol\u00e9ances\u00a0\u00bb type=\u00a0\u00bbtextarea\u00a0\u00bb][\/contact-form]<\/p>\n","protected":false},"featured_media":15077,"template":"","event_cat":[6],"class_list":["post-15069","event","type-event","status-publish","has-post-thumbnail","hentry","event_cat-maison-mallet-et-fils-inc"],"_links":{"self":[{"href":"https:\/\/nouveau.maisonmallet.com\/back05_01\/index.php?rest_route=\/wp\/v2\/event\/15069","targetHints":{"allow":["GET"]}}],"collection":[{"href":"https:\/\/nouveau.maisonmallet.com\/back05_01\/index.php?rest_route=\/wp\/v2\/event"}],"about":[{"href":"https:\/\/nouveau.maisonmallet.com\/back05_01\/index.php?rest_route=\/wp\/v2\/types\/event"}],"wp:featuredmedia":[{"embeddable":true,"href":"https:\/\/nouveau.maisonmallet.com\/back05_01\/index.php?rest_route=\/wp\/v2\/media\/15077"}],"wp:attachment":[{"href":"https:\/\/nouveau.maisonmallet.com\/back05_01\/index.php?rest_route=%2Fwp%2Fv2%2Fmedia&parent=15069"}],"wp:term":[{"taxonomy":"event_cat","embeddable":true,"href":"https:\/\/nouveau.maisonmallet.com\/back05_01\/index.php?rest_route=%2Fwp%2Fv2%2Fevent_cat&post=15069"}],"curies":[{"name":"wp","href":"https:\/\/api.w.org\/{rel}","templated":true}]}}

<p>1920 &#8211; 2020</p>
<p>DUMONT, Marguerite (Cormier)</p>
<p>&nbsp;</p>
<p>À Sept-Îles (maison Élyme des sables), le 13 octobre 2020, est décédée à l’âge de 100 ans, madame Marguerite Dumont épouse de feu Normand Cormier et domiciliée à Sept-Îles.</p>
<p>Selon ses volontés, elle a été confiée au crématorium de la Maison Mallet &amp; fils pour crémation.</p>
<p>Elle laisse dans le deuil ses enfants : Normand (Solange Lévesque), Juanita (Léopold Talbot), Diane (feu Joseph Petitpas), Jacques (Pierette Bourque) et Suzanne (Claude Vannier), ses petits-enfants : Janick, Denis, Gary, Isabelle (Gaétan Côté), Carl (Mylène Dupuis), Fernand (Mélanie Murray), Pierre (Vaida Narbutaite) et Jean (Brittany Odegard), ses arrières petits-enfants : Michaël, Mathis, Anaïs, Maïck, Marie-Kali et Raphaël, ainsi que ses belles-sœurs : Carmen Boisvert et Thérèse Roy, ses neveux, ses nièces, et de nombreux ami(e)s.</p>
<p>Vos marques de sympathie peuvent se traduire par un don à l’Élyme des sables <a href="http://www.elymedessables.com">www.elymedessables.com</a></p>
<p>La famille a confié les arrangements aux services professionnels de la Maison Mallet &amp; fils du 585 Boul. Laure à Sept-Îles, maintenant reconnue Distinction membre de la Corporation des thanatologues du Québec.</p>
<p>Vous pouvez consulter cet avis de décès sur le : <a href="https://nouveau.maisonmallet.com/back05_01">www.maisonmallet.com</a></p>
<p>Ceux et celles qui le désirent, peuvent y envoyer des messages de sympathie.</p>
<p>&nbsp;</p>
<hr />
<p>Envoyer vos condoléances</p>
<p>[contact-form to= »juanitac@globetrotter.net » subject= »Condoléances Marguerite Dumonr »][contact-field label= »Votre nom » type= »name » required= »1&Prime;][contact-field label= »Votre courriel » type= »email » required= »1&Prime;][contact-field label= »Condoléances » type= »textarea »][/contact-form]</p>
