{"id":15075,"date":"2020-10-21T09:33:02","date_gmt":"2020-10-21T13:33:02","guid":{"rendered":"https:\/\/nouveau.maisonmallet.com\/?post_type=event&#038;p=15075"},"modified":"2020-10-21T09:33:02","modified_gmt":"2020-10-21T13:33:02","slug":"sirois-marlene","status":"publish","type":"event","link":"https:\/\/nouveau.maisonmallet.com\/back05_01\/?event=sirois-marlene","title":{"rendered":"SIROIS, Marl\u00e8ne"},"content":{"rendered":"<p>1963 &#8211; 2020<\/p>\n<p>SIROIS, Marl\u00e8ne<\/p>\n<p>&nbsp;<\/p>\n<p>\u00c0 Port-Cartier, le 16 octobre 2020, est d\u00e9c\u00e9d\u00e9e \u00e0 l\u2019\u00e2ge de 57 ans, madame Marl\u00e8ne Sirois fille de feu Antonio Sirois et de feue Alexandra Ringuette domicili\u00e9e \u00e0 Port-Cartier.<\/p>\n<p>Les rituelles fun\u00e9raires de madame Marl\u00e8ne Sirois auront lieu \u00e0 une date ult\u00e9rieur.<\/p>\n<p>Selon ses volont\u00e9s, elle a \u00e9t\u00e9 confi\u00e9e au cr\u00e9matorium de la Maison Mallet &amp; fils pour cr\u00e9mation.<\/p>\n<p>Elle laisse dans le deuil son fils Patrice, sa fille Alexandra, ses petits-fils\u00a0: Maxime, Michael, Olivier et Rapha\u00ebl, ainsi que ses fr\u00e8res\u00a0: Henri (Charline Chretien), Guy (Germaine Canuel) et Daniel (Suzanne Bouchard), ses s\u0153urs\u00a0: Gaetane (Jocelyn Huet), Lyne, Laurette et Nancy (Martin Dagenais), ses neveux, ses ni\u00e8ces, ses cousins, ses cousines, et de nombreux ami(e)s.<\/p>\n<p>La famille a confi\u00e9 les arrangements aux services professionnels de la Maison Mallet &amp; fils du 57, route 138 \u00e0 Port-Cartier, maintenant reconnue Distinction et membre de la Corporation des Thanatologues du Qu\u00e9bec.<\/p>\n<p>Vous pouvez consulter cet avis de d\u00e9c\u00e8s, sur le <a href=\"https:\/\/nouveau.maisonmallet.com\/back05_01\">www.maisonmallet.com<\/a><\/p>\n<p>Ceux et celles qui le d\u00e9sirent, peuvent y envoyer des messages de sympathie.<\/p>\n<p>&nbsp;<\/p>\n<hr \/>\n<p>Envoyer vos condol\u00e9ances<\/p>\n<p>[contact-form to=\u00a0\u00bbchocolat_miam_miam@hotmail.com\u00a0\u00bb subject=\u00a0\u00bbCondol\u00e9ances Marl\u00e8ne Sirois\u00a0\u00bb][contact-field label=\u00a0\u00bbVotre nom\u00a0\u00bb type=\u00a0\u00bbname\u00a0\u00bb required=\u00a0\u00bb1&Prime;][contact-field label=\u00a0\u00bbVotre courriel\u00a0\u00bb type=\u00a0\u00bbemail\u00a0\u00bb required=\u00a0\u00bb1&Prime;][contact-field label=\u00a0\u00bbCondol\u00e9ances\u00a0\u00bb type=\u00a0\u00bbtextarea\u00a0\u00bb][\/contact-form]<\/p>\n","protected":false},"featured_media":15109,"template":"","event_cat":[6],"class_list":["post-15075","event","type-event","status-publish","has-post-thumbnail","hentry","event_cat-maison-mallet-et-fils-inc"],"_links":{"self":[{"href":"https:\/\/nouveau.maisonmallet.com\/back05_01\/index.php?rest_route=\/wp\/v2\/event\/15075","targetHints":{"allow":["GET"]}}],"collection":[{"href":"https:\/\/nouveau.maisonmallet.com\/back05_01\/index.php?rest_route=\/wp\/v2\/event"}],"about":[{"href":"https:\/\/nouveau.maisonmallet.com\/back05_01\/index.php?rest_route=\/wp\/v2\/types\/event"}],"wp:featuredmedia":[{"embeddable":true,"href":"https:\/\/nouveau.maisonmallet.com\/back05_01\/index.php?rest_route=\/wp\/v2\/media\/15109"}],"wp:attachment":[{"href":"https:\/\/nouveau.maisonmallet.com\/back05_01\/index.php?rest_route=%2Fwp%2Fv2%2Fmedia&parent=15075"}],"wp:term":[{"taxonomy":"event_cat","embeddable":true,"href":"https:\/\/nouveau.maisonmallet.com\/back05_01\/index.php?rest_route=%2Fwp%2Fv2%2Fevent_cat&post=15075"}],"curies":[{"name":"wp","href":"https:\/\/api.w.org\/{rel}","templated":true}]}}

SIROIS, Marlène

<p>1963 &#8211; 2020</p>
<p>SIROIS, Marlène</p>
<p>&nbsp;</p>
<p>À Port-Cartier, le 16 octobre 2020, est décédée à l’âge de 57 ans, madame Marlène Sirois fille de feu Antonio Sirois et de feue Alexandra Ringuette domiciliée à Port-Cartier.</p>
<p>Les rituelles funéraires de madame Marlène Sirois auront lieu à une date ultérieur.</p>
<p>Selon ses volontés, elle a été confiée au crématorium de la Maison Mallet &amp; fils pour crémation.</p>
<p>Elle laisse dans le deuil son fils Patrice, sa fille Alexandra, ses petits-fils : Maxime, Michael, Olivier et Raphaël, ainsi que ses frères : Henri (Charline Chretien), Guy (Germaine Canuel) et Daniel (Suzanne Bouchard), ses sœurs : Gaetane (Jocelyn Huet), Lyne, Laurette et Nancy (Martin Dagenais), ses neveux, ses nièces, ses cousins, ses cousines, et de nombreux ami(e)s.</p>
<p>La famille a confié les arrangements aux services professionnels de la Maison Mallet &amp; fils du 57, route 138 à Port-Cartier, maintenant reconnue Distinction et membre de la Corporation des Thanatologues du Québec.</p>
<p>Vous pouvez consulter cet avis de décès, sur le <a href="https://nouveau.maisonmallet.com/back05_01">www.maisonmallet.com</a></p>
<p>Ceux et celles qui le désirent, peuvent y envoyer des messages de sympathie.</p>
<p>&nbsp;</p>
<hr />
<p>Envoyer vos condoléances</p>
<p>[contact-form to= »chocolat_miam_miam@hotmail.com » subject= »Condoléances Marlène Sirois »][contact-field label= »Votre nom » type= »name » required= »1&Prime;][contact-field label= »Votre courriel » type= »email » required= »1&Prime;][contact-field label= »Condoléances » type= »textarea »][/contact-form]</p>
