{"id":15110,"date":"2020-10-24T10:13:49","date_gmt":"2020-10-24T14:13:49","guid":{"rendered":"https:\/\/nouveau.maisonmallet.com\/?post_type=event&#038;p=15110"},"modified":"2020-10-27T11:42:39","modified_gmt":"2020-10-27T15:42:39","slug":"petitpas-lucien","status":"publish","type":"event","link":"https:\/\/nouveau.maisonmallet.com\/back05_01\/?event=petitpas-lucien","title":{"rendered":"PETITPAS, Lucien"},"content":{"rendered":"<p>1938-2020<\/p>\n<p>\u00c0 Havre-Saint-Pierre, le 24 octobre 2020, est d\u00e9c\u00e9d\u00e9 \u00e0 l\u2019\u00e2ge de 82 ans et 6 mois, monsieur Lucien Petitpas \u00e9poux de madame Odette Bezeau \u00a0et domicili\u00e9 \u00e0 Havre-Saint-Pierre.<\/p>\n<p>Les fun\u00e9railles de monsieur Lucien Petitpas auront lieu le samedi 31 octobre 2020 \u00e0 10 h en l\u2019\u00e9glise Saint-Pierre de Havre-Saint-Pierre et de l\u00e0 au cimeti\u00e8re de l\u2019endroit.<\/p>\n<p>Selon ses volont\u00e9s, il a \u00e9t\u00e9 confi\u00e9 au cr\u00e9matorium de la Maison L.J.G. Mallet pour cr\u00e9mation.<\/p>\n<p>La famille re\u00e7oit parents et amis le vendredi 30 octobre 2020 de 19 h \u00e0 22. Le samedi 31 octobre 2020 jour des fun\u00e9railles \u00e0 compter de 9 h au salon de la Maison L.J.G. Mallet du 1429, rue du Canot \u00e0 Havre-Saint-Pierre.<\/p>\n<p><strong>D\u00fb aux circonstances reli\u00e9es \u00e0 la pand\u00e9mie, vous pouvez venir pr\u00e9senter vos condol\u00e9ances en respectant la distanciation sociale et le port du masque sera obligatoire.<\/strong><\/p>\n<p>Il laisse dans le deuil outre son \u00e9pouse madame Odette Bezeau, sa fille France (Richard Dupuis), ses fils : Richard (Line Loiselle), Luc (Kathy Duguay), Marc (Nadine Edwards) et Sarto (Cathy Cormier), ses petits-enfants : Mike, Sylvia, Jeff, Jannie, Tommy, Fanny, Alex, Francis, Mathys et leur conjoint. Ses arri\u00e8re-petits-enfants : Alyssa, Mah\u00e9e, ses fr\u00e8res, sa s\u0153ur, ses beaux-fr\u00e8res, ses belles-s\u0153urs, ses neveux, ses ni\u00e8ces, et de nombreux ami(e)s.<\/p>\n<p>Vos marques de sympathie peuvent se traduire par un don \u00e0 l&rsquo;Espoir de Shelna au 1075, des Anciens Havre-Saint-Pierre. T\u00e9l: 418-538-3672.<\/p>\n<p>La famille a confi\u00e9 la direction des fun\u00e9railles aux services professionnels de la Maison L.J.G. Mallet du 1429, rue du Canot \u00e0 Havre-Saint-Pierre, maintenant reconnue Distinction et membre de la Corporation des Thanatologues du Qu\u00e9bec.<\/p>\n<p>Vous pouvez consulter cet avis de d\u00e9c\u00e8s sur le <a href=\"https:\/\/nouveau.maisonmallet.com\/back05_01\">www.maisonmallet.com<\/a><\/p>\n<p>Ceux et celles qui le d\u00e9sirent, peuvent y envoyer des messages de sympathie.<\/p>\n<p>&nbsp;<\/p>\n<p>&nbsp;<\/p>\n<hr \/>\n<p>Envoyer vos condol\u00e9ances<\/p>\n<p>[contact-form to=\u00a0\u00bbrichard_petitpas@hotmail.com\u00a0\u00bb subject=\u00a0\u00bbCondol\u00e9ances Lucien Petitpas\u00a0\u00bb][contact-field label=\u00a0\u00bbVotre nom\u00a0\u00bb type=\u00a0\u00bbname\u00a0\u00bb required=\u00a0\u00bb1&Prime;][contact-field label=\u00a0\u00bbVotre courriel\u00a0\u00bb type=\u00a0\u00bbemail\u00a0\u00bb required=\u00a0\u00bb1&Prime;][contact-field label=\u00a0\u00bbCondol\u00e9ances\u00a0\u00bb type=\u00a0\u00bbtextarea\u00a0\u00bb][\/contact-form]<\/p>\n","protected":false},"featured_media":15218,"template":"","event_cat":[7],"class_list":["post-15110","event","type-event","status-publish","has-post-thumbnail","hentry","event_cat-maison-l-j-g-mallet-inc"],"_links":{"self":[{"href":"https:\/\/nouveau.maisonmallet.com\/back05_01\/index.php?rest_route=\/wp\/v2\/event\/15110","targetHints":{"allow":["GET"]}}],"collection":[{"href":"https:\/\/nouveau.maisonmallet.com\/back05_01\/index.php?rest_route=\/wp\/v2\/event"}],"about":[{"href":"https:\/\/nouveau.maisonmallet.com\/back05_01\/index.php?rest_route=\/wp\/v2\/types\/event"}],"wp:featuredmedia":[{"embeddable":true,"href":"https:\/\/nouveau.maisonmallet.com\/back05_01\/index.php?rest_route=\/wp\/v2\/media\/15218"}],"wp:attachment":[{"href":"https:\/\/nouveau.maisonmallet.com\/back05_01\/index.php?rest_route=%2Fwp%2Fv2%2Fmedia&parent=15110"}],"wp:term":[{"taxonomy":"event_cat","embeddable":true,"href":"https:\/\/nouveau.maisonmallet.com\/back05_01\/index.php?rest_route=%2Fwp%2Fv2%2Fevent_cat&post=15110"}],"curies":[{"name":"wp","href":"https:\/\/api.w.org\/{rel}","templated":true}]}}

<p>1938-2020</p>
<p>À Havre-Saint-Pierre, le 24 octobre 2020, est décédé à l’âge de 82 ans et 6 mois, monsieur Lucien Petitpas époux de madame Odette Bezeau  et domicilié à Havre-Saint-Pierre.</p>
<p>Les funérailles de monsieur Lucien Petitpas auront lieu le samedi 31 octobre 2020 à 10 h en l’église Saint-Pierre de Havre-Saint-Pierre et de là au cimetière de l’endroit.</p>
<p>Selon ses volontés, il a été confié au crématorium de la Maison L.J.G. Mallet pour crémation.</p>
<p>La famille reçoit parents et amis le vendredi 30 octobre 2020 de 19 h à 22. Le samedi 31 octobre 2020 jour des funérailles à compter de 9 h au salon de la Maison L.J.G. Mallet du 1429, rue du Canot à Havre-Saint-Pierre.</p>
<p><strong>Dû aux circonstances reliées à la pandémie, vous pouvez venir présenter vos condoléances en respectant la distanciation sociale et le port du masque sera obligatoire.</strong></p>
<p>Il laisse dans le deuil outre son épouse madame Odette Bezeau, sa fille France (Richard Dupuis), ses fils : Richard (Line Loiselle), Luc (Kathy Duguay), Marc (Nadine Edwards) et Sarto (Cathy Cormier), ses petits-enfants : Mike, Sylvia, Jeff, Jannie, Tommy, Fanny, Alex, Francis, Mathys et leur conjoint. Ses arrière-petits-enfants : Alyssa, Mahée, ses frères, sa sœur, ses beaux-frères, ses belles-sœurs, ses neveux, ses nièces, et de nombreux ami(e)s.</p>
<p>Vos marques de sympathie peuvent se traduire par un don à l&rsquo;Espoir de Shelna au 1075, des Anciens Havre-Saint-Pierre. Tél: 418-538-3672.</p>
<p>La famille a confié la direction des funérailles aux services professionnels de la Maison L.J.G. Mallet du 1429, rue du Canot à Havre-Saint-Pierre, maintenant reconnue Distinction et membre de la Corporation des Thanatologues du Québec.</p>
<p>Vous pouvez consulter cet avis de décès sur le <a href="https://nouveau.maisonmallet.com/back05_01">www.maisonmallet.com</a></p>
<p>Ceux et celles qui le désirent, peuvent y envoyer des messages de sympathie.</p>
<p>&nbsp;</p>
<p>&nbsp;</p>
<hr />
<p>Envoyer vos condoléances</p>
<p>[contact-form to= »richard_petitpas@hotmail.com » subject= »Condoléances Lucien Petitpas »][contact-field label= »Votre nom » type= »name » required= »1&Prime;][contact-field label= »Votre courriel » type= »email » required= »1&Prime;][contact-field label= »Condoléances » type= »textarea »][/contact-form]</p>
