{"id":15422,"date":"2020-10-30T15:29:24","date_gmt":"2020-10-30T19:29:24","guid":{"rendered":"https:\/\/nouveau.maisonmallet.com\/?post_type=event&#038;p=15422"},"modified":"2020-11-03T15:40:30","modified_gmt":"2020-11-03T20:40:30","slug":"pettigrew-alexis","status":"publish","type":"event","link":"https:\/\/nouveau.maisonmallet.com\/back05_01\/?event=pettigrew-alexis","title":{"rendered":"PETTIGREW, Alexis"},"content":{"rendered":"<p>1930 &#8211; 2020<\/p>\n<p>PETTIGREW, Alexis<\/p>\n<p>&nbsp;<\/p>\n<p>\u00c0 Sept-\u00celes (maison \u00c9lyme des sables), le 30 octobre 2020, est d\u00e9c\u00e9d\u00e9 \u00e0 l\u2019\u00e2ge de 90 ans, monsieur Alexis Pettigrew \u00e9poux de madame Monique Laflamme et domicili\u00e9 \u00e0 Sept-\u00celes.<\/p>\n<p>&nbsp;<\/p>\n<p>Les fun\u00e9railles de monsieur Alexis Pettigrew auront lieu le vendredi 6 novembre 2020 \u00e0 14 h en l\u2019\u00e9glise St-Joseph situ\u00e9e au 535, ave. Brochu \u00e0 Sept-\u00celes.<\/p>\n<p>&nbsp;<\/p>\n<p>Selon ses volont\u00e9s, il a \u00e9t\u00e9 confi\u00e9 au cr\u00e9matorium de la Maison Mallet &amp; fils pour cr\u00e9mation.<\/p>\n<p>&nbsp;<\/p>\n<p>La famille re\u00e7oit parents et amis le vendredi 6 novembre 2020 jour des fun\u00e9railles de 10 h \u00e0 11 h 30 et de 12 h 30 \u00e0 14 h au Complexe Thanatologique Mallet &amp; fils du 585 Boul. Laure \u00e0 Sept-\u00celes.<\/p>\n<p>&nbsp;<\/p>\n<p><strong><u>D\u00fb aux circonstances reli\u00e9es \u00e0 la pand\u00e9mie, vous pouvez venir pr\u00e9senter vos condol\u00e9ances en respectant la distanciation physique et le port du masque sera obligatoire.<\/u><\/strong><\/p>\n<p>&nbsp;<\/p>\n<p>Dans les deux situations,\u00a0les consignes de distanciation physique et le port du masque\u00a0seront\u00a0aussi obligatoires.<\/p>\n<p>&nbsp;<\/p>\n<p>Il laisse dans le deuil outre son \u00e9pouse madame Monique Laflamme Pettigrew, son fils Marc, sa fille Louise, son petit-fils Francis, sa petite-fille Gabrielle ainsi que son fr\u00e8re Achille, ses beaux-fr\u00e8res, ses belles-s\u0153urs, ses neveux, ses ni\u00e8ces et de nombreux ami(e)s.<\/p>\n<p>&nbsp;<\/p>\n<p>Vos marques de sympathie peuvent se traduire par un don \u00e0 l\u2019\u00c9lyme des sables <a href=\"http:\/\/www.elymedessables.com\">www.elymedessables.com<\/a><\/p>\n<p>&nbsp;<\/p>\n<p>La famille a confi\u00e9 la direction des fun\u00e9railles aux services professionnels de la Maison Mallet &amp; fils du 585 boul. Laure \u00e0 Sept-\u00celes, maintenant reconnue Distinction et membre de la Corporation des Thanatologues du Qu\u00e9bec.<\/p>\n<p>&nbsp;<\/p>\n<p>Vous pouvez consulter cet avis de d\u00e9c\u00e8s sur le <a href=\"https:\/\/nouveau.maisonmallet.com\/back05_01\">www.maisonmallet.com<\/a><\/p>\n<p>&nbsp;<\/p>\n<p>Ceux et celles qui le d\u00e9sirent, peuvent y envoyer des messages de sympathie.<\/p>\n<p>&nbsp;<\/p>\n<p>&nbsp;<\/p>\n<hr \/>\n<p>Envoyer vos condol\u00e9ances<\/p>\n<p>[contact-form to=\u00a0\u00bbmonique.laflamme@cgocable.ca\u00a0\u00bb subject=\u00a0\u00bbCondol\u00e9ances Alexis Pettigrew\u00a0\u00bb][contact-field label=\u00a0\u00bbVotre nom\u00a0\u00bb type=\u00a0\u00bbname\u00a0\u00bb required=\u00a0\u00bb1&Prime;][contact-field label=\u00a0\u00bbVotre courriel\u00a0\u00bb type=\u00a0\u00bbemail\u00a0\u00bb required=\u00a0\u00bb1&Prime;][contact-field label=\u00a0\u00bbCondol\u00e9ances\u00a0\u00bb type=\u00a0\u00bbtextarea\u00a0\u00bb][\/contact-form]<\/p>\n","protected":false},"featured_media":15426,"template":"","event_cat":[6],"class_list":["post-15422","event","type-event","status-publish","has-post-thumbnail","hentry","event_cat-maison-mallet-et-fils-inc"],"_links":{"self":[{"href":"https:\/\/nouveau.maisonmallet.com\/back05_01\/index.php?rest_route=\/wp\/v2\/event\/15422","targetHints":{"allow":["GET"]}}],"collection":[{"href":"https:\/\/nouveau.maisonmallet.com\/back05_01\/index.php?rest_route=\/wp\/v2\/event"}],"about":[{"href":"https:\/\/nouveau.maisonmallet.com\/back05_01\/index.php?rest_route=\/wp\/v2\/types\/event"}],"wp:featuredmedia":[{"embeddable":true,"href":"https:\/\/nouveau.maisonmallet.com\/back05_01\/index.php?rest_route=\/wp\/v2\/media\/15426"}],"wp:attachment":[{"href":"https:\/\/nouveau.maisonmallet.com\/back05_01\/index.php?rest_route=%2Fwp%2Fv2%2Fmedia&parent=15422"}],"wp:term":[{"taxonomy":"event_cat","embeddable":true,"href":"https:\/\/nouveau.maisonmallet.com\/back05_01\/index.php?rest_route=%2Fwp%2Fv2%2Fevent_cat&post=15422"}],"curies":[{"name":"wp","href":"https:\/\/api.w.org\/{rel}","templated":true}]}}

<p>1930 &#8211; 2020</p>
<p>PETTIGREW, Alexis</p>
<p>&nbsp;</p>
<p>À Sept-Îles (maison Élyme des sables), le 30 octobre 2020, est décédé à l’âge de 90 ans, monsieur Alexis Pettigrew époux de madame Monique Laflamme et domicilié à Sept-Îles.</p>
<p>&nbsp;</p>
<p>Les funérailles de monsieur Alexis Pettigrew auront lieu le vendredi 6 novembre 2020 à 14 h en l’église St-Joseph située au 535, ave. Brochu à Sept-Îles.</p>
<p>&nbsp;</p>
<p>Selon ses volontés, il a été confié au crématorium de la Maison Mallet &amp; fils pour crémation.</p>
<p>&nbsp;</p>
<p>La famille reçoit parents et amis le vendredi 6 novembre 2020 jour des funérailles de 10 h à 11 h 30 et de 12 h 30 à 14 h au Complexe Thanatologique Mallet &amp; fils du 585 Boul. Laure à Sept-Îles.</p>
<p>&nbsp;</p>
<p><strong><u>Dû aux circonstances reliées à la pandémie, vous pouvez venir présenter vos condoléances en respectant la distanciation physique et le port du masque sera obligatoire.</u></strong></p>
<p>&nbsp;</p>
<p>Dans les deux situations, les consignes de distanciation physique et le port du masque seront aussi obligatoires.</p>
<p>&nbsp;</p>
<p>Il laisse dans le deuil outre son épouse madame Monique Laflamme Pettigrew, son fils Marc, sa fille Louise, son petit-fils Francis, sa petite-fille Gabrielle ainsi que son frère Achille, ses beaux-frères, ses belles-sœurs, ses neveux, ses nièces et de nombreux ami(e)s.</p>
<p>&nbsp;</p>
<p>Vos marques de sympathie peuvent se traduire par un don à l’Élyme des sables <a href="http://www.elymedessables.com">www.elymedessables.com</a></p>
<p>&nbsp;</p>
<p>La famille a confié la direction des funérailles aux services professionnels de la Maison Mallet &amp; fils du 585 boul. Laure à Sept-Îles, maintenant reconnue Distinction et membre de la Corporation des Thanatologues du Québec.</p>
<p>&nbsp;</p>
<p>Vous pouvez consulter cet avis de décès sur le <a href="https://nouveau.maisonmallet.com/back05_01">www.maisonmallet.com</a></p>
<p>&nbsp;</p>
<p>Ceux et celles qui le désirent, peuvent y envoyer des messages de sympathie.</p>
<p>&nbsp;</p>
<p>&nbsp;</p>
<hr />
<p>Envoyer vos condoléances</p>
<p>[contact-form to= »monique.laflamme@cgocable.ca » subject= »Condoléances Alexis Pettigrew »][contact-field label= »Votre nom » type= »name » required= »1&Prime;][contact-field label= »Votre courriel » type= »email » required= »1&Prime;][contact-field label= »Condoléances » type= »textarea »][/contact-form]</p>
