{"id":15770,"date":"2020-11-08T17:23:11","date_gmt":"2020-11-08T22:23:11","guid":{"rendered":"https:\/\/nouveau.maisonmallet.com\/?post_type=event&#038;p=15770"},"modified":"2020-11-09T18:40:59","modified_gmt":"2020-11-09T23:40:59","slug":"noel-alfreda-jomphe","status":"publish","type":"event","link":"https:\/\/nouveau.maisonmallet.com\/back05_01\/?event=noel-alfreda-jomphe","title":{"rendered":"NO\u00cbL, Alfreda (Jomphe)"},"content":{"rendered":"<p>1926-2020<\/p>\n<p>\u00c0 Havre-Saint-Pierre, le 8 novembre 2020, est d\u00e9c\u00e9d\u00e9e \u00e0 l\u2019\u00e2ge de 94 ans, madame Alfreda No\u00ebl Jomphe \u00e9pouse de feu monsieur Raymond Jomphe et domicili\u00e9e \u00e0 Havre-Saint-Pierre.<\/p>\n<p>Les fun\u00e9railles de madame Alfreda No\u00ebl Jomphe auront lieu le samedi 14 novembre 2020 \u00e0 11 h en l\u2019\u00e9glise Saint-Pierre de Havre-Saint-Pierre et de l\u00e0 au cimeti\u00e8re de l\u2019endroit.<\/p>\n<p>Selon ses volont\u00e9s, elle a \u00e9t\u00e9 confi\u00e9e au cr\u00e9matorium de la Maison L.J.G. Mallet pour cr\u00e9mation.<\/p>\n<p>La famille re\u00e7oit parents et amis le vendredi 13 novembre 2020 de 19 h \u00e0 21 h 30. Le samedi 14 novembre 2020 jour des fun\u00e9railles \u00e0 compter de 10 h au salon de la Maison L.J.G. Mallet du 1429, rue du Canot \u00e0 Havre-Saint-Pierre.<\/p>\n<p><strong>D\u00fb aux circonstances reli\u00e9es \u00e0 la pand\u00e9mie, vous pouvez venir pr\u00e9senter vos condol\u00e9ances en respectant la distanciation sociale et le port du masque sera obligatoire.<\/strong><\/p>\n<p>Elle laisse dans le deuil ses filles : Francine (Maurice Emond), Guylaine (Denis No\u00ebl) et Sandra (Nelson Porlier), ses fils : Guy (C\u00e9line Th\u00e9riault), Ga\u00e9tan (B\u00e9rang\u00e8re Jomphe), Damien (Fernande Turbis) et Eddy (Danie Pelletier), ses douze petits-enfants, ses seize arri\u00e8re-petits-enfants, sa s\u0153ur Rolande, ses belles-s\u0153urs, ses neveux, ses ni\u00e8ces et de nombreux ami (e)s.<\/p>\n<p>Elle \u00e9tait la m\u00e8re de feue Solange.<\/p>\n<p>Vos marques de sympathie peuvent se traduire par un don \u00e0 la fondation du centre de sant\u00e9 de la Minganie.<\/p>\n<p>La famille a confi\u00e9 la direction des fun\u00e9railles aux services professionnels de la Maison L.J.G. Mallet du 1429, rue du Canot \u00e0 Havre-Saint-Pierre, maintenant reconnue Distinction et membre de la Corporation des Thanatologues du Qu\u00e9bec.<\/p>\n<p>Vous pouvez consulter cet avis de d\u00e9c\u00e8s sur le <a href=\"https:\/\/nouveau.maisonmallet.com\/back05_01\">www.maisonmallet.com<\/a><\/p>\n<p>Ceux et celles qui le d\u00e9sirent, peuvent y envoyer des messages de sympathie.<\/p>\n<p>&nbsp;<\/p>\n<p>&nbsp;<\/p>\n<hr \/>\n<p>Envoyer vos condol\u00e9ances<\/p>\n<p>[contact-form to=\u00a0\u00bbfjomphe2@hotmail.com\u00a0\u00bb subject=\u00a0\u00bbCondol\u00e9ances Alfreda No\u00ebl\u00a0\u00bb][contact-field label=\u00a0\u00bbVotre nom\u00a0\u00bb type=\u00a0\u00bbname\u00a0\u00bb required=\u00a0\u00bb1&Prime;][contact-field label=\u00a0\u00bbVotre courriel\u00a0\u00bb type=\u00a0\u00bbemail\u00a0\u00bb required=\u00a0\u00bb1&Prime;][contact-field label=\u00a0\u00bbCondol\u00e9ances\u00a0\u00bb type=\u00a0\u00bbtextarea\u00a0\u00bb][\/contact-form]<\/p>\n","protected":false},"featured_media":15779,"template":"","event_cat":[7],"class_list":["post-15770","event","type-event","status-publish","has-post-thumbnail","hentry","event_cat-maison-l-j-g-mallet-inc"],"_links":{"self":[{"href":"https:\/\/nouveau.maisonmallet.com\/back05_01\/index.php?rest_route=\/wp\/v2\/event\/15770","targetHints":{"allow":["GET"]}}],"collection":[{"href":"https:\/\/nouveau.maisonmallet.com\/back05_01\/index.php?rest_route=\/wp\/v2\/event"}],"about":[{"href":"https:\/\/nouveau.maisonmallet.com\/back05_01\/index.php?rest_route=\/wp\/v2\/types\/event"}],"wp:featuredmedia":[{"embeddable":true,"href":"https:\/\/nouveau.maisonmallet.com\/back05_01\/index.php?rest_route=\/wp\/v2\/media\/15779"}],"wp:attachment":[{"href":"https:\/\/nouveau.maisonmallet.com\/back05_01\/index.php?rest_route=%2Fwp%2Fv2%2Fmedia&parent=15770"}],"wp:term":[{"taxonomy":"event_cat","embeddable":true,"href":"https:\/\/nouveau.maisonmallet.com\/back05_01\/index.php?rest_route=%2Fwp%2Fv2%2Fevent_cat&post=15770"}],"curies":[{"name":"wp","href":"https:\/\/api.w.org\/{rel}","templated":true}]}}

NOËL, Alfreda (Jomphe)

<p>1926-2020</p>
<p>À Havre-Saint-Pierre, le 8 novembre 2020, est décédée à l’âge de 94 ans, madame Alfreda Noël Jomphe épouse de feu monsieur Raymond Jomphe et domiciliée à Havre-Saint-Pierre.</p>
<p>Les funérailles de madame Alfreda Noël Jomphe auront lieu le samedi 14 novembre 2020 à 11 h en l’église Saint-Pierre de Havre-Saint-Pierre et de là au cimetière de l’endroit.</p>
<p>Selon ses volontés, elle a été confiée au crématorium de la Maison L.J.G. Mallet pour crémation.</p>
<p>La famille reçoit parents et amis le vendredi 13 novembre 2020 de 19 h à 21 h 30. Le samedi 14 novembre 2020 jour des funérailles à compter de 10 h au salon de la Maison L.J.G. Mallet du 1429, rue du Canot à Havre-Saint-Pierre.</p>
<p><strong>Dû aux circonstances reliées à la pandémie, vous pouvez venir présenter vos condoléances en respectant la distanciation sociale et le port du masque sera obligatoire.</strong></p>
<p>Elle laisse dans le deuil ses filles : Francine (Maurice Emond), Guylaine (Denis Noël) et Sandra (Nelson Porlier), ses fils : Guy (Céline Thériault), Gaétan (Bérangère Jomphe), Damien (Fernande Turbis) et Eddy (Danie Pelletier), ses douze petits-enfants, ses seize arrière-petits-enfants, sa sœur Rolande, ses belles-sœurs, ses neveux, ses nièces et de nombreux ami (e)s.</p>
<p>Elle était la mère de feue Solange.</p>
<p>Vos marques de sympathie peuvent se traduire par un don à la fondation du centre de santé de la Minganie.</p>
<p>La famille a confié la direction des funérailles aux services professionnels de la Maison L.J.G. Mallet du 1429, rue du Canot à Havre-Saint-Pierre, maintenant reconnue Distinction et membre de la Corporation des Thanatologues du Québec.</p>
<p>Vous pouvez consulter cet avis de décès sur le <a href="https://nouveau.maisonmallet.com/back05_01">www.maisonmallet.com</a></p>
<p>Ceux et celles qui le désirent, peuvent y envoyer des messages de sympathie.</p>
<p>&nbsp;</p>
<p>&nbsp;</p>
<hr />
<p>Envoyer vos condoléances</p>
<p>[contact-form to= »fjomphe2@hotmail.com » subject= »Condoléances Alfreda Noël »][contact-field label= »Votre nom » type= »name » required= »1&Prime;][contact-field label= »Votre courriel » type= »email » required= »1&Prime;][contact-field label= »Condoléances » type= »textarea »][/contact-form]</p>
