{"id":15944,"date":"2020-11-16T14:59:01","date_gmt":"2020-11-16T19:59:01","guid":{"rendered":"https:\/\/nouveau.maisonmallet.com\/?post_type=event&#038;p=15944"},"modified":"2020-11-16T16:24:10","modified_gmt":"2020-11-16T21:24:10","slug":"fournier-daniel","status":"publish","type":"event","link":"https:\/\/nouveau.maisonmallet.com\/back05_01\/?event=fournier-daniel","title":{"rendered":"FOURNIER, Daniel"},"content":{"rendered":"<p>1973-2020<\/p>\n<p>\u00c0 Havre-Saint-Pierre, le 4 septembre 2020, est d\u00e9c\u00e9d\u00e9 \u00e0 l\u2019\u00e2ge de 47 ans et 3 mois, monsieur Daniel Fournier fils de feu Gilles Fournier et de feue Charlotte Michaud et domicili\u00e9 \u00e0 Havre-Saint-Pierre.<\/p>\n<p>Les fun\u00e9railles de monsieur Daniel Fournier auront lieu le samedi 21 novembre 2020 \u00e0 11 h en l\u2019\u00e9glise Saint-Pierre de Havre-Saint-Pierre et l\u2019inhumation au cimeti\u00e8re d\u2019Edmundston.<\/p>\n<p>Selon ses volont\u00e9s, il a \u00e9t\u00e9 confi\u00e9 au cr\u00e9matorium de la Maison L.J.G. Mallet pour cr\u00e9mation.<\/p>\n<p>Il laisse dans le deuil sa fille Marie-Pier, ses fils\u00a0: Gabriel et Fr\u00e9d\u00e9ric, sa s\u0153ur Lyne, ses neveux, ses ni\u00e8ces, ses tantes, ses oncles, ses cousins, ses cousines et de nombreux ami(e)s.<\/p>\n<p>Vos marques de sympathie peuvent se traduire par un don \u00e0 la fondation du c\u0153ur et avc au 33, boulevard Ren\u00e9-Lepage est Rimouski G5L 1N8 1-418-723-7270.<\/p>\n<p>La famille a confi\u00e9 la direction des fun\u00e9railles aux services professionnels de la Maison L.J.G. Mallet du 1429, rue du Canot \u00e0 Havre-Saint-Pierre, maintenant reconnue Distinction et membre de la Corporation des Thanatologues du Qu\u00e9bec.<\/p>\n<p>Vous pouvez consulter cet avis de d\u00e9c\u00e8s sur le <a href=\"https:\/\/nouveau.maisonmallet.com\/back05_01\">www.maisonmallet.com<\/a><\/p>\n<p>Ceux et celles qui le d\u00e9sirent, peuvent y envoyer des messages de sympathie.<\/p>\n<p>&nbsp;<\/p>\n<p>&nbsp;<\/p>\n<hr \/>\n<p>Envoyer vos condol\u00e9ances<\/p>\n<p>[contact-form to=\u00a0\u00bbnath.cyr@hotmail.com\u00a0\u00bb subject=\u00a0\u00bbCondol\u00e9ances Daniel Fournier\u00a0\u00bb][contact-field label=\u00a0\u00bbVotre nom\u00a0\u00bb type=\u00a0\u00bbname\u00a0\u00bb required=\u00a0\u00bb1&Prime;][contact-field label=\u00a0\u00bbVotre courriel\u00a0\u00bb type=\u00a0\u00bbemail\u00a0\u00bb required=\u00a0\u00bb1&Prime;][contact-field label=\u00a0\u00bbCondol\u00e9ances\u00a0\u00bb type=\u00a0\u00bbtextarea\u00a0\u00bb][\/contact-form]<\/p>\n","protected":false},"featured_media":16058,"template":"","event_cat":[7],"class_list":["post-15944","event","type-event","status-publish","has-post-thumbnail","hentry","event_cat-maison-l-j-g-mallet-inc"],"_links":{"self":[{"href":"https:\/\/nouveau.maisonmallet.com\/back05_01\/index.php?rest_route=\/wp\/v2\/event\/15944","targetHints":{"allow":["GET"]}}],"collection":[{"href":"https:\/\/nouveau.maisonmallet.com\/back05_01\/index.php?rest_route=\/wp\/v2\/event"}],"about":[{"href":"https:\/\/nouveau.maisonmallet.com\/back05_01\/index.php?rest_route=\/wp\/v2\/types\/event"}],"wp:featuredmedia":[{"embeddable":true,"href":"https:\/\/nouveau.maisonmallet.com\/back05_01\/index.php?rest_route=\/wp\/v2\/media\/16058"}],"wp:attachment":[{"href":"https:\/\/nouveau.maisonmallet.com\/back05_01\/index.php?rest_route=%2Fwp%2Fv2%2Fmedia&parent=15944"}],"wp:term":[{"taxonomy":"event_cat","embeddable":true,"href":"https:\/\/nouveau.maisonmallet.com\/back05_01\/index.php?rest_route=%2Fwp%2Fv2%2Fevent_cat&post=15944"}],"curies":[{"name":"wp","href":"https:\/\/api.w.org\/{rel}","templated":true}]}}

<p>1973-2020</p>
<p>À Havre-Saint-Pierre, le 4 septembre 2020, est décédé à l’âge de 47 ans et 3 mois, monsieur Daniel Fournier fils de feu Gilles Fournier et de feue Charlotte Michaud et domicilié à Havre-Saint-Pierre.</p>
<p>Les funérailles de monsieur Daniel Fournier auront lieu le samedi 21 novembre 2020 à 11 h en l’église Saint-Pierre de Havre-Saint-Pierre et l’inhumation au cimetière d’Edmundston.</p>
<p>Selon ses volontés, il a été confié au crématorium de la Maison L.J.G. Mallet pour crémation.</p>
<p>Il laisse dans le deuil sa fille Marie-Pier, ses fils : Gabriel et Frédéric, sa sœur Lyne, ses neveux, ses nièces, ses tantes, ses oncles, ses cousins, ses cousines et de nombreux ami(e)s.</p>
<p>Vos marques de sympathie peuvent se traduire par un don à la fondation du cœur et avc au 33, boulevard René-Lepage est Rimouski G5L 1N8 1-418-723-7270.</p>
<p>La famille a confié la direction des funérailles aux services professionnels de la Maison L.J.G. Mallet du 1429, rue du Canot à Havre-Saint-Pierre, maintenant reconnue Distinction et membre de la Corporation des Thanatologues du Québec.</p>
<p>Vous pouvez consulter cet avis de décès sur le <a href="https://nouveau.maisonmallet.com/back05_01">www.maisonmallet.com</a></p>
<p>Ceux et celles qui le désirent, peuvent y envoyer des messages de sympathie.</p>
<p>&nbsp;</p>
<p>&nbsp;</p>
<hr />
<p>Envoyer vos condoléances</p>
<p>[contact-form to= »nath.cyr@hotmail.com » subject= »Condoléances Daniel Fournier »][contact-field label= »Votre nom » type= »name » required= »1&Prime;][contact-field label= »Votre courriel » type= »email » required= »1&Prime;][contact-field label= »Condoléances » type= »textarea »][/contact-form]</p>
