{"id":16066,"date":"2020-11-12T22:03:02","date_gmt":"2020-11-13T03:03:02","guid":{"rendered":"https:\/\/nouveau.maisonmallet.com\/?post_type=event&#038;p=16066"},"modified":"2020-11-17T13:33:03","modified_gmt":"2020-11-17T18:33:03","slug":"fournier-rita-berube","status":"publish","type":"event","link":"https:\/\/nouveau.maisonmallet.com\/back05_01\/?event=fournier-rita-berube","title":{"rendered":"FOURNIER, Rita (B\u00e9rub\u00e9)"},"content":{"rendered":"<p>1930 \u2013 2020<\/p>\n<p>FOURNIER, Rita (B\u00e9rub\u00e9)<\/p>\n<p>&nbsp;<\/p>\n<p>\u00c0 Sept-\u00celes, le 12 novembre 2020, est d\u00e9c\u00e9d\u00e9e \u00e0 l\u2019\u00e2ge de 90 ans, madame Rita Fournier \u00e9pouse de feu Jean-Paul B\u00e9rub\u00e9 et domicili\u00e9e \u00e0 Sept-\u00celes.<\/p>\n<p>La c\u00e9r\u00e9monie comm\u00e9morative de madame Rita Fournier B\u00e9rub\u00e9 aura lieu le jeudi 19 novembre 2020 \u00e0 20 h 15 \u00e0 la chapelle de la maison Mallet &amp; fils du 585 boul. Laure \u00e0 Sept-\u00celes et \u00a0de l\u00e0 au columbarium de la maison Mallet &amp; fils.<\/p>\n<p>Selon ses volont\u00e9s, elle a \u00e9t\u00e9 confi\u00e9e au cr\u00e9matorium de la maison Mallet &amp; fils pour cr\u00e9mation.<\/p>\n<p>La famille re\u00e7oit parents et amis le jeudi 19 novembre 2020 \u00a0jour de la c\u00e9r\u00e9monie de 19 h \u00e0 22 h au Complexe Thanatologique Mallet &amp; fils du 585 boul. Laure \u00e0 Sept-\u00celes.<\/p>\n<p><strong><u>D\u00fb aux circonstances reli\u00e9es \u00e0 la pand\u00e9mie, vous pouvez venir pr\u00e9senter vos condol\u00e9ances en respectant la distanciation sociale et le port du masque sera obligatoire.<\/u><\/strong><u>\u00a0<\/u><\/p>\n<p>Elle laisse dans le deuil sa fille Dorys (Georges Miousse), son fils Denis (France Girard), ses petits-fils : Shanny (M\u00e9lanie Pilon) et Nicolas, ses petites-filles : Jennifer (Michel Gaudreault) et Marie-Christine (Renaud Tremblay), ses petits-enfants : Vicky, Samuel, \u00c9ve, \u00c9milianne, Alice et Malorie ainsi que ses s\u0153urs : Colette, Dolor\u00e8se et Armande (Cl\u00e9o Nadeau), ses beaux-fr\u00e8res, ses belles-s\u0153urs, ses neveux, ses ni\u00e8ces, ses cousins, ses cousines et de nombreux ami(e)s.<\/p>\n<p>Vos marques de sympathie peuvent se traduire par un don \u00e0 La fondation r\u00e9gionale h\u00f4pital Sept-\u00celes <a href=\"http:\/\/www.fondationsept-iles.qc.ca\">www.fondationsept-iles.qc.ca<\/a><\/p>\n<p>La famille a confi\u00e9 les arrangements aux services professionnels de la Maison Mallet &amp; fils du 585 Boul. Laure \u00e0 Sept-\u00celes, maintenant reconnue Distinction et membre de la Corporation desThanatologues du Qu\u00e9bec.<\/p>\n<p>Vous pouvez consulter cet avis de d\u00e9c\u00e8s sur le\u00a0: <a href=\"https:\/\/nouveau.maisonmallet.com\/back05_01\">www.maisonmallet.com<\/a>\u00a0Ceux et celles qui le d\u00e9sirent,\u00a0 peuvent y envoyer des messages de sympathie.<\/p>\n<p>&nbsp;<\/p>\n<hr \/>\n<p>Envoyer vos condol\u00e9ances<\/p>\n<p>[contact-form to=\u00a0\u00bbg.miousse_5@bell.net\u00a0\u00bb subject=\u00a0\u00bbCondol\u00e9ances Rita Fournier\u00a0\u00bb][contact-field label=\u00a0\u00bbVotre nom\u00a0\u00bb type=\u00a0\u00bbname\u00a0\u00bb required=\u00a0\u00bb1&Prime;][contact-field label=\u00a0\u00bbVotre courriel\u00a0\u00bb type=\u00a0\u00bbemail\u00a0\u00bb required=\u00a0\u00bb1&Prime;][contact-field label=\u00a0\u00bbCondol\u00e9ances\u00a0\u00bb type=\u00a0\u00bbtextarea\u00a0\u00bb][\/contact-form]<\/p>\n","protected":false},"featured_media":16088,"template":"","event_cat":[6],"class_list":["post-16066","event","type-event","status-publish","has-post-thumbnail","hentry","event_cat-maison-mallet-et-fils-inc"],"_links":{"self":[{"href":"https:\/\/nouveau.maisonmallet.com\/back05_01\/index.php?rest_route=\/wp\/v2\/event\/16066","targetHints":{"allow":["GET"]}}],"collection":[{"href":"https:\/\/nouveau.maisonmallet.com\/back05_01\/index.php?rest_route=\/wp\/v2\/event"}],"about":[{"href":"https:\/\/nouveau.maisonmallet.com\/back05_01\/index.php?rest_route=\/wp\/v2\/types\/event"}],"wp:featuredmedia":[{"embeddable":true,"href":"https:\/\/nouveau.maisonmallet.com\/back05_01\/index.php?rest_route=\/wp\/v2\/media\/16088"}],"wp:attachment":[{"href":"https:\/\/nouveau.maisonmallet.com\/back05_01\/index.php?rest_route=%2Fwp%2Fv2%2Fmedia&parent=16066"}],"wp:term":[{"taxonomy":"event_cat","embeddable":true,"href":"https:\/\/nouveau.maisonmallet.com\/back05_01\/index.php?rest_route=%2Fwp%2Fv2%2Fevent_cat&post=16066"}],"curies":[{"name":"wp","href":"https:\/\/api.w.org\/{rel}","templated":true}]}}

FOURNIER, Rita (Bérubé)

<p>1930 – 2020</p>
<p>FOURNIER, Rita (Bérubé)</p>
<p>&nbsp;</p>
<p>À Sept-Îles, le 12 novembre 2020, est décédée à l’âge de 90 ans, madame Rita Fournier épouse de feu Jean-Paul Bérubé et domiciliée à Sept-Îles.</p>
<p>La cérémonie commémorative de madame Rita Fournier Bérubé aura lieu le jeudi 19 novembre 2020 à 20 h 15 à la chapelle de la maison Mallet &amp; fils du 585 boul. Laure à Sept-Îles et  de là au columbarium de la maison Mallet &amp; fils.</p>
<p>Selon ses volontés, elle a été confiée au crématorium de la maison Mallet &amp; fils pour crémation.</p>
<p>La famille reçoit parents et amis le jeudi 19 novembre 2020  jour de la cérémonie de 19 h à 22 h au Complexe Thanatologique Mallet &amp; fils du 585 boul. Laure à Sept-Îles.</p>
<p><strong><u>Dû aux circonstances reliées à la pandémie, vous pouvez venir présenter vos condoléances en respectant la distanciation sociale et le port du masque sera obligatoire.</u></strong><u> </u></p>
<p>Elle laisse dans le deuil sa fille Dorys (Georges Miousse), son fils Denis (France Girard), ses petits-fils : Shanny (Mélanie Pilon) et Nicolas, ses petites-filles : Jennifer (Michel Gaudreault) et Marie-Christine (Renaud Tremblay), ses petits-enfants : Vicky, Samuel, Éve, Émilianne, Alice et Malorie ainsi que ses sœurs : Colette, Dolorèse et Armande (Cléo Nadeau), ses beaux-frères, ses belles-sœurs, ses neveux, ses nièces, ses cousins, ses cousines et de nombreux ami(e)s.</p>
<p>Vos marques de sympathie peuvent se traduire par un don à La fondation régionale hôpital Sept-Îles <a href="http://www.fondationsept-iles.qc.ca">www.fondationsept-iles.qc.ca</a></p>
<p>La famille a confié les arrangements aux services professionnels de la Maison Mallet &amp; fils du 585 Boul. Laure à Sept-Îles, maintenant reconnue Distinction et membre de la Corporation desThanatologues du Québec.</p>
<p>Vous pouvez consulter cet avis de décès sur le : <a href="https://nouveau.maisonmallet.com/back05_01">www.maisonmallet.com</a> Ceux et celles qui le désirent,  peuvent y envoyer des messages de sympathie.</p>
<p>&nbsp;</p>
<hr />
<p>Envoyer vos condoléances</p>
<p>[contact-form to= »g.miousse_5@bell.net » subject= »Condoléances Rita Fournier »][contact-field label= »Votre nom » type= »name » required= »1&Prime;][contact-field label= »Votre courriel » type= »email » required= »1&Prime;][contact-field label= »Condoléances » type= »textarea »][/contact-form]</p>
